--
-- Host: localhost    Database: serms
-- ------------------------------------------------------


--
-- Table structure for table `capital`
--

CREATE TABLE `capital` (
  `id` int(10) NOT NULL AUTO_INCREMENT,
  `cashInId` int(10) NOT NULL,
  `amount` decimal(15,2) NOT NULL,
  `dateCreated` datetime(3) DEFAULT NULL,
  PRIMARY KEY (`id`)
) ENGINE=InnoDB AUTO_INCREMENT=18 DEFAULT CHARSET=utf8 COLLATE=utf8_unicode_ci;

--
-- Dumping data for table `capital`
--

INSERT INTO `capital` VALUES (2,22,2500.00,'2020-10-28 20:45:00.996'),(3,22,0.00,'2020-10-28 20:33:50.749'),(4,22,0.00,'2020-10-28 20:33:50.749'),(5,22,0.00,'2020-10-28 20:33:50.749'),(6,22,0.00,'2020-10-28 20:33:50.749'),(7,22,0.00,'2020-10-28 20:33:50.749'),(8,22,0.00,'2020-10-28 20:33:50.749'),(9,38,3500.00,'2020-11-03 06:51:47.546'),(10,38,3500.00,'2020-11-03 06:52:40.362'),(11,39,5300.00,'2020-11-03 11:43:17.509'),(12,39,5300.00,'2020-11-03 11:53:19.154'),(13,39,5300.00,'2020-11-03 11:56:32.148'),(14,39,5300.00,'2020-11-03 11:58:01.121'),(15,39,5300.00,'2020-11-03 12:10:29.280'),(16,39,5300.00,'2020-11-03 12:16:15.394'),(17,39,5300.00,'2020-11-03 12:19:22.981');

--
-- Table structure for table `cashin_cashout_recon`
--

CREATE TABLE `cashin_cashout_recon` (
  `id` int(20) NOT NULL AUTO_INCREMENT,
  `cashInId` int(15) NOT NULL,
  `cashOutId` int(15) NOT NULL,
  `reconciledCashInId` int(15) NOT NULL,
  `reconciledCashOutId` int(15) NOT NULL,
  `balanceRemaining` decimal(15,2) NOT NULL,
  `dateCreated` datetime(3) DEFAULT NULL,
  PRIMARY KEY (`id`)
) ENGINE=InnoDB AUTO_INCREMENT=80 DEFAULT CHARSET=utf8 COLLATE=utf8_unicode_ci;

--
-- Dumping data for table `cashin_cashout_recon`
--


--
-- Table structure for table `countercash_in`
--

CREATE TABLE `countercash_in` (
  `id` int(20) NOT NULL AUTO_INCREMENT,
  `scBalId` int(11) DEFAULT NULL,
  `counterId` int(10) NOT NULL,
  `shopId` int(10) NOT NULL,
  `userId` int(10) NOT NULL,
  `amount` decimal(15,2) NOT NULL,
  `balanceRemaining` decimal(15,2) NOT NULL DEFAULT '0.00',
  `byWho` text COLLATE utf8_unicode_ci NOT NULL,
  `description` text COLLATE utf8_unicode_ci NOT NULL,
  `reconciled` int(2) NOT NULL,
  `dateCreated` datetime(3) DEFAULT NULL,
  PRIMARY KEY (`id`)
) ENGINE=InnoDB AUTO_INCREMENT=252 DEFAULT CHARSET=utf8 COLLATE=utf8_unicode_ci;

--
-- Dumping data for table `countercash_in`
--

INSERT INTO `countercash_in` VALUES (51,130,38,61,38,50000.00,50000.00,'executive','payment',0,'2020-11-17 19:48:18.736'),(52,130,38,61,38,73000.00,73000.00,'olala','to be paid out',0,'2020-11-17 19:50:31.380'),(53,132,38,61,39,254600.00,254600.00,'Mrs Nderi','Float',0,'2020-11-17 19:13:32.950'),(54,132,38,61,39,54800.00,54800.00,'Mr Nderi','Foat',0,'2020-11-17 19:14:24.757'),(55,133,31,61,37,2300.00,2300.00,'HQ','Float',0,'2020-11-18 04:05:08.046'),(56,133,31,61,37,65000.00,65000.00,'Nderi Mr','Float boost.',0,'2020-11-18 04:05:45.472'),(57,130,38,61,38,40000.00,40000.00,'hq','to pay',0,'2020-11-18 09:32:36.542'),(58,134,34,63,39,32500.00,32500.00,'Counter 1','Float boost.',0,'2020-11-18 13:38:37.507'),(59,134,34,63,39,32500.00,32500.00,'Mr.Ken','Capital addition.',0,'2020-11-18 13:39:35.250'),(60,138,39,61,38,100000.00,100000.00,'executive','to be paid out',0,'2020-11-19 09:18:37.891'),(61,138,39,61,38,190000.00,190000.00,'na ryan','to be paid out',0,'2020-11-19 09:19:15.356'),(62,138,39,61,38,31000.00,31000.00,'family','refunded',0,'2020-11-19 09:19:56.104'),(63,142,39,61,38,84000.00,84000.00,'wataalam','to be paid',0,'2020-11-19 23:15:39.175'),(64,143,39,61,38,84000.00,84000.00,'watalam','paid out',0,'2020-11-19 23:23:44.315'),(65,144,39,61,38,84000.00,84000.00,'watala','pat ',0,'2020-11-20 12:01:45.920'),(66,145,39,61,38,84000.00,84000.00,'tg','ggb',0,'2020-11-20 12:07:42.834'),(67,146,31,61,37,84000.00,84000.00,'gh','tt',0,'2020-11-20 12:18:58.331'),(68,147,39,61,38,5300.00,5300.00,'stephen','debt paid',0,'2020-11-21 19:18:02.691'),(69,148,39,61,38,20000.00,20000.00,'lucy','payment',0,'2020-11-25 14:50:05.509'),(70,148,39,61,38,20000.00,20000.00,'lucy','debt pay',0,'2020-11-26 13:38:46.652'),(71,154,32,62,39,2700.00,2700.00,'Raphael','cash',0,'2020-11-27 14:04:10.530'),(72,155,32,62,39,2700.00,2700.00,'Raphael','cash',0,'2020-11-27 14:36:54.677'),(73,156,35,64,42,30800.00,800.00,'maf','customer request',0,'2020-11-27 16:10:01.129'),(74,156,35,64,42,45000.00,45000.00,'lewis','float',0,'2020-11-27 16:17:29.102'),(75,28,35,64,42,16540.00,16540.00,'mary','float',0,'2020-11-27 16:37:49.693'),(76,156,35,64,42,26050.00,26050.00,'customer','float',0,'2020-11-27 16:44:11.964'),(77,28,35,64,42,30000.00,30000.00,'ann','float',0,'2020-11-27 16:54:14.837'),(78,28,35,64,42,0.00,0.00,'ann','float',0,'2020-11-27 16:53:53.052'),(79,28,35,64,42,0.00,0.00,'ann','float',0,'2020-11-27 16:54:05.402'),(80,157,42,64,42,800.00,800.00,'Maf','Gg',0,'2020-11-27 18:02:29.115'),(81,157,42,64,42,45000.00,45000.00,'Mega','Gg',0,'2020-11-27 18:02:54.972'),(82,157,42,64,42,16540.00,16540.00,'Gg','Cg',0,'2020-11-27 18:03:15.637'),(83,157,42,64,42,26050.00,26050.00,'Gg','Gg',0,'2020-11-27 18:03:35.407'),(84,157,42,64,42,30000.00,30000.00,'Gf','Rf',0,'2020-11-27 18:03:55.537'),(85,161,34,63,44,1000.00,1000.00,'Henry','Something',0,'2020-11-27 19:42:01.374'),(86,159,41,61,38,100000.00,100000.00,'millicent','to be paid',0,'2020-11-27 21:50:43.400'),(87,162,42,64,42,17030.00,17030.00,'mary','float',0,'2020-11-28 09:30:27.305'),(88,163,41,61,38,80000.00,80000.00,'counter 2','to be paid',0,'2020-11-29 15:27:44.849'),(89,168,41,61,38,40000.00,40000.00,'mpesa agent','credit',0,'2020-11-30 12:48:18.044'),(90,169,32,62,39,0.00,0.00,'Jacob','float',0,'2020-11-30 15:13:58.270'),(91,169,32,62,39,0.00,0.00,'Jacob','float',0,'2020-11-30 15:14:07.172'),(92,169,32,62,39,3000.00,3000.00,'Jacob','cash',0,'2020-11-30 16:02:05.491'),(93,169,32,62,39,10000.00,10000.00,'Eva','float',0,'2020-11-30 16:02:41.193'),(94,169,32,62,39,1000.00,1000.00,'stera','cash',0,'2020-11-30 16:03:12.896'),(95,169,32,62,39,20400.00,20400.00,'isaac','cash',0,'2020-11-30 16:05:32.101'),(96,168,41,61,38,15000.00,15000.00,'western union','pay',0,'2020-11-30 21:20:42.009'),(97,168,41,61,38,135000.00,135000.00,'western union','paid',0,'2020-11-30 21:47:16.005'),(98,168,41,61,38,30000.00,30000.00,'counter2','payee',0,'2020-11-30 21:48:49.775'),(99,172,42,64,42,18830.00,18830.00,'mary','float',0,'2020-12-01 17:25:07.764'),(100,173,41,61,38,6000.00,6000.00,'watalam','to b paid',0,'2020-12-01 21:21:52.388'),(101,173,41,61,38,468932.00,468932.00,'mpesa comm','pay',0,'2020-12-01 21:28:49.261'),(102,173,41,61,38,1318.00,1318.00,'mpesa 2 comm','paid',0,'2020-12-01 21:29:22.054'),(103,174,42,64,42,6000.00,6000.00,'lewis','coins',0,'2020-12-02 10:08:33.770'),(104,174,42,64,42,1654.00,1654.00,'maggy','credit',0,'2020-12-02 10:11:43.182'),(105,174,42,64,42,1000.00,1000.00,'mary','customer',0,'2020-12-02 19:28:22.213'),(106,177,31,61,37,22739.00,22739.00,'w.union','w.u',0,'2020-12-02 20:19:49.745'),(107,176,32,62,39,2600.00,2600.00,'kevin','cash',0,'2020-12-02 21:21:35.439'),(108,176,32,62,39,604.00,604.00,'Airtel promotion','float',0,'2020-12-02 21:22:11.224'),(109,176,32,62,39,20000.00,20000.00,'mugwe','cash',0,'2020-12-02 21:22:35.825'),(110,176,32,62,39,11150.00,11150.00,'credit','cash',0,'2020-12-02 21:23:01.409'),(111,176,32,62,39,4000.00,4000.00,'Martin','cash',0,'2020-12-02 21:23:25.643'),(112,178,41,61,38,10300.00,10300.00,'executive','pay',0,'2020-12-02 21:23:23.133'),(113,178,41,61,38,140500.00,140500.00,'kcb','paid',0,'2020-12-02 21:24:01.033'),(114,178,41,61,38,50000.00,50000.00,'executive','to be paid',0,'2020-12-02 21:26:24.578'),(115,181,42,64,42,5600.00,5600.00,'mary','float',0,'2020-12-03 20:16:34.067'),(116,183,41,61,38,10000.00,10000.00,'karanja','debt pay',0,'2020-12-03 22:45:22.735'),(117,183,41,61,38,180000.00,180000.00,'exeutive','to be paid back',0,'2020-12-03 22:46:08.440'),(118,182,32,62,39,50000.00,50000.00,'mega','float',0,'2020-12-03 23:05:55.516'),(119,182,32,62,39,12000.00,12000.00,'Token','cash',0,'2020-12-03 23:06:53.236'),(120,186,43,63,40,180000.00,180000.00,'lewis','mpesa float',0,'2020-12-04 16:30:56.761'),(121,185,42,64,42,2530.00,2530.00,'mary','customer',0,'2020-12-04 20:07:22.692'),(122,188,31,61,37,4332.00,4332.00,'wu','198136 counter 1',0,'2020-12-04 20:29:49.606'),(123,190,43,63,40,5000.00,5000.00,'wa Ryan','To alc',0,'2020-12-05 21:32:06.137'),(124,190,43,63,40,5000.00,5000.00,'mega','kcb',0,'2020-12-05 21:32:41.406'),(125,190,43,63,40,561.00,561.00,'airtel','commision',0,'2020-12-05 21:33:16.175'),(126,193,41,61,38,70000.00,70000.00,'counter2','to be paid',0,'2020-12-05 23:30:48.119'),(127,193,41,61,38,200000.00,200000.00,'executive','to paid back',0,'2020-12-05 23:31:30.876'),(128,195,42,64,42,24570.00,24570.00,'mary','float',0,'2020-12-07 15:36:06.876'),(129,194,32,62,39,477000.00,477000.00,'mega','cash',0,'2020-12-07 23:10:55.931'),(130,194,32,62,39,200000.00,200000.00,'Susan','cash',0,'2020-12-07 23:11:54.716'),(131,194,32,62,39,1000.00,1000.00,'Raphael','cash',0,'2020-12-07 23:12:36.169'),(132,194,32,62,39,500.00,500.00,'Karanja','cash',0,'2020-12-07 23:13:10.537'),(133,198,41,61,38,60000.00,60000.00,'mpesa limit','paid back',0,'2020-12-07 23:44:54.618'),(134,198,41,61,38,200000.00,200000.00,'hq','to be paid',0,'2020-12-07 23:45:30.442'),(135,198,41,61,38,53440.00,53440.00,'sammy','paid back',0,'2020-12-07 23:46:04.842'),(136,198,41,61,38,40000.00,40000.00,'ma ryan','to be paid',0,'2020-12-07 23:46:54.399'),(137,198,41,61,38,50000.00,50000.00,'marion','paid back',0,'2020-12-07 23:47:26.991'),(138,201,42,64,42,24570.00,24570.00,'mary','float',0,'2020-12-08 12:26:33.525'),(139,199,43,63,40,250000.00,250000.00,'mega ','mpesa float',0,'2020-12-08 18:28:46.752'),(140,202,41,61,38,77000.00,77000.00,'hq','paid back',0,'2020-12-08 21:24:00.866'),(141,200,32,62,39,378000.00,378000.00,'mega','cash',0,'2020-12-08 23:28:01.905'),(142,203,42,64,42,600.00,600.00,'customer','customer cooop',0,'2020-12-09 18:47:55.100'),(143,207,41,61,38,33000.00,33000.00,'executive','paid back',0,'2020-12-09 21:14:21.415'),(144,207,41,61,38,28000.00,28000.00,'hq','paid back',0,'2020-12-09 21:15:05.445'),(145,207,41,61,38,100000.00,100000.00,'c2','to b paid',0,'2020-12-09 21:15:46.058'),(146,207,41,61,38,40000.00,40000.00,'ma ryan','to be paid',0,'2020-12-09 21:17:12.520'),(147,207,41,61,38,315.00,315.00,'float','paid',0,'2020-12-09 21:51:01.609'),(148,206,32,62,39,15000.00,15000.00,' ba Ryan','cash',0,'2020-12-09 23:15:43.429'),(149,206,32,62,39,7000.00,7000.00,'Raphael','cash',0,'2020-12-09 23:16:03.813'),(150,206,32,62,39,7000.00,7000.00,'credit','cash',0,'2020-12-09 23:16:21.364'),(151,206,32,62,39,100000.00,100000.00,'mega','cash',0,'2020-12-09 23:16:41.081'),(152,208,42,64,42,87170.00,87170.00,'limit','limit  exceeded',0,'2020-12-10 14:59:20.447'),(153,211,41,61,38,200000.00,200000.00,'nancy equity','to be paid back',0,'2020-12-10 21:16:29.990'),(154,212,32,62,39,5000.00,5000.00,'Maggie','cash',0,'2020-12-10 21:38:55.886'),(155,212,32,62,39,16000.00,15000.00,'John Gent','cash',0,'2020-12-10 21:39:22.037'),(156,212,32,62,39,150000.00,150000.00,'susan','cash',0,'2020-12-10 21:39:45.521'),(157,213,42,64,42,33050.00,33050.00,'mary','float',0,'2020-12-11 19:19:39.064'),(158,213,42,64,42,2000.00,2000.00,'maf ','customer',0,'2020-12-11 19:21:57.003'),(159,213,42,64,42,46000.00,46000.00,'mary','float',0,'2020-12-11 19:22:28.291'),(160,216,31,61,37,3685.00,3685.00,'credit','credit',0,'2020-12-11 20:36:08.182'),(161,216,31,61,37,33000.00,33000.00,'mwariri','mw',0,'2020-12-11 20:36:31.669'),(162,216,31,61,37,63000.00,63000.00,'hq','hq',0,'2020-12-11 20:36:57.761'),(163,216,31,61,37,35327.00,35327.00,'wu','wu',0,'2020-12-11 20:37:41.597'),(164,216,31,61,37,5426.00,5426.00,'wu','wu',0,'2020-12-11 20:38:10.148'),(165,216,31,61,37,60000.00,60000.00,' float Carol','ft',0,'2020-12-11 20:38:47.660'),(166,217,41,61,38,400000.00,400000.00,'ba ryan','to be paid back',0,'2020-12-11 21:58:24.200'),(167,217,41,61,38,11500.00,11500.00,'hq','paid back',0,'2020-12-11 21:59:09.218'),(168,217,41,61,38,22050.00,22050.00,'hq ','to pay back',0,'2020-12-11 22:01:20.339'),(169,218,32,62,39,50000.00,50000.00,'milka','cash',0,'2020-12-11 22:58:47.947'),(170,218,32,62,39,123000.00,123000.00,'cecilia','cash',0,'2020-12-11 22:59:18.217'),(171,218,32,62,39,4000.00,4000.00,'Michael','cash',0,'2020-12-11 22:59:41.067'),(172,218,32,62,39,3000.00,3000.00,'Peter','cash',0,'2020-12-11 23:00:05.535'),(173,219,42,64,42,7250.00,7250.00,'michael','customer',0,'2020-12-12 18:50:29.268'),(174,219,42,64,42,3800.00,3800.00,'mary','float',0,'2020-12-12 20:15:13.572'),(175,220,31,61,37,60000.00,60000.00,'Carol','cr',0,'2020-12-12 20:49:52.793'),(176,221,41,61,38,375500.00,375500.00,'hq','to b paid back',0,'2020-12-12 22:00:59.877'),(177,221,41,61,38,20958.00,20958.00,'joseph','pay back',0,'2020-12-12 22:01:52.784'),(178,222,32,62,39,360000.00,360000.00,'Susan','cash',0,'2020-12-12 23:07:53.716'),(179,222,32,62,39,9000.00,9000.00,'Martin','cash',0,'2020-12-12 23:08:18.634'),(180,225,31,61,37,54551.00,54551.00,'wu','wu',0,'2020-12-14 20:41:33.664'),(181,223,43,63,40,1050.00,1050.00,'customer','airtel money',0,'2020-12-14 21:51:38.793'),(182,224,32,62,39,553000.00,300000.00,'Susan','cash',0,'2020-12-14 22:08:15.864'),(183,226,41,61,38,40000.00,40000.00,'execitive','paid',0,'2020-12-14 22:36:44.319'),(184,226,41,61,38,800000.00,800000.00,'ma ryan','to be paid back some',0,'2020-12-14 22:37:23.056'),(185,223,43,63,40,1050.00,1050.00,'customer','airtel money',0,'2020-12-15 10:09:43.427'),(186,230,31,61,37,102379.00,102379.00,'wu','wu',0,'2020-12-15 20:37:15.677'),(187,227,42,64,42,130.00,130.00,'wasavia','customer',0,'2020-12-15 20:38:05.633'),(188,227,42,64,42,2740.00,2740.00,'mary','float',0,'2020-12-15 20:39:41.229'),(189,229,32,62,39,8200.00,8200.00,'credit','cssh',0,'2020-12-15 21:47:03.589'),(190,229,32,62,39,9500.00,9500.00,'Martin','cash',0,'2020-12-15 21:48:32.513'),(191,229,32,62,39,175000.00,175000.00,'Elijah','cash',0,'2020-12-15 21:49:36.882'),(192,229,32,62,39,126000.00,126000.00,'cecilia','cash',0,'2020-12-15 21:50:12.101'),(193,231,41,61,38,24000.00,24000.00,'mwariri','paid back',0,'2020-12-15 21:51:42.212'),(194,229,32,62,39,50000.00,50000.00,'Susan','cash',0,'2020-12-15 21:50:30.919'),(195,231,41,61,38,70000.00,70000.00,'hq','to be paid',0,'2020-12-15 21:52:08.221'),(196,234,42,64,42,20000.00,20000.00,'lewis','float',0,'2020-12-16 12:54:17.883'),(197,232,43,63,40,150000.00,150000.00,'mega','float',0,'2020-12-16 19:52:01.654'),(198,234,42,64,42,20000.00,20000.00,'lewis','float',0,'2020-12-16 20:13:51.636'),(199,233,41,61,38,235975.00,235975.00,'stanbic','paid back',0,'2020-12-16 21:53:06.805'),(200,233,41,61,38,413000.00,413000.00,'executive','paid',0,'2020-12-16 21:53:39.229'),(201,233,41,61,38,2000.00,2000.00,'karanja','paid',0,'2020-12-16 21:54:03.381'),(202,233,41,61,38,200000.00,200000.00,'ma ryan','paid',0,'2020-12-16 21:54:47.628'),(203,235,32,62,39,56000.00,56000.00,'cecilia','ff',0,'2020-12-16 22:28:13.509'),(204,235,32,62,39,585000.00,585000.00,'mega','float ',0,'2020-12-16 22:28:45.788'),(205,236,31,61,37,3100.00,3100.00,'Ester','ester',0,'2020-12-16 23:13:43.068'),(206,236,31,61,37,87404.00,87404.00,'wu','wu',0,'2020-12-16 23:14:50.907'),(207,237,42,64,42,29110.00,29110.00,'mary','float',0,'2020-12-17 20:37:55.240'),(208,238,41,61,38,20000.00,20000.00,'ma ryan','to b paid',0,'2020-12-17 21:50:23.842'),(209,238,41,61,38,391000.00,391000.00,'executive','to pay',0,'2020-12-17 21:51:03.200'),(210,238,41,61,38,134392.00,134392.00,'hq','to b paid',0,'2020-12-17 21:51:35.959'),(211,239,32,62,39,6000.00,6000.00,'Jacob','cash',0,'2020-12-17 23:21:12.163'),(212,242,31,61,37,7800.00,7800.00,'Ester','estr',0,'2020-12-18 20:24:09.820'),(213,242,31,61,37,51246.00,51246.00,'wu','wu',0,'2020-12-18 20:24:55.406'),(214,242,31,61,37,2350.00,2350.00,'credit','credit',0,'2020-12-18 20:25:21.498'),(215,243,42,64,42,1274.00,1274.00,'credit','credit',0,'2020-12-18 20:41:12.052'),(216,241,41,61,38,1200000.00,1200000.00,'kcb','pay back',0,'2020-12-18 21:50:24.624'),(217,241,41,61,38,400000.00,400000.00,'ba ryan','to be paid back',0,'2020-12-18 21:50:59.239'),(218,241,41,61,38,398000.00,398000.00,'watalam','pay back',0,'2020-12-18 21:51:26.355'),(219,241,41,61,38,30000.00,30000.00,'equity','wrong airtime',0,'2020-12-18 21:52:03.469'),(220,244,32,62,39,600.00,600.00,'njuguna','cash',0,'2020-12-18 22:31:28.800'),(221,244,32,62,39,80300.00,80300.00,'kcb ','float',0,'2020-12-18 22:32:07.018'),(222,244,32,62,39,5000.00,5000.00,'Maggie','cash',0,'2020-12-18 22:32:26.951'),(223,244,32,62,39,500.00,500.00,'mwariri','cash',0,'2020-12-18 22:32:45.304'),(224,244,32,62,39,10000.00,10000.00,'Martin','cash',0,'2020-12-18 22:33:04.738'),(225,244,32,62,39,154392.00,154392.00,'mega','float',0,'2020-12-18 22:33:30.674'),(226,244,32,62,39,20000.00,20000.00,'mega','cash',0,'2020-12-18 22:33:59.124'),(227,247,42,64,42,500.00,500.00,'mwariri','customer',0,'2020-12-19 08:49:40.302'),(228,243,42,64,42,14850.00,14850.00,'customers','customers',0,'2020-12-19 21:12:07.456'),(229,243,42,64,42,30700.00,30700.00,'mary','float',0,'2020-12-19 21:19:53.544'),(230,241,41,61,38,20000.00,20000.00,'hq','paid',0,'2020-12-19 21:58:00.124'),(231,241,41,61,38,6000.00,6000.00,'watalam','hq',0,'2020-12-19 21:58:23.236'),(232,252,42,64,42,3900.00,3900.00,'mary','float',0,'2020-12-21 19:11:56.822'),(233,252,42,64,42,1419.00,1419.00,'credit','credit',0,'2020-12-21 19:13:21.848'),(234,252,42,64,42,20000.00,20000.00,'mary','float',0,'2020-12-21 20:04:59.493'),(235,253,31,61,37,21254.00,21254.00,'wu','wu',0,'2020-12-21 20:36:03.046'),(236,253,31,61,37,21254.00,21254.00,'wu','wu',0,'2020-12-21 20:40:43.395'),(237,250,43,63,40,14000.00,14000.00,'customer ','mpesa',0,'2020-12-21 20:43:53.967'),(238,254,41,61,38,134000.00,134000.00,'hq','to be paid',0,'2020-12-21 22:25:47.253'),(239,254,41,61,38,160000.00,160000.00,'executive','to be paid',0,'2020-12-21 22:26:18.593'),(240,254,41,61,38,150000.00,150000.00,'safaricom','to be paid back',0,'2020-12-21 22:29:01.079'),(241,252,42,64,42,450.00,450.00,'wasavia','customer',0,'2020-12-22 20:32:20.782'),(242,252,42,64,42,944.00,944.00,'credit','credit',0,'2020-12-22 20:32:57.251'),(243,253,31,61,37,10176.00,10176.00,'wu','wu',0,'2020-12-22 20:46:08.227'),(244,251,32,62,39,55000.00,55000.00,'josee','cash',0,'2020-12-22 21:33:28.123'),(245,251,32,62,39,134000.00,134000.00,'mega','float',0,'2020-12-22 21:33:52.892'),(246,251,32,62,39,28000.00,28000.00,'josee','cash',0,'2020-12-22 21:34:28.558'),(247,254,41,61,38,100000.00,100000.00,'t shera','to be paid',0,'2020-12-22 22:46:10.092'),(248,254,41,61,38,233000.00,233000.00,'hq','to be paid',0,'2020-12-22 22:46:39.636'),(249,254,41,61,38,37000.00,37000.00,'watalam','to be paid',0,'2020-12-22 22:47:09.481'),(250,254,41,61,38,70000.00,70000.00,'executive','to be paod',0,'2020-12-22 22:47:40.465'),(251,254,41,61,38,2000.00,2000.00,'mrs minai','paid back',0,'2020-12-22 22:48:36.219');

--
-- Table structure for table `countercash_out`
--

CREATE TABLE `countercash_out` (
  `id` int(20) NOT NULL AUTO_INCREMENT,
  `scBalId` int(11) DEFAULT NULL,
  `counterId` int(10) NOT NULL,
  `shopId` int(10) NOT NULL,
  `userId` int(10) NOT NULL,
  `amount` decimal(15,2) NOT NULL,
  `balanceRemaining` decimal(15,2) NOT NULL DEFAULT '0.00',
  `byWho` text COLLATE utf8_unicode_ci NOT NULL,
  `description` text COLLATE utf8_unicode_ci NOT NULL,
  `reconciled` int(2) NOT NULL,
  `dateCreated` datetime(3) DEFAULT NULL,
  PRIMARY KEY (`id`)
) ENGINE=InnoDB AUTO_INCREMENT=371 DEFAULT CHARSET=utf8 COLLATE=utf8_unicode_ci;

--
-- Dumping data for table `countercash_out`
--

INSERT INTO `countercash_out` VALUES (31,130,38,61,38,252.00,252.00,'float','vacilty fee',0,'2020-11-17 19:49:08.293'),(32,130,38,61,38,4500.00,4500.00,'ma ryan','to pay',0,'2020-11-17 19:49:44.854'),(33,132,38,61,39,54800.00,54800.00,'Mrs Nderi','Withdraw float',0,'2020-11-17 19:15:28.079'),(34,132,38,61,39,5400.00,5400.00,'Mr Nderi','Emergency',0,'2020-11-17 19:16:23.953'),(35,133,31,61,37,32500.00,32500.00,'Nderi Mr','Refund',0,'2020-11-18 04:06:13.905'),(36,130,38,61,38,45000.00,45000.00,'c2','pay',0,'2020-11-18 09:33:06.269'),(37,130,38,61,38,45000.00,45000.00,'c2','pay6',0,'2020-11-18 09:33:16.218'),(38,134,34,63,39,125000.00,12500.00,'Mr.Ken','Emergency.',0,'2020-11-18 13:40:08.440'),(39,137,39,61,38,3000.00,3000.00,'dan iruga','to pay back',0,'2020-11-18 20:10:28.596'),(40,137,39,61,38,78000.00,78000.00,'olala','paid out',0,'2020-11-18 20:10:59.949'),(41,137,39,61,38,31000.00,31000.00,'family ','to be withdrawn',0,'2020-11-18 20:11:42.908'),(42,138,39,61,38,5300.00,5300.00,'stephen','to pay back',0,'2020-11-19 09:20:33.151'),(43,138,39,61,38,103000.00,103000.00,'ba ryan','to pay back',0,'2020-11-19 09:21:05.223'),(44,138,39,61,38,448.00,448.00,'safaricom','vacilt fee',0,'2020-11-19 09:21:42.974'),(45,138,39,61,38,3000.00,3000.00,'karanja','to pay back',0,'2020-11-19 09:22:29.801'),(46,139,39,61,38,100000.00,100000.00,'executive','pay',0,'2020-11-19 11:23:29.715'),(47,140,39,61,38,100000.00,100000.00,'executive','payment',0,'2020-11-19 11:29:56.685'),(48,142,39,61,38,100000.00,100000.00,'executive','payment',0,'2020-11-19 23:16:17.411'),(49,142,39,61,38,900.00,900.00,'float purchase','fee',0,'2020-11-19 23:16:51.376'),(50,142,39,61,38,1000.00,1000.00,'ma ryan','to pay',0,'2020-11-19 23:17:25.040'),(51,142,39,61,38,1000.00,1000.00,'ma ryan','to pay',0,'2020-11-19 23:19:03.266'),(52,143,39,61,38,100000.00,100000.00,'executive','payable',0,'2020-11-19 23:24:23.739'),(53,143,39,61,38,900.00,900.00,'float','no pay',0,'2020-11-19 23:24:53.567'),(54,143,39,61,38,1000.00,1000.00,'ma ryan','to pay',0,'2020-11-19 23:25:23.399'),(55,144,39,61,38,100000.00,100000.00,'psy','pay',0,'2020-11-20 12:02:30.634'),(56,144,39,61,38,1000.00,1000.00,'ryan','psy',0,'2020-11-20 12:02:58.235'),(57,144,39,61,38,900.00,900.00,'float','pay',0,'2020-11-20 12:03:25.836'),(58,145,39,61,38,100000.00,100000.00,'ygh','ggh',0,'2020-11-20 12:08:05.025'),(59,145,39,61,38,900.00,900.00,'ghu','ggh',0,'2020-11-20 12:08:23.029'),(60,145,39,61,38,1000.00,1000.00,'ggy','fgy',0,'2020-11-20 12:08:47.079'),(61,147,39,61,38,200000.00,200000.00,'counter','paid',0,'2020-11-21 15:47:25.759'),(62,147,39,61,38,26000.00,26000.00,'ba ryan','to pay',0,'2020-11-21 15:48:30.356'),(63,147,39,61,38,448.00,448.00,'safaricom','payment',0,'2020-11-21 17:49:33.077'),(64,147,39,61,38,10000.00,10000.00,'family','to pay',0,'2020-11-21 19:18:33.875'),(65,147,39,61,38,6300.00,6300.00,'caro','credit pay',0,'2020-11-21 20:34:27.733'),(66,147,39,61,38,40050.00,40050.00,'george','to pay',0,'2020-11-21 20:40:51.059'),(67,147,39,61,38,1000.00,1000.00,'mrs minai','pay',0,'2020-11-21 20:41:22.629'),(68,147,39,61,38,10000.00,10000.00,'roba','to pay',0,'2020-11-21 21:00:14.005'),(69,148,39,61,38,1600.00,1600.00,'internet','no refund',0,'2020-11-25 14:51:18.573'),(70,148,39,61,38,378.00,378.00,'float','purchase',0,'2020-11-26 13:39:22.392'),(71,148,39,61,38,45000.00,45000.00,'watalam','refund',0,'2020-11-26 13:39:56.977'),(72,148,39,61,38,448.00,448.00,'admin','facilit fee',0,'2020-11-26 13:40:37.491'),(73,151,41,61,38,508.00,508.00,'float','1978',0,'2020-11-26 21:55:16.519'),(74,152,33,63,40,300.00,300.00,'shelmith','fare coop pos',0,'2020-11-27 12:32:29.898'),(75,152,33,63,40,1000.00,1000.00,'Eva','kcb',0,'2020-11-27 12:33:17.630'),(76,154,32,62,39,5000.00,5000.00,'Maggie','cash',0,'2020-11-27 14:05:11.649'),(77,154,32,62,39,1200.00,1200.00,'Ann','Accessories',0,'2020-11-27 14:05:59.119'),(78,154,32,62,39,60000.00,60000.00,'Eva','cash',0,'2020-11-27 14:06:29.019'),(79,154,32,62,39,126.00,126.00,'Ann','float purchase',0,'2020-11-27 14:07:29.907'),(80,154,32,62,39,3120.00,3120.00,'Maggie','credit',0,'2020-11-27 14:07:57.624'),(81,154,32,62,39,500.00,500.00,'mwariri','cash',0,'2020-11-27 14:08:34.577'),(82,154,32,62,39,30000.00,30000.00,'wataalam','float',0,'2020-11-27 14:09:02.310'),(83,155,32,62,39,5000.00,5000.00,'Maggie','cash',0,'2020-11-27 14:37:29.161'),(84,155,32,62,39,1200.00,1200.00,'Fred','Accessories',0,'2020-11-27 14:38:51.907'),(85,155,32,62,39,60000.00,60000.00,'eva','float',0,'2020-11-27 14:39:20.357'),(86,155,32,62,39,126.00,126.00,'ann','float purchase',0,'2020-11-27 14:40:29.028'),(87,155,32,62,39,3120.00,3120.00,'Maggie','credit',0,'2020-11-27 14:41:03.679'),(88,155,32,62,39,500.00,500.00,'Mwariri','cash',0,'2020-11-27 14:41:57.066'),(89,155,32,62,39,30000.00,30000.00,'wataalam','float',0,'2020-11-27 14:42:34.167'),(90,28,35,64,42,10000.00,10000.00,'mary','float',0,'2020-11-27 16:55:46.113'),(91,156,35,64,42,200.00,200.00,'Transport','Float',0,'2020-11-27 17:32:34.855'),(92,156,35,64,42,722.00,722.00,'Maggy','Credit',0,'2020-11-27 17:33:02.955'),(93,156,35,64,42,59900.00,59900.00,'Float','Float',0,'2020-11-27 17:34:52.893'),(94,157,42,64,42,10000.00,10000.00,'Ghh','Vgh',0,'2020-11-27 18:04:20.549'),(95,157,42,64,42,200.00,200.00,'Gh','Fg',0,'2020-11-27 18:04:41.821'),(96,157,42,64,42,722.00,722.00,'Gh','Gh',0,'2020-11-27 18:04:57.551'),(97,157,42,64,42,59900.00,59900.00,'Ghhggh','Gg',0,'2020-11-27 18:05:17.750'),(98,160,32,62,41,1978.00,1978.00,'Lewis ','Credit',0,'2020-11-27 19:37:44.195'),(99,160,32,62,41,504.00,504.00,'Lewis','Float',0,'2020-11-27 19:38:21.695'),(100,159,41,61,38,315.00,315.00,'float','facility fee',0,'2020-11-27 21:51:13.797'),(101,162,42,64,42,1000.00,1000.00,'francis shikwe','customer',0,'2020-11-28 09:32:00.090'),(102,162,42,64,42,150.00,150.00,'transport','float transport ',0,'2020-11-28 09:33:34.222'),(103,162,42,64,42,7000.00,7000.00,'lewis kibor','coins',0,'2020-11-28 09:34:27.246'),(104,162,42,64,42,189.00,189.00,'margaret','credit taken',0,'2020-11-28 09:35:24.298'),(105,163,41,61,38,98000.00,98000.00,'kcb customer','paid',0,'2020-11-28 17:16:39.254'),(106,163,41,61,38,448.00,448.00,'admin','vacity',0,'2020-11-28 17:17:13.018'),(107,163,41,61,38,150000.00,150000.00,'western union','to be refunded',0,'2020-11-28 17:17:55.274'),(108,163,41,61,38,40050.00,40050.00,'mpesa agent ','to refund',0,'2020-11-28 18:03:59.572'),(109,163,41,61,38,150000.00,150000.00,'western union','pay',0,'2020-11-29 15:30:33.952'),(110,163,41,61,38,100000.00,100000.00,'milicen','paid',0,'2020-11-29 15:31:01.452'),(111,163,41,61,38,40050.00,40050.00,'mpesa','pay',0,'2020-11-29 15:31:29.070'),(112,163,41,61,38,7000.00,7000.00,'watalam','pay',0,'2020-11-29 15:31:50.608'),(113,163,41,61,38,654.00,654.00,'float','vacility fee',0,'2020-11-29 15:32:21.340'),(114,168,41,61,38,80000.00,80000.00,'counter 2','paid',0,'2020-11-30 12:48:58.741'),(115,169,32,62,39,2365.00,2365.00,'Maggie','credit',0,'2020-11-30 16:06:06.242'),(116,169,32,62,39,1000.00,1000.00,'Evans','cash',0,'2020-11-30 16:06:31.022'),(117,169,32,62,39,20000.00,20000.00,'Mugwe','cash',0,'2020-11-30 16:07:00.707'),(118,168,41,61,38,5000.00,5000.00,'ba ryan','to pay',0,'2020-11-30 21:45:28.748'),(119,168,41,61,38,80000.00,80000.00,'counter2','payment',0,'2020-11-30 21:46:08.240'),(120,168,41,61,38,501.00,501.00,'float','vacility',0,'2020-11-30 21:46:42.490'),(121,172,42,64,42,1134.00,1134.00,'maggy','credit',0,'2020-12-01 17:26:16.266'),(122,172,42,64,42,250.00,250.00,'transport','float',0,'2020-12-01 18:07:44.168'),(123,172,42,64,42,5780.00,5780.00,'mary','float',0,'2020-12-01 18:08:11.545'),(124,172,42,64,42,1000.00,1000.00,'francis','customer',0,'2020-12-01 18:08:48.476'),(125,173,41,61,38,18000.00,18000.00,'watAlam','to pay',0,'2020-12-01 21:29:58.564'),(126,173,41,61,38,15200.00,15200.00,'ba ryan','to pay',0,'2020-12-01 21:30:31.775'),(127,173,41,61,38,30000.00,30000.00,'counter 2','add',0,'2020-12-01 21:32:53.173'),(128,173,41,61,38,256300.00,256300.00,'executive','to pay',0,'2020-12-01 21:33:26.820'),(129,173,41,61,38,798.00,798.00,'stanbic','vacilty',0,'2020-12-01 21:33:58.993'),(130,173,41,61,38,315.00,315.00,'float','vacilty',0,'2020-12-01 21:34:33.426'),(131,173,41,61,38,27500.00,27500.00,'rent','paid out',0,'2020-12-01 21:50:57.465'),(132,173,41,61,38,140500.00,140500.00,'kcb','to pa',0,'2020-12-01 22:14:07.860'),(133,175,33,63,40,10300.00,10300.00,'lewis ','kcb flat',0,'2020-12-02 13:07:04.976'),(134,174,42,64,42,150.00,150.00,'float','transport',0,'2020-12-02 18:33:38.210'),(135,174,42,64,42,1400.00,1400.00,'paul','withdrawn to wrong agent',0,'2020-12-02 18:44:53.979'),(136,176,32,62,39,47000.00,47000.00,'cecilia','float',0,'2020-12-02 21:23:47.096'),(137,176,32,62,39,400.00,400.00,'Accessories','cash',0,'2020-12-02 21:24:43.715'),(138,176,32,62,39,1130.00,1130.00,'credit','cash',0,'2020-12-02 21:25:07.666'),(139,176,32,62,39,5000.00,5000.00,'Susan','cash',0,'2020-12-02 21:25:34.133'),(140,176,32,62,39,51000.00,51000.00,'Mega','cash',0,'2020-12-02 21:25:58.285'),(141,178,41,61,38,10000.00,10000.00,'karanja','to pay back',0,'2020-12-02 21:26:57.437'),(142,178,41,61,38,6000.00,6000.00,'watalam','payeee',0,'2020-12-02 21:27:46.643'),(143,178,41,61,38,448.00,448.00,'admin saf','vacilty',0,'2020-12-02 21:29:32.471'),(144,178,41,61,38,315.00,315.00,'float','vacity',0,'2020-12-02 21:30:04.561'),(145,181,42,64,42,13000.00,13000.00,'shop expenses','shop expenses',0,'2020-12-03 11:51:53.729'),(146,181,42,64,42,6000.00,6000.00,'shop rent','shop rent',0,'2020-12-03 11:52:37.416'),(147,179,33,63,40,10300.00,10300.00,'lewis','float',0,'2020-12-03 14:50:11.589'),(148,181,42,64,42,1274.00,1274.00,'maggy','credit',0,'2020-12-03 19:32:08.413'),(149,181,42,64,42,150.00,150.00,'float','float',0,'2020-12-03 19:35:13.561'),(150,183,41,61,38,20000.00,20000.00,'samuel','mpesa ',0,'2020-12-03 22:46:46.441'),(151,183,41,61,38,554.00,554.00,'float','vacility',0,'2020-12-03 22:47:28.361'),(152,183,41,61,38,445750.00,445750.00,'shop expens','expences',0,'2020-12-03 22:48:17.918'),(153,183,41,61,38,50000.00,50000.00,'hq','paid back',0,'2020-12-03 22:48:55.518'),(154,182,32,62,39,1133.00,1133.00,'Credit','cash',0,'2020-12-03 23:07:26.336'),(155,182,32,62,39,4000.00,4000.00,'Michael','float',0,'2020-12-03 23:08:05.005'),(156,182,32,62,39,35000.00,35000.00,'John Gent(ba Ryan)','float',0,'2020-12-03 23:09:08.391'),(157,182,32,62,39,50700.00,50700.00,'Josee','float',0,'2020-12-03 23:09:50.909'),(158,182,32,62,39,60000.00,60000.00,'Equity(system error)','float',0,'2020-12-03 23:11:34.364'),(159,186,43,63,40,10000.00,10000.00,'Paul kagunya','family withdraw',0,'2020-12-04 16:33:26.043'),(160,185,42,64,42,150.00,150.00,'transport','float transport',0,'2020-12-04 19:50:52.145'),(161,188,31,61,37,104613.00,104613.00,'wu','wu',0,'2020-12-04 20:31:34.479'),(162,189,41,61,38,200000.00,200000.00,'counter2','paid out',0,'2020-12-04 21:23:33.792'),(163,189,41,61,38,180000.00,180000.00,'executive','paid',0,'2020-12-04 21:24:09.091'),(164,189,41,61,38,315.00,315.00,'float','vacilty',0,'2020-12-04 21:24:51.262'),(165,191,42,64,42,1559.00,1559.00,'credit','credit',0,'2020-12-05 19:02:01.371'),(166,191,42,64,42,150.00,150.00,'float transport','float transport',0,'2020-12-05 19:02:36.655'),(167,191,42,64,42,24570.00,24570.00,'mary','float',0,'2020-12-05 20:20:37.902'),(168,191,42,64,42,1000.00,1000.00,'mary','customer',0,'2020-12-05 20:21:02.883'),(169,191,42,64,42,5600.00,5600.00,'mary','customer',0,'2020-12-05 20:21:25.600'),(170,191,42,64,42,2530.00,2530.00,'mary','customer',0,'2020-12-05 20:21:50.381'),(171,190,43,63,40,200000.00,200000.00,'mega','mpesa float',0,'2020-12-05 21:33:49.722'),(172,193,41,61,38,20000.00,20000.00,'kcb cutomee','audit',0,'2020-12-05 23:32:08.308'),(173,193,41,61,38,60000.00,60000.00,'mpesa limit','to be deposited',0,'2020-12-05 23:32:54.649'),(174,193,41,61,38,448.00,448.00,'admin saf','paid',0,'2020-12-05 23:33:29.322'),(175,193,41,61,38,53440.00,53440.00,'sammy','to pay',0,'2020-12-05 23:34:21.873'),(176,193,41,61,38,315.00,315.00,'float','vacilty',0,'2020-12-05 23:35:06.691'),(177,193,41,61,38,50000.00,50000.00,'marion mpesa','to be refund',0,'2020-12-05 23:36:03.383'),(178,195,42,64,42,100.00,100.00,'transport','float transport',0,'2020-12-07 19:30:25.077'),(179,195,42,64,42,4100.00,4100.00,'mary','customer',0,'2020-12-07 19:38:28.819'),(180,194,32,62,39,150000.00,150000.00,'Susan','cash',0,'2020-12-07 23:14:18.774'),(181,194,32,62,39,350000.00,350000.00,'mega','cash',0,'2020-12-07 23:14:51.242'),(182,194,32,62,39,2263.00,2263.00,'credit','cash',0,'2020-12-07 23:15:24.527'),(183,198,41,61,38,70000.00,70000.00,'c2','paid back',0,'2020-12-07 23:48:14.271'),(184,198,41,61,38,77000.00,77000.00,'hg','to pay back',0,'2020-12-07 23:48:42.742'),(185,198,41,61,38,272.00,272.00,'foat ','vacilty',0,'2020-12-07 23:49:15.786'),(186,195,42,64,42,17000.00,17000.00,'mary','float',0,'2020-12-08 12:16:28.715'),(187,201,42,64,42,4100.00,4100.00,'mary ','float',0,'2020-12-08 12:27:09.956'),(188,201,42,64,42,200.00,200.00,'transport','float transport',0,'2020-12-08 12:27:45.872'),(189,201,42,64,42,17000.00,17000.00,'mary',' coop bank',0,'2020-12-08 12:28:19.723'),(190,199,43,63,40,100000.00,100000.00,'mega','kcb float',0,'2020-12-08 18:29:26.166'),(191,199,43,63,40,30000.00,30000.00,'Tshera','kcb ',0,'2020-12-08 18:30:13.162'),(192,199,43,63,40,150000.00,150000.00,'mega','mpesa float',0,'2020-12-08 19:58:17.184'),(193,202,41,61,38,40000.00,40000.00,'ma ryan','paid back',0,'2020-12-08 21:24:31.816'),(194,202,41,61,38,200000.00,200000.00,'hq','paid back',0,'2020-12-08 21:25:00.572'),(195,202,41,61,38,250000.00,250000.00,'executive','paid back',0,'2020-12-08 21:25:32.142'),(196,202,41,61,38,10000.00,10000.00,'watalam','paid back',0,'2020-12-08 21:26:29.655'),(197,202,41,61,38,115150.00,115150.00,'t shera','debt',0,'2020-12-08 21:27:00.906'),(198,202,41,61,38,33000.00,33000.00,'executive','to pay back',0,'2020-12-08 21:27:34.135'),(199,202,41,61,38,28000.00,28000.00,'hq','to pay back',0,'2020-12-08 21:28:00.614'),(200,202,41,61,38,798.00,798.00,'stanbink','paid',0,'2020-12-08 21:29:24.139'),(201,202,41,61,38,504.00,504.00,'float','vacility',0,'2020-12-08 21:30:02.258'),(202,200,32,62,39,200000.00,200000.00,'Susan','cash',0,'2020-12-08 23:32:17.044'),(203,200,32,62,39,184200.00,162200.00,'mega','cash',0,'2020-12-08 23:32:47.728'),(204,200,32,62,39,7000.00,7000.00,'Raphael','cash',0,'2020-12-08 23:33:14.114'),(205,200,32,62,39,2460.00,2460.00,'credit','cash',0,'2020-12-08 23:33:38.682'),(206,203,42,64,42,51930.00,51930.00,'mary','float',0,'2020-12-09 08:01:13.550'),(207,203,42,64,42,7000.00,7000.00,'lewis','limit exceeded kcb',0,'2020-12-09 08:01:53.526'),(208,203,42,64,42,1300.00,1300.00,'geradine','customer',0,'2020-12-09 11:07:20.661'),(209,204,31,61,37,86786.00,86786.00,'wu','wu',0,'2020-12-09 11:48:14.937'),(210,203,42,64,42,1180.00,1180.00,'credit','credit taken',0,'2020-12-09 18:45:09.650'),(211,203,42,64,42,87170.00,87170.00,'limit','limit exceeded',0,'2020-12-09 20:02:08.820'),(212,205,43,63,40,33000.00,33000.00,'mega','kcb float',0,'2020-12-09 20:05:30.135'),(213,204,31,61,37,1128.00,1128.00,'credit credit','credit',0,'2020-12-09 20:39:34.437'),(214,204,31,61,37,100000.00,100000.00,'contuer 2','float',0,'2020-12-09 20:40:33.080'),(215,204,31,61,37,1738.00,1738.00,'wu','wu',0,'2020-12-09 20:40:59.057'),(216,207,41,61,38,100000.00,100000.00,'hq','debt',0,'2020-12-09 21:17:54.575'),(217,207,41,61,38,448.00,448.00,'admn saf','vacility',0,'2020-12-09 21:18:29.226'),(218,207,41,61,38,315.00,315.00,'float','purchase',0,'2020-12-09 21:19:06.657'),(219,207,41,61,38,315.00,315.00,'float','purchase',0,'2020-12-09 21:40:16.300'),(220,207,41,61,38,12000.00,12000.00,'equity','to be rversed',0,'2020-12-09 21:49:43.044'),(221,206,32,62,39,15000.00,15000.00,'John Gent','float',0,'2020-12-09 23:17:24.150'),(222,206,32,62,39,9000.00,9000.00,'isaac','cash',0,'2020-12-09 23:17:47.885'),(223,206,32,62,39,848.00,848.00,'credit','cash',0,'2020-12-09 23:18:08.803'),(224,206,32,62,39,28000.00,28000.00,'mega','cash',0,'2020-12-09 23:18:33.904'),(225,206,32,62,39,5000.00,5000.00,'Maggie','cash',0,'2020-12-09 23:18:55.039'),(226,208,42,64,42,600.00,600.00,'customer','customer coop',0,'2020-12-10 14:59:56.262'),(227,208,42,64,42,150.00,150.00,'float','float transport',0,'2020-12-10 18:33:51.786'),(228,208,42,64,42,2000.00,2000.00,'francis sikwe','customer',0,'2020-12-10 19:25:19.321'),(229,208,42,64,42,33050.00,33050.00,'mary','float',0,'2020-12-10 20:04:13.630'),(230,211,41,61,38,10000.00,10000.00,'hq','to pay back',0,'2020-12-10 21:17:03.654'),(231,211,41,61,38,40000.00,40000.00,'ma ryan','paid',0,'2020-12-10 21:17:33.800'),(232,212,32,62,39,500.00,500.00,'mwariri','float',0,'2020-12-10 21:41:12.325'),(233,212,32,62,39,1793.00,1793.00,'credit','cash',0,'2020-12-10 21:41:31.908'),(234,212,32,62,39,50000.00,50000.00,'milka','float',0,'2020-12-10 21:41:58.476'),(235,211,41,61,38,189.00,189.00,'float','purchase',0,'2020-12-10 21:45:59.933'),(236,213,42,64,42,7250.00,7250.00,'michael','customer',0,'2020-12-11 19:51:34.669'),(237,215,43,63,40,11000.00,11000.00,'cash','counter 2',0,'2020-12-11 20:01:23.938'),(238,217,41,61,38,37000.00,37000.00,'george','to pay back',0,'2020-12-11 22:00:03.046'),(239,217,41,61,38,200000.00,200000.00,'nacy','paid back',0,'2020-12-11 22:00:36.932'),(240,217,41,61,38,226.00,226.00,'float purchase','vacility',0,'2020-12-11 22:01:58.239'),(241,218,32,62,39,8550.00,8550.00,'josee','cash',0,'2020-12-11 23:00:35.752'),(242,218,32,62,39,150000.00,150000.00,'Susan','cash',0,'2020-12-11 23:00:59.021'),(243,218,32,62,39,11500.00,11500.00,'mega','cash',0,'2020-12-11 23:01:32.688'),(244,218,32,62,39,1984.00,1984.00,'credit','cash',0,'2020-12-11 23:01:56.257'),(245,218,32,62,39,9000.00,9000.00,'Martin','float',0,'2020-12-11 23:02:21.009'),(246,219,42,64,42,46000.00,46000.00,'mary','float',0,'2020-12-12 18:49:34.735'),(247,219,42,64,42,150.00,150.00,'float','float transport',0,'2020-12-12 18:52:19.461'),(248,220,31,61,37,2397.00,2397.00,'credit','crdt',0,'2020-12-12 20:50:18.290'),(249,220,31,61,37,9225.00,9225.00,'wu','wu',0,'2020-12-12 20:50:46.922'),(250,220,31,61,37,45326.00,45326.00,'wu','wu',0,'2020-12-12 20:52:02.280'),(251,221,41,61,38,40000.00,40000.00,'executive','to pay back',0,'2020-12-12 22:04:23.555'),(252,221,41,61,38,448.00,448.00,'admin saf','vacilty',0,'2020-12-12 22:05:02.042'),(253,222,32,62,39,1000.00,1000.00,'wabeth','cash',0,'2020-12-12 23:09:10.653'),(254,222,32,62,39,123000.00,123000.00,'cecilia','float',0,'2020-12-12 23:09:44.570'),(255,222,32,62,39,1135.00,1135.00,'credit','cash',0,'2020-12-12 23:10:18.990'),(256,222,32,62,39,253450.00,253450.00,'Mega','cash',0,'2020-12-12 23:11:36.727'),(257,222,32,62,39,9500.00,9500.00,'Martin','Cash',0,'2020-12-12 23:12:15.029'),(258,222,32,62,39,1000.00,1000.00,'Evans','cash',0,'2020-12-12 23:12:47.431'),(259,221,41,61,38,715.00,715.00,'float','vacility',0,'2020-12-12 23:17:29.616'),(260,221,41,61,38,700.00,700.00,'transport','vacity',0,'2020-12-12 23:17:59.324'),(261,221,41,61,38,520500.00,520500.00,'ma ryan ','to pay back',0,'2020-12-12 23:18:34.495'),(262,221,41,61,38,130000.00,130000.00,'c2','to pay',0,'2020-12-12 23:20:07.723'),(263,225,31,61,37,102379.00,102379.00,'wu','wu',0,'2020-12-14 20:42:01.466'),(264,224,32,62,39,1.00,253000.00,'mega','cash',0,'2020-12-14 22:08:36.065'),(265,224,32,62,39,600.00,600.00,'njuguna','cash',0,'2020-12-14 22:13:58.819'),(266,224,32,62,39,360000.00,360000.00,'susan','float',0,'2020-12-14 22:14:44.273'),(267,224,32,62,39,3600.00,3600.00,'credit','cash',0,'2020-12-14 22:15:11.891'),(268,226,41,61,38,24000.00,24000.00,'mwariri','to pay back',0,'2020-12-14 22:38:44.569'),(269,226,41,61,38,400000.00,400000.00,'ba ryan','paid back',0,'2020-12-14 22:39:19.522'),(270,226,41,61,38,353450.00,353450.00,'hq','paid back',0,'2020-12-14 22:39:47.843'),(271,226,41,61,38,80000.00,80000.00,'c2','to pay',0,'2020-12-14 22:40:15.259'),(272,226,41,61,38,589.00,589.00,'float','vacility',0,'2020-12-14 22:40:42.324'),(273,227,42,64,42,3800.00,3800.00,'mary','float',0,'2020-12-15 20:34:04.261'),(274,227,42,64,42,200.00,200.00,'transport','float transport',0,'2020-12-15 20:34:35.361'),(275,227,42,64,42,20000.00,20000.00,'lewis','float',0,'2020-12-15 20:37:26.755'),(276,230,31,61,37,87406.00,50067.00,'wu','wu',0,'2020-12-15 20:37:49.987'),(277,230,31,61,37,3100.00,3100.00,'cats Ester','Ester',0,'2020-12-15 20:38:33.790'),(278,229,32,62,39,475.00,475.00,'credit','cash',0,'2020-12-15 21:50:49.904'),(279,229,32,62,39,10000.00,10000.00,'Martin','cash',0,'2020-12-15 21:51:09.588'),(280,229,32,62,39,1000.00,1000.00,'njuguna','cash',0,'2020-12-15 21:51:29.805'),(281,229,32,62,39,12000.00,12000.00,'token','cash',0,'2020-12-15 21:51:50.839'),(282,231,41,61,38,300000.00,300000.00,'ma ryan','paid back',0,'2020-12-15 21:53:21.209'),(283,231,41,61,38,100000.00,100000.00,'t sherah','paid',0,'2020-12-15 21:53:51.222'),(284,229,32,62,39,300000.00,300000.00,'Susan','cash',0,'2020-12-15 21:52:30.724'),(285,229,32,62,39,2000.00,2000.00,'faite','cash',0,'2020-12-15 21:53:00.576'),(286,231,41,61,38,413000.00,413000.00,'executive','to pay',0,'2020-12-15 21:54:27.447'),(287,231,41,61,38,2000.00,2000.00,'karanja','to pay back',0,'2020-12-15 21:54:58.867'),(288,229,32,62,39,585000.00,570000.00,'mega','cash',0,'2020-12-15 21:53:35.277'),(289,231,41,61,38,315.00,315.00,'float','vacility',0,'2020-12-15 21:55:54.788'),(290,231,41,61,38,237050.00,237050.00,'stanbic','to pay back',0,'2020-12-15 21:58:13.769'),(291,231,41,61,38,13000.00,13000.00,'c2','to pay back',0,'2020-12-15 21:58:54.014'),(292,234,42,64,42,2740.00,2740.00,'mary','float',0,'2020-12-16 12:54:44.495'),(293,234,42,64,42,29110.00,29110.00,'mary','float',0,'2020-12-16 20:14:14.403'),(294,234,42,64,42,2740.00,2740.00,'mary','float',0,'2020-12-16 20:14:34.125'),(295,234,42,64,42,250.00,250.00,'float','float transport',0,'2020-12-16 20:15:01.685'),(296,233,41,61,38,85000.00,85000.00,'hq','paid back',0,'2020-12-16 21:55:24.541'),(297,233,41,61,38,289.00,289.00,'float','vacility',0,'2020-12-16 21:55:54.671'),(298,233,41,61,38,481000.00,481000.00,'executive','pay and pay back',0,'2020-12-16 22:00:16.111'),(299,235,32,62,39,50000.00,50000.00,'susan','v',0,'2020-12-16 22:29:13.848'),(300,235,32,62,39,126000.00,126000.00,'Cecilia ','g',0,'2020-12-16 22:29:40.041'),(301,235,32,62,39,175000.00,175000.00,'elijah','g',0,'2020-12-16 22:30:04.366'),(302,235,32,62,39,2167.00,2167.00,'credit ','g',0,'2020-12-16 22:30:27.795'),(303,235,32,62,39,300.00,300.00,'mwariri','x',0,'2020-12-16 22:30:57.602'),(304,235,32,62,39,5000.00,5000.00,'martin','v',0,'2020-12-16 22:31:38.276'),(305,235,32,62,39,5000.00,5000.00,'maggie','v',0,'2020-12-16 22:32:03.433'),(306,235,32,62,39,6000.00,6000.00,'jacob','v',0,'2020-12-16 22:32:29.396'),(307,235,32,62,39,20000.00,20000.00,'mega','float',0,'2020-12-16 22:32:56.154'),(308,236,31,61,37,100000.00,100000.00,'counter 1','cn1',0,'2020-12-16 23:16:02.996'),(309,236,31,61,37,2350.00,2350.00,'credit','credit',0,'2020-12-16 23:16:55.612'),(310,237,42,64,42,1000.00,1000.00,'token','shop token',0,'2020-12-17 20:38:22.879'),(311,237,42,64,42,4000.00,4000.00,'mary','float',0,'2020-12-17 20:38:45.684'),(312,240,31,61,37,20000.00,20000.00,'31246','7800',0,'2020-12-17 20:38:59.773'),(313,238,41,61,38,398500.00,398500.00,'kcb watalam','to pay back',0,'2020-12-17 21:52:20.459'),(314,238,41,61,38,30000.00,30000.00,'airtime customer','equity',0,'2020-12-17 21:54:15.034'),(315,238,41,61,38,1050000.00,1050000.00,'kcb','to pay back',0,'2020-12-17 21:54:52.884'),(316,238,41,61,38,378.00,378.00,'float','vacility',0,'2020-12-17 21:55:24.270'),(317,238,41,61,38,150000.00,150000.00,'kcb','failed to reflect',0,'2020-12-17 21:58:42.117'),(318,239,32,62,39,56000.00,56000.00,'Cecilia','float',0,'2020-12-17 23:21:52.033'),(319,239,32,62,39,134392.00,134392.00,'mega ','cash',0,'2020-12-17 23:22:48.202'),(320,239,32,62,39,80300.00,80300.00,'kcd delay','float',0,'2020-12-17 23:23:17.488'),(321,242,31,61,37,15892.00,15892.00,'wu','wu',0,'2020-12-18 20:25:47.176'),(322,243,42,64,42,1274.00,1274.00,'credit','credit',0,'2020-12-18 20:42:15.179'),(323,243,42,64,42,100.00,100.00,'transport','transpor',0,'2020-12-18 20:42:55.870'),(324,243,42,64,42,30700.00,30700.00,'mary','fkoat',0,'2020-12-18 20:43:27.059'),(325,241,41,61,38,200000.00,200000.00,'c2','paid',0,'2020-12-18 21:52:30.516'),(326,241,41,61,38,100000.00,100000.00,'executive','paid back',0,'2020-12-18 21:53:03.694'),(327,241,41,61,38,174392.00,174392.00,'hq','to pay back some',0,'2020-12-18 21:53:53.285'),(328,241,41,61,38,1500.00,1500.00,'watalam','to pay',0,'2020-12-18 21:54:20.584'),(329,241,41,61,38,378.00,378.00,'float','vacility',0,'2020-12-18 21:54:52.657'),(330,244,32,62,39,12000.00,12000.00,'josee','float',0,'2020-12-18 22:34:27.276'),(331,247,42,64,42,7600.00,7600.00,'lewis','coins',0,'2020-12-19 08:50:15.484'),(332,243,42,64,42,1419.00,1419.00,'credit','credit',0,'2020-12-19 21:25:05.171'),(333,243,42,64,42,100.00,100.00,'transport','float transport',0,'2020-12-19 21:26:16.864'),(334,243,42,64,42,3900.00,3900.00,'mary','float',0,'2020-12-19 21:26:46.488'),(335,241,41,61,38,126.00,126.00,'float','vacility',0,'2020-12-19 21:58:58.206'),(336,241,41,61,38,448.00,448.00,'admin saf','vacility',0,'2020-12-19 21:59:25.991'),(337,241,41,61,38,100000.00,100000.00,'ma ryan','paid',0,'2020-12-19 21:59:59.621'),(338,252,42,64,42,14850.00,14850.00,'customer','customer',0,'2020-12-21 19:25:43.719'),(339,252,42,64,42,944.00,944.00,'credit','credit taken',0,'2020-12-21 19:26:08.149'),(340,252,42,64,42,100.00,100.00,'float transport','float transport',0,'2020-12-21 19:26:37.671'),(341,252,42,64,42,65.00,65.00,'rubberband','rubberband',0,'2020-12-21 19:27:40.331'),(342,252,42,64,42,450.00,450.00,'wasavia','customer',0,'2020-12-21 20:19:27.906'),(343,253,31,61,37,10176.00,10176.00,'wu','wu',0,'2020-12-21 20:41:13.007'),(344,253,31,61,37,1316.00,1316.00,'credit','crdt',0,'2020-12-21 20:41:46.934'),(345,250,43,63,40,800.00,800.00,'customer ','mpesa',0,'2020-12-21 20:44:29.541'),(346,251,32,62,39,15000.00,15000.00,'Isaac','float',0,'2020-12-21 21:22:32.369'),(347,251,32,62,39,134000.00,134000.00,'mega','cash',0,'2020-12-21 21:22:56.485'),(348,251,32,62,39,55000.00,55000.00,'josee','float',0,'2020-12-21 21:23:18.321'),(349,254,41,61,38,60000.00,60000.00,'oseo com','steve',0,'2020-12-21 22:26:50.929'),(350,254,41,61,38,2000.00,2000.00,'mrs minai','to pay',0,'2020-12-21 22:27:22.567'),(351,254,41,61,38,500.00,500.00,'nancy','to pay',0,'2020-12-21 22:27:46.281'),(352,254,41,61,38,315.00,315.00,'float','vacility',0,'2020-12-21 22:28:23.663'),(353,252,42,64,42,4000.00,4000.00,'faith','customer',0,'2020-12-22 20:33:22.448'),(354,252,42,64,42,20000.00,20000.00,'mary','float',0,'2020-12-22 20:33:53.005'),(355,252,42,64,42,150.00,150.00,'transport','float transport',0,'2020-12-22 20:37:03.281'),(356,252,42,64,42,1089.00,1089.00,'credit','credit',0,'2020-12-22 20:37:44.023'),(357,252,42,64,42,37000.00,37000.00,'lewis','lewis',0,'2020-12-22 20:38:14.878'),(358,253,31,61,37,8245.00,8245.00,'wu','wu',0,'2020-12-22 20:46:43.748'),(359,251,32,62,39,233000.00,233000.00,'cash','mega',0,'2020-12-22 21:36:03.235'),(360,251,32,62,39,853.00,853.00,'credit','cash',0,'2020-12-22 21:36:31.086'),(361,251,32,62,39,5000.00,5000.00,'Maggie','cash',0,'2020-12-22 21:37:04.437'),(362,251,32,62,39,30000.00,30000.00,'John Gent','float',0,'2020-12-22 21:37:36.456'),(363,251,32,62,39,7000.00,7000.00,'Raphael','cash',0,'2020-12-22 21:37:59.590'),(364,254,41,61,38,400000.00,400000.00,'ba ryan','kcb',0,'2020-12-22 22:51:05.979'),(365,254,41,61,38,5250.00,5250.00,'ma ryan','to pay back',0,'2020-12-22 22:51:40.497'),(366,254,41,61,38,134000.00,134000.00,'hq','paid back',0,'2020-12-22 22:52:11.096'),(367,254,41,61,38,10000.00,10000.00,'cate/mum ryan','vacility',0,'2020-12-22 22:53:00.787'),(368,254,41,61,38,25000.00,25000.00,'executive','vacilty',0,'2020-12-22 22:53:34.567'),(369,254,41,61,38,400000.00,400000.00,'t shera','kcb',0,'2020-12-22 22:54:06.305'),(370,254,41,61,38,670.00,670.00,'float','vacilty',0,'2020-12-22 22:54:39.534');

--
-- Table structure for table `counters`
--

CREATE TABLE `counters` (
  `id` int(10) NOT NULL AUTO_INCREMENT,
  `shopId` int(10) DEFAULT NULL,
  `counterName` varchar(100) COLLATE utf8_unicode_ci DEFAULT NULL,
  `description` text COLLATE utf8_unicode_ci NOT NULL,
  `Active` tinyint(1) DEFAULT NULL,
  `dateCreated` datetime(3) DEFAULT NULL,
  `deleted` int(2) NOT NULL DEFAULT '0',
  PRIMARY KEY (`id`)
) ENGINE=InnoDB AUTO_INCREMENT=44 DEFAULT CHARSET=utf8 COLLATE=utf8_unicode_ci;

--
-- Dumping data for table `counters`
--

INSERT INTO `counters` VALUES (5,3,'Counter Number one','Not quite busy',1,'2020-10-16 14:15:06.229',0),(6,3,'Counter Number two','Not quite busy',1,'2020-10-16 14:21:54.328',0),(7,2,'Initial Shop Counter Number 1','counter having all the services',1,'2020-10-15 17:21:02.648',0),(9,4,'Counter number 2','Counter with all the services and very busy.',1,'2020-10-15 17:27:13.539',0),(10,5,'Counter Number one','Not quite busy',1,'2020-10-16 13:16:05.291',0),(11,7,'Counter Number 1','Busiest Counter',1,'2020-10-16 13:33:43.507',0),(12,6,'Counter Number two','Not quite busy',1,'2020-10-16 13:25:57.145',0),(13,3,'Counter Number 1','Counter with all the services',1,'2020-10-15 17:26:05.711',0),(14,1,'Counter  1','ok',1,'2020-10-17 09:22:42.868',0),(15,1,'Counter Number 3','ok',1,'2020-10-28 15:48:18.162',0),(16,1,'Counter Number 4','ok',1,'2020-10-28 15:51:47.459',0),(18,1,'Counter Number 2','Busy counter.',1,'2020-10-23 18:55:48.807',0),(19,1,'Counter Number 2','Busy counter.',1,'2020-10-23 18:55:48.807',0),(20,1,'Counter Number 2','Busy counter.',1,'2020-10-23 18:55:48.807',0),(21,1,'Counter Number 2','Busy counter.',1,'2020-10-23 18:55:48.807',0),(22,1,'Counter Number 2','Busy counter.',1,'2020-10-23 18:55:48.807',0),(23,1,'Counter Number 2','Busy counter.',1,'2020-10-23 18:55:48.807',0),(24,1,'Counter Number 2','Busy counter.',1,'2020-10-23 18:55:48.807',0),(25,1,'Counter Number 2','Busy counter.',1,'2020-10-23 18:55:48.807',0),(27,34,'Counter Number 1','Very busy',1,'2020-11-03 06:43:27.061',0),(28,34,'Counter Number 2','okay',1,'2020-11-03 11:35:21.745',0),(29,34,'Counte Number 3','ok',1,'2020-11-03 11:38:48.000',0),(31,61,'counter 2','carol',1,'2020-11-05 19:15:41.314',0),(32,62,'counter 1','Ann',1,'2020-11-05 19:16:33.343',0),(33,63,'Counter 1','Mary',1,'2020-11-05 19:19:08.789',1),(34,63,'Counter 2','shelmith',1,'2020-11-05 19:20:00.554',0),(35,64,'Counter 1','Rebecca',1,'2020-11-05 19:20:50.558',1),(39,61,'Counter 1','First Counter.',1,'2020-11-18 19:58:28.039',1),(40,61,'counter 1','Counter one Mega shop',1,'2020-11-26 13:56:26.798',1),(41,61,'Counter 1','Mega counter 1',1,'2020-11-26 17:33:47.675',0),(42,64,'Counter 1','Counter 1 wataalam',1,'2020-11-27 17:54:59.431',0),(43,63,'Counter 1','Executive counter 1',1,'2020-12-04 11:48:04.168',0);

--
-- Table structure for table `counterservices`
--

CREATE TABLE `counterservices` (
  `id` int(10) NOT NULL AUTO_INCREMENT,
  `counterId` int(10) NOT NULL,
  `serviceTypeId` int(10) NOT NULL,
  `dateCreated` datetime(3) DEFAULT NULL,
  PRIMARY KEY (`id`)
) ENGINE=InnoDB AUTO_INCREMENT=107 DEFAULT CHARSET=utf8 COLLATE=utf8_unicode_ci;

--
-- Dumping data for table `counterservices`
--

INSERT INTO `counterservices` VALUES (1,8,1,'2020-10-17 19:20:32.683'),(2,5,1,'2020-10-19 17:32:22.656'),(3,5,2,'2020-10-19 17:32:48.289'),(4,8,2,'2020-10-22 12:58:12.326'),(5,8,3,'2020-10-22 12:58:41.049'),(6,8,7,'2020-10-22 13:29:49.547'),(7,14,1,'2020-10-22 15:47:46.393'),(8,14,2,'2020-10-22 15:48:11.148'),(9,15,3,'2020-10-23 19:14:29.241'),(10,15,1,'2020-10-23 19:15:01.031'),(11,6,1,'2020-10-23 19:53:09.376'),(12,14,8,'2020-10-28 16:10:58.653'),(13,15,3,'2020-11-02 15:05:25.145'),(14,27,1,'2020-11-03 06:44:56.869'),(15,27,2,'2020-11-03 06:45:17.916'),(16,27,7,'2020-11-03 06:45:41.359'),(19,30,1,'2020-11-05 19:59:55.473'),(20,30,2,'2020-11-05 20:00:19.041'),(21,30,5,'2020-11-05 20:00:35.187'),(22,30,73,'2020-11-05 20:00:53.419'),(23,30,9,'2020-11-05 20:01:11.935'),(24,31,1,'2020-11-05 20:02:19.209'),(28,31,16,'2020-11-05 20:03:19.165'),(30,32,1,'2020-11-05 20:06:21.061'),(31,32,3,'2020-11-05 20:06:57.464'),(32,32,5,'2020-11-05 20:07:12.547'),(33,32,7,'2020-11-05 20:07:29.003'),(35,32,2,'2020-11-05 20:08:25.251'),(36,32,9,'2020-11-05 20:08:51.474'),(37,34,5,'2020-11-05 20:14:11.612'),(38,34,3,'2020-11-05 20:14:31.129'),(41,33,1,'2020-11-05 20:16:58.477'),(42,33,2,'2020-11-05 20:17:21.560'),(43,33,9,'2020-11-05 20:17:42.983'),(44,33,16,'2020-11-05 20:18:11.316'),(45,31,72,'2020-11-05 20:19:08.046'),(47,34,7,'2020-11-06 16:01:49.185'),(48,31,7,'2020-11-12 11:50:53.546'),(51,35,2,'2020-11-16 09:43:08.007'),(53,38,1,'2020-11-16 20:24:47.091'),(58,38,73,'2020-11-16 20:26:05.097'),(59,38,9,'2020-11-16 20:26:21.832'),(61,38,5,'2020-11-18 09:23:55.449'),(63,39,1,'2020-11-18 19:59:04.792'),(64,39,2,'2020-11-18 19:59:26.076'),(65,39,5,'2020-11-18 19:59:41.522'),(66,39,9,'2020-11-18 19:59:57.722'),(67,39,73,'2020-11-18 20:00:19.098'),(68,31,74,'2020-11-21 17:37:46.880'),(69,39,75,'2020-11-21 17:39:20.284'),(70,39,5,'2020-11-26 13:45:24.974'),(71,31,5,'2020-11-26 13:46:05.491'),(72,40,5,'2020-11-26 13:56:59.844'),(74,41,2,'2020-11-26 17:39:36.174'),(75,41,3,'2020-11-26 17:40:08.087'),(76,41,9,'2020-11-26 17:40:31.776'),(77,41,73,'2020-11-26 17:41:01.362'),(79,41,75,'2020-11-26 17:46:24.675'),(80,27,1,'2020-11-26 20:28:01.843'),(81,27,2,'2020-11-26 20:28:47.793'),(82,35,3,'2020-11-26 20:29:29.767'),(83,9,3,'2020-11-26 20:30:25.588'),(84,9,5,'2020-11-26 20:30:58.723'),(85,27,7,'2020-11-26 20:31:35.038'),(86,9,10,'2020-11-26 20:32:27.549'),(87,9,1,'2020-11-26 20:30:10.078'),(88,9,1,'2020-11-26 20:32:10.753'),(90,32,16,'2020-11-27 14:24:46.146'),(91,35,1,'2020-11-27 15:57:57.468'),(92,35,5,'2020-11-27 15:58:26.277'),(93,35,10,'2020-11-27 16:00:11.726'),(94,35,7,'2020-11-27 16:00:57.879'),(95,42,1,'2020-11-27 17:55:25.193'),(96,42,2,'2020-11-27 17:55:51.181'),(97,42,3,'2020-11-27 17:56:19.292'),(98,42,5,'2020-11-27 17:56:42.550'),(99,42,7,'2020-11-27 17:56:56.257'),(100,42,16,'2020-11-27 17:57:11.367'),(101,41,76,'2020-11-27 18:57:47.378'),(102,41,77,'2020-11-27 18:58:09.162'),(103,43,1,'2020-12-04 11:48:27.593'),(104,43,2,'2020-12-04 11:48:44.755'),(105,43,9,'2020-12-04 11:49:01.169'),(106,43,16,'2020-12-04 11:49:19.008');

--
-- Table structure for table `customers`
--

CREATE TABLE `customers` (
  `id` int(20) NOT NULL AUTO_INCREMENT,
  `fullName` varchar(100) CHARACTER SET utf8 COLLATE utf8_unicode_ci DEFAULT NULL,
  `phone1` varchar(20) CHARACTER SET utf8 COLLATE utf8_unicode_ci DEFAULT NULL,
  `phone2` varchar(20) CHARACTER SET utf8 COLLATE utf8_unicode_ci DEFAULT NULL,
  `phone3` varchar(20) CHARACTER SET utf8 COLLATE utf8_unicode_ci DEFAULT NULL,
  `email` varchar(60) CHARACTER SET utf8 COLLATE utf8_unicode_ci DEFAULT NULL,
  `bankAcc1Name` varchar(50) CHARACTER SET utf8 COLLATE utf8_unicode_ci DEFAULT NULL,
  `bankAcc1` varchar(50) CHARACTER SET utf8 COLLATE utf8_unicode_ci DEFAULT NULL,
  `bankAcc2Name` varchar(50) CHARACTER SET utf8 COLLATE utf8_unicode_ci DEFAULT NULL,
  `bankAcc2` varchar(50) CHARACTER SET utf8 COLLATE utf8_unicode_ci DEFAULT NULL,
  `bankAcc3Name` varchar(50) CHARACTER SET utf8 COLLATE utf8_unicode_ci DEFAULT NULL,
  `bankAcc3` varchar(50) CHARACTER SET utf8 COLLATE utf8_unicode_ci DEFAULT NULL,
  `bankAcc4Name` varchar(50) CHARACTER SET utf8 COLLATE utf8_unicode_ci DEFAULT NULL,
  `bankAcc4` varchar(50) CHARACTER SET utf8 COLLATE utf8_unicode_ci DEFAULT NULL,
  `iDNo` int(15) DEFAULT NULL,
  `passportNo` varchar(20) CHARACTER SET utf8 COLLATE utf8_unicode_ci DEFAULT NULL,
  `active` int(2) DEFAULT NULL,
  `deleted` int(2) DEFAULT NULL,
  `dateCreated` datetime(3) DEFAULT NULL,
  PRIMARY KEY (`id`)
) ENGINE=InnoDB AUTO_INCREMENT=3 DEFAULT CHARSET=latin1;

--
-- Dumping data for table `customers`
--

INSERT INTO `customers` VALUES (2,'Eric Makali','0717 748846','0727567938','0726781759','','National Bank of Kenya','212563201147','Kenya Commercial Bank-KCB','2154789632010','Select Bank Account 1 Name','','Select Bank Account 1 Name','',215422101,'OLIKKJ7778889KK',1,0,'2020-11-11 18:21:46.525');

--
-- Table structure for table `endcountercashbalances`
--

CREATE TABLE `endcountercashbalances` (
  `id` int(10) NOT NULL AUTO_INCREMENT,
  `scBalId` int(20) DEFAULT NULL,
  `counterId` int(10) NOT NULL,
  `shopId` int(10) NOT NULL,
  `userId` int(10) NOT NULL,
  `endCashNotesAmount` decimal(15,2) NOT NULL,
  `endCoinsAmount` decimal(15,2) NOT NULL,
  `dateCreated` datetime(3) DEFAULT NULL,
  PRIMARY KEY (`id`)
) ENGINE=InnoDB AUTO_INCREMENT=238 DEFAULT CHARSET=utf8 COLLATE=utf8_unicode_ci;

--
-- Dumping data for table `endcountercashbalances`
--

INSERT INTO `endcountercashbalances` VALUES (108,129,31,61,39,6500.00,8500.00,'2020-11-17 19:02:48.919'),(109,130,38,61,38,678800.00,6118.00,'2020-11-18 08:33:10.807'),(110,130,38,61,38,678800.00,6118.00,'2020-11-18 08:56:28.208'),(111,130,38,61,38,25447.00,4455.00,'2020-11-18 09:22:58.380'),(112,130,38,61,38,5544.00,558.00,'2020-11-18 09:24:58.095'),(113,130,38,61,38,45800.00,5800.00,'2020-11-18 09:29:04.920'),(114,130,38,61,38,2558.00,2556.00,'2020-11-18 09:34:41.283'),(115,130,38,61,38,458000.00,4500.00,'2020-11-18 09:41:30.506'),(116,130,38,61,38,458000.00,4500.00,'2020-11-18 09:41:30.506'),(117,132,38,61,39,2500.00,3200.00,'2020-11-18 10:11:00.130'),(118,134,34,63,39,32500.00,36200.00,'2020-11-18 13:41:23.001'),(119,130,38,61,38,5888.00,5555.00,'2020-11-18 19:48:52.560'),(120,130,38,61,38,2500.00,2500.00,'2020-11-18 19:51:15.304'),(121,135,34,63,37,3250.00,3210.00,'2020-11-18 19:55:58.804'),(122,136,39,61,38,36280.00,33250.00,'2020-11-18 20:04:03.189'),(123,137,39,61,38,1779350.00,6224.00,'2020-11-18 22:12:54.224'),(124,138,39,61,38,678800.00,6118.00,'2020-11-19 09:25:20.911'),(125,139,39,61,38,1929350.00,6224.00,'2020-11-19 11:24:06.203'),(126,140,39,61,38,1929350.00,6224.00,'2020-11-19 11:38:12.045'),(127,142,39,61,38,1929350.00,6224.00,'2020-11-19 23:20:03.255'),(128,143,39,61,38,913100.00,9054.00,'2020-11-19 23:25:40.835'),(129,144,39,61,38,96.00,66.00,'2020-11-20 12:05:10.487'),(130,145,39,61,38,913100.00,9054.00,'2020-11-20 12:09:06.265'),(131,147,39,61,38,682500.00,8676.00,'2020-11-21 21:42:09.342'),(132,146,31,61,37,55.00,55.00,'2020-11-21 23:04:16.268'),(133,146,31,61,37,55.00,55.00,'2020-11-21 23:04:16.268'),(134,148,39,61,38,889550.00,12236.00,'2020-11-26 13:41:01.207'),(135,151,41,61,38,168350.00,5187.00,'2020-11-26 21:55:38.815'),(136,152,33,63,40,118600.00,607.00,'2020-11-27 12:36:42.307'),(137,153,34,63,40,0.00,0.00,'2020-11-27 12:41:24.734'),(138,154,32,62,39,181250.00,1280.00,'2020-11-27 14:14:25.606'),(139,155,32,62,39,181250.00,1280.00,'2020-11-27 14:46:22.209'),(140,156,35,64,42,99950.00,8702.00,'2020-11-27 17:35:19.408'),(141,157,42,64,42,99950.00,8702.00,'2020-11-27 18:05:31.216'),(142,160,32,62,41,889550.00,12236.00,'2020-11-27 19:38:49.049'),(143,159,41,61,38,202400.00,13723.00,'2020-11-27 21:51:30.191'),(144,34,42,64,42,81300.00,4856.00,'2020-11-28 20:08:18.084'),(145,162,42,64,42,81300.00,4856.00,'2020-11-28 20:13:47.438'),(146,163,41,61,38,560400.00,9427.00,'2020-11-29 15:32:43.717'),(147,164,31,61,37,6550.00,350.00,'2020-11-29 21:46:00.399'),(148,166,33,63,40,200300.00,214.00,'2020-11-30 20:47:17.979'),(149,168,41,61,38,1114900.00,1009.00,'2020-11-30 21:49:10.407'),(150,165,34,63,44,40700.00,146.00,'2020-11-30 23:07:14.566'),(151,172,42,64,42,13800.00,4413.00,'2020-12-01 20:10:26.954'),(152,172,42,64,42,13800.00,4413.00,'2020-12-01 20:30:28.740'),(153,172,42,64,42,13800.00,4413.00,'2020-12-01 20:35:20.377'),(154,173,41,61,38,431800.00,5356.00,'2020-12-01 22:16:58.554'),(155,170,33,63,40,235900.00,622.00,'2020-12-02 10:52:07.190'),(156,171,34,63,44,52850.00,56.00,'2020-12-02 18:44:34.182'),(157,174,42,64,42,61450.00,6503.00,'2020-12-02 20:04:55.916'),(158,177,31,61,37,185000.00,189.00,'2020-12-02 20:20:25.869'),(159,176,32,62,39,64850.00,2350.00,'2020-12-02 21:26:19.424'),(160,178,41,61,38,1441050.00,10804.00,'2020-12-02 21:47:45.456'),(161,175,33,63,40,95850.00,104.00,'2020-12-03 10:13:11.619'),(163,175,33,63,40,12000.00,2356.00,'2020-12-03 16:01:45.621'),(164,181,42,64,42,129950.00,5476.00,'2020-12-03 20:17:59.747'),(165,183,41,61,38,645200.00,8852.00,'2020-12-03 22:49:44.036'),(166,182,32,62,39,119300.00,1704.00,'2020-12-03 23:11:53.948'),(167,186,43,63,40,6500.00,68.00,'2020-12-04 19:42:20.370'),(168,185,42,64,42,139550.00,6632.00,'2020-12-04 20:08:35.914'),(169,189,41,61,38,967250.00,3175.00,'2020-12-04 21:40:52.850'),(170,184,34,63,44,9150.00,0.00,'2020-12-04 22:51:00.408'),(171,191,42,64,42,103550.00,5085.00,'2020-12-05 20:23:01.786'),(172,190,43,63,40,112150.00,59.00,'2020-12-05 21:35:13.061'),(173,187,32,62,39,111850.00,340.00,'2020-12-05 22:53:07.553'),(174,193,41,61,38,974650.00,1003.00,'2020-12-05 23:37:31.600'),(175,NULL,43,43,40,0.00,0.00,'2020-12-07 10:46:46.897'),(176,194,32,62,39,190600.00,970.00,'2020-12-07 23:16:45.255'),(177,198,41,61,38,1519900.00,6760.00,'2020-12-07 23:49:42.577'),(178,195,42,64,42,130850.00,1011.00,'2020-12-08 12:23:28.284'),(179,199,43,63,40,180800.00,127.00,'2020-12-08 19:58:34.973'),(180,202,41,61,38,200150.00,4234.00,'2020-12-08 21:47:10.149'),(181,200,32,62,39,163350.00,212.00,'2020-12-08 23:33:54.251'),(182,201,42,64,42,998.00,685.00,'2020-12-09 07:32:14.702'),(183,205,43,63,40,139250.00,293.00,'2020-12-09 20:05:56.080'),(184,204,31,61,37,18200.00,525.00,'2020-12-09 20:41:46.266'),(185,206,32,62,39,135450.00,1400.00,'2020-12-09 23:19:16.410'),(186,207,41,61,38,446250.00,95.00,'2020-12-09 23:36:14.421'),(187,203,42,64,42,104900.00,5903.00,'2020-12-10 07:31:38.945'),(188,209,43,63,40,210450.00,156.00,'2020-12-10 19:44:58.981'),(189,212,32,62,39,276550.00,640.00,'2020-12-10 21:42:22.065'),(190,211,41,61,38,1217600.00,6050.00,'2020-12-10 21:46:29.587'),(191,210,34,63,44,21600.00,109.00,'2020-12-10 22:53:20.879'),(192,208,42,64,42,115000.00,4044.00,'2020-12-11 07:55:05.772'),(193,215,43,63,40,54650.00,43.00,'2020-12-11 20:02:12.462'),(194,216,31,61,37,122800.00,385.00,'2020-12-11 20:39:44.268'),(195,217,41,61,38,1217000.00,4670.00,'2020-12-11 22:02:33.624'),(196,218,32,62,39,428340.00,480.00,'2020-12-11 23:02:36.252'),(197,213,42,64,42,136050.00,1718.00,'2020-12-12 09:29:55.523'),(198,220,31,61,37,234350.00,100.00,'2020-12-12 20:52:24.014'),(199,222,32,62,39,324200.00,880.00,'2020-12-12 23:13:30.280'),(200,221,41,61,38,1162500.00,1850.00,'2020-12-12 23:22:03.231'),(201,219,42,64,42,199750.00,553.00,'2020-12-13 08:51:39.071'),(202,225,31,61,37,155400.00,70.00,'2020-12-14 20:42:41.424'),(203,224,32,62,39,624650.00,128.00,'2020-12-14 22:15:46.767'),(204,226,41,61,38,981900.00,15402.00,'2020-12-14 22:41:06.255'),(205,223,43,63,40,87450.00,188.00,'2020-12-15 10:10:05.856'),(206,230,31,61,37,164400.00,60.00,'2020-12-15 20:39:09.202'),(207,227,42,64,42,156900.00,6929.00,'2020-12-15 20:40:03.450'),(208,229,32,62,39,125650.00,2050.00,'2020-12-15 21:53:52.346'),(209,231,41,61,38,418950.00,12159.00,'2020-12-15 21:59:12.780'),(210,228,43,63,40,78300.00,194.00,'2020-12-16 08:51:10.624'),(211,234,42,64,42,34550.00,8916.00,'2020-12-16 20:15:15.627'),(212,233,41,61,38,1152850.00,10187.00,'2020-12-16 22:00:37.693'),(213,235,32,62,39,344300.00,86.00,'2020-12-16 22:33:14.195'),(214,236,31,61,37,89350.00,82.00,'2020-12-16 23:17:39.259'),(215,237,42,64,42,102750.00,10315.00,'2020-12-17 20:39:01.056'),(216,240,31,61,37,48500.00,20.00,'2020-12-17 20:39:19.538'),(217,238,41,61,38,105950.00,7753.00,'2020-12-17 21:59:00.059'),(218,239,32,62,39,43300.00,520.00,'2020-12-17 23:23:35.513'),(219,242,31,61,37,188350.00,120.00,'2020-12-18 20:26:31.619'),(220,243,42,64,42,47150.00,12300.00,'2020-12-18 20:43:41.649'),(221,241,41,61,38,1533050.00,6328.00,'2020-12-18 21:55:08.852'),(222,244,32,62,39,206450.00,4435.00,'2020-12-18 22:34:41.285'),(223,245,43,63,33,1200.00,1100.00,'2020-12-19 07:32:38.412'),(224,246,43,63,40,1240.00,2500.00,'2020-12-19 07:58:52.192'),(225,232,43,63,40,102750.00,282.00,'2020-12-19 10:04:00.081'),(226,247,42,64,42,117800.00,4348.00,'2020-12-19 21:27:01.191'),(227,249,41,61,38,1689450.00,9088.00,'2020-12-19 22:00:21.496'),(228,248,43,63,40,127250.00,1061.00,'2020-12-21 08:23:35.126'),(229,252,42,64,42,152950.00,4970.00,'2020-12-21 20:19:43.046'),(230,250,43,63,40,82250.00,317.00,'2020-12-21 20:44:45.964'),(231,253,31,61,37,103200.00,20.00,'2020-12-21 20:42:06.280'),(232,251,32,62,39,85050.00,2307.00,'2020-12-21 21:23:30.837'),(233,254,41,61,38,2050050.00,7442.00,'2020-12-21 22:29:18.058'),(234,256,42,64,42,209700.00,4660.00,'2020-12-22 20:38:30.689'),(235,257,31,61,37,323650.00,120.00,'2020-12-22 20:47:11.569'),(236,258,32,62,39,145050.00,685.00,'2020-12-22 21:38:17.877'),(237,259,41,61,38,1422600.00,6135.00,'2020-12-22 22:55:48.704');

--
-- Table structure for table `endcounterdetails`
--

CREATE TABLE `endcounterdetails` (
  `id` int(15) NOT NULL AUTO_INCREMENT,
  `ecBalId` int(11) DEFAULT NULL,
  `counterId` int(10) NOT NULL,
  `shopId` int(5) NOT NULL,
  `serviceTypeId` int(5) NOT NULL,
  `userId` int(10) NOT NULL,
  `endBalanceAmount` decimal(15,2) NOT NULL,
  `endCashNotesAmount` decimal(15,2) NOT NULL,
  `endCoinsAmount` decimal(9,2) NOT NULL,
  `dateCreated` datetime(3) DEFAULT NULL,
  PRIMARY KEY (`id`)
) ENGINE=InnoDB AUTO_INCREMENT=1633 DEFAULT CHARSET=utf8 COLLATE=utf8_unicode_ci;

--
-- Dumping data for table `endcounterdetails`
--

INSERT INTO `endcounterdetails` VALUES (312,108,31,61,1,39,1240.00,0.00,0.00,'2020-11-17 19:02:48.919'),(313,108,31,61,3,39,12500.00,0.00,0.00,'2020-11-17 19:02:48.919'),(314,108,31,61,16,39,36500.00,0.00,0.00,'2020-11-17 19:02:48.919'),(315,108,31,61,72,39,58400.00,0.00,0.00,'2020-11-17 19:02:48.919'),(316,108,31,61,7,39,15400.00,0.00,0.00,'2020-11-17 19:02:48.919'),(322,109,38,61,1,38,843571.00,0.00,0.00,'2020-11-18 08:33:10.807'),(323,110,38,61,1,38,843571.00,0.00,0.00,'2020-11-18 08:56:28.208'),(325,111,38,61,1,38,558.00,0.00,0.00,'2020-11-18 09:22:58.380'),(326,111,38,61,2,38,1244.00,0.00,0.00,'2020-11-18 09:22:58.380'),(327,111,38,61,2,38,885.00,0.00,0.00,'2020-11-18 09:22:58.380'),(328,111,38,61,73,38,5544.00,0.00,0.00,'2020-11-18 09:22:58.380'),(329,111,38,61,9,38,555.00,0.00,0.00,'2020-11-18 09:22:58.380'),(330,112,38,61,1,38,12008.00,0.00,0.00,'2020-11-18 09:24:58.095'),(331,112,38,61,73,38,1244.00,0.00,0.00,'2020-11-18 09:24:58.095'),(332,112,38,61,9,38,888.00,0.00,0.00,'2020-11-18 09:24:58.095'),(333,112,38,61,2,38,258.00,0.00,0.00,'2020-11-18 09:24:58.095'),(334,112,38,61,5,38,1445.00,0.00,0.00,'2020-11-18 09:24:58.095'),(345,113,38,61,1,38,800000.00,0.00,0.00,'2020-11-18 09:29:04.920'),(346,113,38,61,73,38,4580.00,0.00,0.00,'2020-11-18 09:29:04.920'),(347,113,38,61,9,38,14050.00,0.00,0.00,'2020-11-18 09:29:04.920'),(348,113,38,61,2,38,397000.00,0.00,0.00,'2020-11-18 09:29:04.920'),(349,113,38,61,5,38,45600.00,0.00,0.00,'2020-11-18 09:29:04.920'),(350,113,38,61,2,38,0.00,0.00,0.00,'2020-11-18 09:29:04.920'),(351,114,38,61,1,38,566.00,0.00,0.00,'2020-11-18 09:34:41.283'),(352,114,38,61,73,38,588.00,0.00,0.00,'2020-11-18 09:34:41.283'),(353,114,38,61,9,38,499.00,0.00,0.00,'2020-11-18 09:34:41.283'),(354,114,38,61,2,38,552.00,0.00,0.00,'2020-11-18 09:34:41.283'),(355,114,38,61,5,38,5599.00,0.00,0.00,'2020-11-18 09:34:41.283'),(356,114,38,61,2,38,5585.00,0.00,0.00,'2020-11-18 09:34:41.283'),(369,115,38,61,1,38,856000.00,0.00,0.00,'2020-11-18 09:41:30.506'),(370,115,38,61,73,38,4568.00,0.00,0.00,'2020-11-18 09:41:30.506'),(371,115,38,61,9,38,45680.00,0.00,0.00,'2020-11-18 09:41:30.506'),(372,115,38,61,2,38,450000.00,0.00,0.00,'2020-11-18 09:41:30.506'),(373,115,38,61,5,38,56000.00,0.00,0.00,'2020-11-18 09:41:30.506'),(374,117,38,61,1,39,2100.00,0.00,0.00,'2020-11-18 10:11:00.130'),(375,117,38,61,73,39,3200.00,0.00,0.00,'2020-11-18 10:11:00.130'),(376,117,38,61,9,39,3600.00,0.00,0.00,'2020-11-18 10:11:00.130'),(377,117,38,61,2,39,32410.00,0.00,0.00,'2020-11-18 10:11:00.130'),(378,117,38,61,5,39,52870.00,0.00,0.00,'2020-11-18 10:11:00.130'),(379,117,38,61,2,39,36520.00,0.00,0.00,'2020-11-18 10:11:00.130'),(386,118,34,63,5,39,3250.00,0.00,0.00,'2020-11-18 13:41:23.001'),(387,118,34,63,3,39,32500.00,0.00,0.00,'2020-11-18 13:41:23.001'),(388,118,34,63,7,39,12580.00,0.00,0.00,'2020-11-18 13:41:23.001'),(389,NULL,34,63,5,39,0.00,0.00,0.00,'2020-11-18 13:41:23.001'),(390,NULL,34,63,3,39,0.00,0.00,0.00,'2020-11-18 13:41:23.001'),(391,NULL,34,63,7,39,0.00,0.00,0.00,'2020-11-18 13:41:23.001'),(392,119,38,61,1,38,558.00,0.00,0.00,'2020-11-18 19:48:52.560'),(393,119,38,61,73,38,447.00,0.00,0.00,'2020-11-18 19:48:52.560'),(394,119,38,61,9,38,558.00,0.00,0.00,'2020-11-18 19:48:52.560'),(395,119,38,61,5,38,555.00,0.00,0.00,'2020-11-18 19:48:52.560'),(396,NULL,38,61,1,38,0.00,0.00,0.00,'2020-11-18 19:48:52.561'),(397,NULL,38,61,73,38,0.00,0.00,0.00,'2020-11-18 19:48:52.561'),(398,NULL,38,61,9,38,0.00,0.00,0.00,'2020-11-18 19:48:52.561'),(399,NULL,38,61,5,38,0.00,0.00,0.00,'2020-11-18 19:48:52.561'),(400,120,38,61,1,38,1280.00,0.00,0.00,'2020-11-18 19:51:15.304'),(401,120,38,61,73,38,1230.00,0.00,0.00,'2020-11-18 19:51:15.304'),(402,120,38,61,9,38,2350.00,0.00,0.00,'2020-11-18 19:51:15.304'),(403,120,38,61,5,38,3210.00,0.00,0.00,'2020-11-18 19:51:15.304'),(404,NULL,38,61,1,38,0.00,0.00,0.00,'2020-11-18 19:51:15.304'),(405,NULL,38,61,73,38,0.00,0.00,0.00,'2020-11-18 19:51:15.304'),(406,NULL,38,61,9,38,0.00,0.00,0.00,'2020-11-18 19:51:15.304'),(407,NULL,38,61,5,38,0.00,0.00,0.00,'2020-11-18 19:51:15.304'),(408,121,34,63,5,37,1235.00,0.00,0.00,'2020-11-18 19:55:58.804'),(409,121,34,63,3,37,32150.00,0.00,0.00,'2020-11-18 19:55:58.804'),(410,121,34,63,7,37,32510.00,0.00,0.00,'2020-11-18 19:55:58.804'),(411,NULL,34,63,5,37,0.00,0.00,0.00,'2020-11-18 19:55:58.804'),(412,NULL,34,63,3,37,0.00,0.00,0.00,'2020-11-18 19:55:58.804'),(413,NULL,34,63,7,37,0.00,0.00,0.00,'2020-11-18 19:55:58.804'),(414,122,39,61,1,38,32560.00,0.00,0.00,'2020-11-18 20:04:03.189'),(415,122,39,61,2,38,32560.00,0.00,0.00,'2020-11-18 20:04:03.189'),(416,122,39,61,5,38,23510.00,0.00,0.00,'2020-11-18 20:04:03.189'),(417,122,39,61,9,38,32520.00,0.00,0.00,'2020-11-18 20:04:03.189'),(418,122,39,61,73,38,36520.00,0.00,0.00,'2020-11-18 20:04:03.189'),(419,123,39,61,1,38,83010.00,0.00,0.00,'2020-11-18 22:12:54.224'),(420,123,39,61,2,38,4331.00,0.00,0.00,'2020-11-18 22:12:54.224'),(421,123,39,61,5,38,26295.00,0.00,0.00,'2020-11-18 22:12:54.224'),(422,123,39,61,9,38,8909.00,0.00,0.00,'2020-11-18 22:12:54.224'),(423,123,39,61,73,38,58734.00,0.00,0.00,'2020-11-18 22:12:54.224'),(424,NULL,39,61,1,38,0.00,0.00,0.00,'2020-11-18 22:12:54.224'),(425,NULL,39,61,2,38,0.00,0.00,0.00,'2020-11-18 22:12:54.224'),(426,NULL,39,61,5,38,0.00,0.00,0.00,'2020-11-18 22:12:54.224'),(427,NULL,39,61,9,38,0.00,0.00,0.00,'2020-11-18 22:12:54.224'),(428,NULL,39,61,73,38,0.00,0.00,0.00,'2020-11-18 22:12:54.224'),(429,124,39,61,1,38,843571.00,0.00,0.00,'2020-11-19 09:25:20.911'),(430,124,39,61,2,38,395797.00,0.00,0.00,'2020-11-19 09:25:20.911'),(431,124,39,61,5,38,119640.00,0.00,0.00,'2020-11-19 09:25:20.911'),(432,124,39,61,9,38,14309.00,0.00,0.00,'2020-11-19 09:25:20.911'),(433,124,39,61,73,38,32734.00,0.00,0.00,'2020-11-19 09:25:20.911'),(434,NULL,39,61,1,38,0.00,0.00,0.00,'2020-11-19 09:25:20.912'),(435,NULL,39,61,2,38,0.00,0.00,0.00,'2020-11-19 09:25:20.912'),(436,NULL,39,61,5,38,0.00,0.00,0.00,'2020-11-19 09:25:20.912'),(437,NULL,39,61,9,38,0.00,0.00,0.00,'2020-11-19 09:25:20.912'),(438,NULL,39,61,73,38,0.00,0.00,0.00,'2020-11-19 09:25:20.912'),(439,125,39,61,1,38,83010.00,0.00,0.00,'2020-11-19 11:24:06.203'),(440,125,39,61,2,38,4331.00,0.00,0.00,'2020-11-19 11:24:06.203'),(441,125,39,61,5,38,26295.00,0.00,0.00,'2020-11-19 11:24:06.203'),(442,125,39,61,9,38,8909.00,0.00,0.00,'2020-11-19 11:24:06.203'),(443,125,39,61,73,38,58734.00,0.00,0.00,'2020-11-19 11:24:06.203'),(444,126,39,61,1,38,83010.00,0.00,0.00,'2020-11-19 11:38:12.045'),(445,126,39,61,2,38,4331.00,0.00,0.00,'2020-11-19 11:38:12.045'),(446,126,39,61,5,38,26295.00,0.00,0.00,'2020-11-19 11:38:12.045'),(447,126,39,61,9,38,8909.00,0.00,0.00,'2020-11-19 11:38:12.045'),(448,126,39,61,73,38,58734.00,0.00,0.00,'2020-11-19 11:38:12.045'),(449,NULL,39,61,1,38,0.00,0.00,0.00,'2020-11-19 11:24:06.204'),(450,NULL,39,61,2,38,0.00,0.00,0.00,'2020-11-19 11:24:06.204'),(451,NULL,39,61,5,38,0.00,0.00,0.00,'2020-11-19 11:24:06.204'),(452,NULL,39,61,9,38,0.00,0.00,0.00,'2020-11-19 11:24:06.204'),(453,NULL,39,61,73,38,0.00,0.00,0.00,'2020-11-19 11:24:06.204'),(454,NULL,39,61,1,38,0.00,0.00,0.00,'2020-11-19 11:38:12.046'),(455,NULL,39,61,2,38,0.00,0.00,0.00,'2020-11-19 11:38:12.046'),(456,NULL,39,61,5,38,0.00,0.00,0.00,'2020-11-19 11:38:12.046'),(457,NULL,39,61,9,38,0.00,0.00,0.00,'2020-11-19 11:38:12.046'),(458,NULL,39,61,73,38,0.00,0.00,0.00,'2020-11-19 11:38:12.046'),(459,127,39,61,1,38,83010.00,0.00,0.00,'2020-11-19 23:20:03.255'),(460,127,39,61,2,38,4331.00,0.00,0.00,'2020-11-19 23:20:03.255'),(461,127,39,61,5,38,26295.00,0.00,0.00,'2020-11-19 23:20:03.255'),(462,127,39,61,9,38,8909.00,0.00,0.00,'2020-11-19 23:20:03.255'),(463,127,39,61,73,38,58734.00,0.00,0.00,'2020-11-19 23:20:03.255'),(464,128,39,61,1,38,591050.00,0.00,0.00,'2020-11-19 23:25:40.835'),(465,128,39,61,2,38,221376.00,0.00,0.00,'2020-11-19 23:25:40.835'),(466,128,39,61,5,38,142195.00,0.00,0.00,'2020-11-19 23:25:40.835'),(467,128,39,61,9,38,4809.00,0.00,0.00,'2020-11-19 23:25:40.835'),(468,128,39,61,73,38,63484.00,0.00,0.00,'2020-11-19 23:25:40.835'),(469,NULL,39,61,1,38,0.00,0.00,0.00,'2020-11-19 23:20:03.256'),(470,NULL,39,61,2,38,0.00,0.00,0.00,'2020-11-19 23:20:03.256'),(471,NULL,39,61,5,38,0.00,0.00,0.00,'2020-11-19 23:20:03.256'),(472,NULL,39,61,9,38,0.00,0.00,0.00,'2020-11-19 23:20:03.256'),(473,NULL,39,61,73,38,0.00,0.00,0.00,'2020-11-19 23:20:03.256'),(474,NULL,39,61,1,38,0.00,0.00,0.00,'2020-11-19 23:25:40.835'),(475,NULL,39,61,2,38,0.00,0.00,0.00,'2020-11-19 23:25:40.835'),(476,NULL,39,61,5,38,0.00,0.00,0.00,'2020-11-19 23:25:40.835'),(477,NULL,39,61,9,38,0.00,0.00,0.00,'2020-11-19 23:25:40.835'),(478,NULL,39,61,73,38,0.00,0.00,0.00,'2020-11-19 23:25:40.835'),(479,129,39,61,1,38,998.00,0.00,0.00,'2020-11-20 12:05:10.487'),(480,129,39,61,2,38,96.00,0.00,0.00,'2020-11-20 12:05:10.487'),(481,129,39,61,5,38,96.00,0.00,0.00,'2020-11-20 12:05:10.487'),(482,129,39,61,9,38,86.00,0.00,0.00,'2020-11-20 12:05:10.487'),(483,129,39,61,73,38,88.00,0.00,0.00,'2020-11-20 12:05:10.487'),(484,130,39,61,1,38,591050.00,0.00,0.00,'2020-11-20 12:09:06.265'),(485,130,39,61,2,38,221376.00,0.00,0.00,'2020-11-20 12:09:06.265'),(486,130,39,61,5,38,142195.00,0.00,0.00,'2020-11-20 12:09:06.265'),(487,130,39,61,9,38,4809.00,0.00,0.00,'2020-11-20 12:09:06.265'),(488,130,39,61,73,38,63484.00,0.00,0.00,'2020-11-20 12:09:06.265'),(489,NULL,39,61,1,38,0.00,0.00,0.00,'2020-11-20 12:05:10.487'),(490,NULL,39,61,2,38,0.00,0.00,0.00,'2020-11-20 12:05:10.487'),(491,NULL,39,61,5,38,0.00,0.00,0.00,'2020-11-20 12:05:10.487'),(492,NULL,39,61,9,38,0.00,0.00,0.00,'2020-11-20 12:05:10.487'),(493,NULL,39,61,73,38,0.00,0.00,0.00,'2020-11-20 12:05:10.487'),(494,NULL,39,61,1,38,0.00,0.00,0.00,'2020-11-20 12:09:06.266'),(495,NULL,39,61,2,38,0.00,0.00,0.00,'2020-11-20 12:09:06.266'),(496,NULL,39,61,5,38,0.00,0.00,0.00,'2020-11-20 12:09:06.266'),(497,NULL,39,61,9,38,0.00,0.00,0.00,'2020-11-20 12:09:06.266'),(498,NULL,39,61,73,38,0.00,0.00,0.00,'2020-11-20 12:09:06.266'),(499,NULL,39,61,1,38,0.00,0.00,0.00,'2020-11-18 20:04:03.189'),(500,NULL,39,61,2,38,0.00,0.00,0.00,'2020-11-18 20:04:03.189'),(501,NULL,39,61,5,38,0.00,0.00,0.00,'2020-11-18 20:04:03.189'),(502,NULL,39,61,9,38,0.00,0.00,0.00,'2020-11-18 20:04:03.189'),(503,NULL,39,61,73,38,0.00,0.00,0.00,'2020-11-18 20:04:03.189'),(504,131,39,61,1,38,569613.00,0.00,0.00,'2020-11-21 21:42:09.342'),(505,131,39,61,2,38,10514.00,0.00,0.00,'2020-11-21 21:42:09.342'),(506,131,39,61,5,38,185810.00,0.00,0.00,'2020-11-21 21:42:09.342'),(507,131,39,61,9,38,1209.00,0.00,0.00,'2020-11-21 21:42:09.342'),(508,131,39,61,73,38,73884.00,0.00,0.00,'2020-11-21 21:42:09.342'),(509,131,39,61,75,38,0.00,0.00,0.00,'2020-11-21 21:42:09.342'),(510,NULL,39,61,1,38,0.00,0.00,0.00,'2020-11-21 21:42:09.343'),(511,NULL,39,61,2,38,0.00,0.00,0.00,'2020-11-21 21:42:09.343'),(512,NULL,39,61,5,38,0.00,0.00,0.00,'2020-11-21 21:42:09.343'),(513,NULL,39,61,9,38,0.00,0.00,0.00,'2020-11-21 21:42:09.343'),(514,NULL,39,61,73,38,0.00,0.00,0.00,'2020-11-21 21:42:09.343'),(515,NULL,39,61,75,38,0.00,0.00,0.00,'2020-11-21 21:42:09.343'),(516,NULL,31,61,1,37,0.00,0.00,0.00,'2020-11-21 23:04:16.269'),(517,NULL,31,61,3,37,0.00,0.00,0.00,'2020-11-21 23:04:16.269'),(518,NULL,31,61,3,37,0.00,0.00,0.00,'2020-11-21 23:04:16.269'),(519,NULL,31,61,16,37,0.00,0.00,0.00,'2020-11-21 23:04:16.269'),(520,NULL,31,61,16,37,0.00,0.00,0.00,'2020-11-21 23:04:16.269'),(521,NULL,31,61,72,37,0.00,0.00,0.00,'2020-11-21 23:04:16.269'),(522,NULL,31,61,72,37,0.00,0.00,0.00,'2020-11-21 23:04:16.269'),(523,NULL,31,61,7,37,0.00,0.00,0.00,'2020-11-21 23:04:16.269'),(524,NULL,31,61,7,37,0.00,0.00,0.00,'2020-11-21 23:04:16.269'),(525,NULL,31,61,74,37,0.00,0.00,0.00,'2020-11-21 23:04:16.269'),(526,NULL,31,61,74,37,0.00,0.00,0.00,'2020-11-21 23:04:16.269'),(527,134,39,61,1,38,534474.00,0.00,0.00,'2020-11-26 13:41:01.207'),(528,134,39,61,2,38,13951.00,0.00,0.00,'2020-11-26 13:41:01.207'),(529,134,39,61,5,38,38530.00,0.00,0.00,'2020-11-26 13:41:01.207'),(530,134,39,61,9,38,114.00,0.00,0.00,'2020-11-26 13:41:01.207'),(531,134,39,61,73,38,98834.00,0.00,0.00,'2020-11-26 13:41:01.207'),(532,134,39,61,75,38,0.00,0.00,0.00,'2020-11-26 13:41:01.207'),(533,NULL,39,61,1,38,0.00,0.00,0.00,'2020-11-26 13:41:01.207'),(534,NULL,39,61,2,38,0.00,0.00,0.00,'2020-11-26 13:41:01.207'),(535,NULL,39,61,5,38,0.00,0.00,0.00,'2020-11-26 13:41:01.207'),(536,NULL,39,61,9,38,0.00,0.00,0.00,'2020-11-26 13:41:01.207'),(537,NULL,39,61,73,38,0.00,0.00,0.00,'2020-11-26 13:41:01.207'),(538,NULL,39,61,75,38,0.00,0.00,0.00,'2020-11-26 13:41:01.207'),(539,135,41,61,1,38,1241946.00,0.00,0.00,'2020-11-26 21:55:38.815'),(540,135,41,61,2,38,14906.00,0.00,0.00,'2020-11-26 21:55:38.815'),(541,135,41,61,3,38,38004.00,0.00,0.00,'2020-11-26 21:55:38.815'),(542,135,41,61,9,38,20014.00,0.00,0.00,'2020-11-26 21:55:38.815'),(543,135,41,61,73,38,101084.00,0.00,0.00,'2020-11-26 21:55:38.815'),(544,135,41,61,75,38,0.00,0.00,0.00,'2020-11-26 21:55:38.815'),(545,NULL,41,61,1,38,0.00,0.00,0.00,'2020-11-26 21:55:38.816'),(546,NULL,41,61,2,38,0.00,0.00,0.00,'2020-11-26 21:55:38.816'),(547,NULL,41,61,3,38,0.00,0.00,0.00,'2020-11-26 21:55:38.816'),(548,NULL,41,61,9,38,0.00,0.00,0.00,'2020-11-26 21:55:38.816'),(549,NULL,41,61,73,38,0.00,0.00,0.00,'2020-11-26 21:55:38.816'),(550,NULL,41,61,75,38,0.00,0.00,0.00,'2020-11-26 21:55:38.816'),(551,136,33,63,1,40,278726.00,0.00,0.00,'2020-11-27 12:36:42.307'),(552,136,33,63,2,40,19285.00,0.00,0.00,'2020-11-27 12:36:42.307'),(553,136,33,63,9,40,3395.00,0.00,0.00,'2020-11-27 12:36:42.307'),(554,136,33,63,16,40,5412.00,0.00,0.00,'2020-11-27 12:36:42.307'),(555,137,34,63,5,40,1615.00,0.00,0.00,'2020-11-27 12:41:24.734'),(556,137,34,63,3,40,26133.00,0.00,0.00,'2020-11-27 12:41:24.734'),(557,137,34,63,7,40,12890.00,0.00,0.00,'2020-11-27 12:41:24.734'),(558,NULL,33,63,1,40,0.00,0.00,0.00,'2020-11-27 12:36:42.307'),(559,NULL,33,63,2,40,0.00,0.00,0.00,'2020-11-27 12:36:42.307'),(560,NULL,33,63,9,40,0.00,0.00,0.00,'2020-11-27 12:36:42.307'),(561,NULL,33,63,16,40,0.00,0.00,0.00,'2020-11-27 12:36:42.307'),(562,NULL,34,63,5,40,0.00,0.00,0.00,'2020-11-27 12:41:24.734'),(563,NULL,34,63,3,40,0.00,0.00,0.00,'2020-11-27 12:41:24.734'),(564,NULL,34,63,7,40,0.00,0.00,0.00,'2020-11-27 12:41:24.734'),(565,138,32,62,1,39,132670.00,0.00,0.00,'2020-11-27 14:14:25.606'),(566,138,32,62,3,39,15581.00,0.00,0.00,'2020-11-27 14:14:25.606'),(567,138,32,62,5,39,0.00,0.00,0.00,'2020-11-27 14:14:25.606'),(568,138,32,62,7,39,36474.00,0.00,0.00,'2020-11-27 14:14:25.606'),(569,138,32,62,2,39,75016.00,0.00,0.00,'2020-11-27 14:14:25.606'),(570,138,32,62,9,39,6370.00,0.00,0.00,'2020-11-27 14:14:25.606'),(571,139,32,62,1,39,132670.00,0.00,0.00,'2020-11-27 14:46:22.209'),(572,139,32,62,3,39,15581.00,0.00,0.00,'2020-11-27 14:46:22.209'),(573,139,32,62,5,39,0.00,0.00,0.00,'2020-11-27 14:46:22.209'),(574,139,32,62,7,39,36474.00,0.00,0.00,'2020-11-27 14:46:22.209'),(575,139,32,62,2,39,75016.00,0.00,0.00,'2020-11-27 14:46:22.209'),(576,139,32,62,9,39,6370.00,0.00,0.00,'2020-11-27 14:46:22.209'),(577,139,32,62,16,39,30186.00,0.00,0.00,'2020-11-27 14:46:22.209'),(578,NULL,32,62,1,39,0.00,0.00,0.00,'2020-11-27 14:46:22.209'),(579,NULL,32,62,3,39,0.00,0.00,0.00,'2020-11-27 14:46:22.209'),(580,NULL,32,62,5,39,0.00,0.00,0.00,'2020-11-27 14:46:22.209'),(581,NULL,32,62,7,39,0.00,0.00,0.00,'2020-11-27 14:46:22.209'),(582,NULL,32,62,2,39,0.00,0.00,0.00,'2020-11-27 14:46:22.209'),(583,NULL,32,62,9,39,0.00,0.00,0.00,'2020-11-27 14:46:22.209'),(584,NULL,32,62,16,39,0.00,0.00,0.00,'2020-11-27 14:46:22.209'),(585,140,35,64,2,42,8250.00,0.00,0.00,'2020-11-27 17:35:19.408'),(586,140,35,64,3,42,22864.00,0.00,0.00,'2020-11-27 17:35:19.408'),(587,140,35,64,1,42,65374.00,0.00,0.00,'2020-11-27 17:35:19.408'),(588,140,35,64,5,42,0.00,0.00,0.00,'2020-11-27 17:35:19.408'),(589,140,35,64,10,42,25.00,0.00,0.00,'2020-11-27 17:35:19.408'),(590,140,35,64,7,42,13340.00,0.00,0.00,'2020-11-27 17:35:19.408'),(591,NULL,35,64,2,42,0.00,0.00,0.00,'2020-11-27 17:35:19.408'),(592,NULL,35,64,3,42,0.00,0.00,0.00,'2020-11-27 17:35:19.408'),(593,NULL,35,64,1,42,0.00,0.00,0.00,'2020-11-27 17:35:19.408'),(594,NULL,35,64,5,42,0.00,0.00,0.00,'2020-11-27 17:35:19.408'),(595,NULL,35,64,10,42,0.00,0.00,0.00,'2020-11-27 17:35:19.408'),(596,NULL,35,64,7,42,0.00,0.00,0.00,'2020-11-27 17:35:19.408'),(597,141,42,64,1,42,65374.00,0.00,0.00,'2020-11-27 18:05:31.216'),(598,141,42,64,2,42,8250.00,0.00,0.00,'2020-11-27 18:05:31.216'),(599,141,42,64,3,42,22864.00,0.00,0.00,'2020-11-27 18:05:31.216'),(600,141,42,64,5,42,0.00,0.00,0.00,'2020-11-27 18:05:31.216'),(601,141,42,64,7,42,13340.00,0.00,0.00,'2020-11-27 18:05:31.216'),(602,141,42,64,16,42,25.00,0.00,0.00,'2020-11-27 18:05:31.216'),(603,142,32,62,1,41,534474.00,0.00,0.00,'2020-11-27 19:38:49.049'),(604,142,32,62,3,41,0.00,0.00,0.00,'2020-11-27 19:38:49.049'),(605,142,32,62,5,41,38530.00,0.00,0.00,'2020-11-27 19:38:49.049'),(606,142,32,62,7,41,0.00,0.00,0.00,'2020-11-27 19:38:49.049'),(607,142,32,62,2,41,13951.00,0.00,0.00,'2020-11-27 19:38:49.049'),(608,142,32,62,9,41,114.00,0.00,0.00,'2020-11-27 19:38:49.049'),(609,142,32,62,16,41,0.00,0.00,0.00,'2020-11-27 19:38:49.049'),(610,143,41,61,2,38,450521.00,0.00,0.00,'2020-11-27 21:51:30.191'),(611,143,41,61,3,38,449369.00,0.00,0.00,'2020-11-27 21:51:30.191'),(612,143,41,61,9,38,14394.00,0.00,0.00,'2020-11-27 21:51:30.191'),(613,143,41,61,73,38,103384.00,0.00,0.00,'2020-11-27 21:51:30.191'),(614,143,41,61,75,38,0.00,0.00,0.00,'2020-11-27 21:51:30.191'),(615,143,41,61,76,38,565486.00,0.00,0.00,'2020-11-27 21:51:30.191'),(616,143,41,61,77,38,45483.00,0.00,0.00,'2020-11-27 21:51:30.191'),(617,NULL,41,61,2,38,0.00,0.00,0.00,'2020-11-27 21:51:30.191'),(618,NULL,41,61,3,38,0.00,0.00,0.00,'2020-11-27 21:51:30.191'),(619,NULL,41,61,9,38,0.00,0.00,0.00,'2020-11-27 21:51:30.191'),(620,NULL,41,61,73,38,0.00,0.00,0.00,'2020-11-27 21:51:30.191'),(621,NULL,41,61,75,38,0.00,0.00,0.00,'2020-11-27 21:51:30.191'),(622,NULL,41,61,76,38,0.00,0.00,0.00,'2020-11-27 21:51:30.191'),(623,NULL,41,61,77,38,0.00,0.00,0.00,'2020-11-27 21:51:30.191'),(624,144,42,64,1,42,5274.00,0.00,0.00,'2020-11-28 20:08:18.084'),(625,144,42,64,2,42,17440.00,0.00,0.00,'2020-11-28 20:08:18.084'),(626,144,42,64,3,42,38168.00,0.00,0.00,'2020-11-28 20:08:18.084'),(627,144,42,64,5,42,0.00,0.00,0.00,'2020-11-28 20:08:18.084'),(628,144,42,64,7,42,18156.00,0.00,0.00,'2020-11-28 20:08:18.084'),(629,144,42,64,16,42,1745.00,0.00,0.00,'2020-11-28 20:08:18.084'),(630,145,42,64,1,42,5274.00,0.00,0.00,'2020-11-28 20:13:47.438'),(631,145,42,64,2,42,17440.00,0.00,0.00,'2020-11-28 20:13:47.438'),(632,145,42,64,3,42,38168.00,0.00,0.00,'2020-11-28 20:13:47.438'),(633,145,42,64,5,42,0.00,0.00,0.00,'2020-11-28 20:13:47.438'),(634,145,42,64,7,42,18156.00,0.00,0.00,'2020-11-28 20:13:47.438'),(635,145,42,64,16,42,1745.00,0.00,0.00,'2020-11-28 20:13:47.438'),(636,NULL,32,62,3,41,0.00,0.00,0.00,'2020-11-27 19:38:49.049'),(637,NULL,32,62,5,41,0.00,0.00,0.00,'2020-11-27 19:38:49.049'),(638,NULL,32,62,7,41,0.00,0.00,0.00,'2020-11-27 19:38:49.049'),(639,NULL,32,62,2,41,0.00,0.00,0.00,'2020-11-27 19:38:49.049'),(640,NULL,32,62,9,41,0.00,0.00,0.00,'2020-11-27 19:38:49.049'),(641,NULL,32,62,16,41,0.00,0.00,0.00,'2020-11-27 19:38:49.049'),(642,146,41,61,2,38,189457.00,0.00,0.00,'2020-11-29 15:32:43.717'),(643,146,41,61,3,38,237441.00,0.00,0.00,'2020-11-29 15:32:43.717'),(644,146,41,61,9,38,11844.00,0.00,0.00,'2020-11-29 15:32:43.717'),(645,146,41,61,73,38,119084.00,0.00,0.00,'2020-11-29 15:32:43.717'),(646,146,41,61,75,38,0.00,0.00,0.00,'2020-11-29 15:32:43.717'),(647,146,41,61,76,38,368121.00,0.00,0.00,'2020-11-29 15:32:43.717'),(648,146,41,61,77,38,3584.00,0.00,0.00,'2020-11-29 15:32:43.717'),(649,147,31,61,1,37,9552.00,0.00,0.00,'2020-11-29 21:46:00.399'),(650,147,31,61,16,37,23352.00,0.00,0.00,'2020-11-29 21:46:00.399'),(651,147,31,61,72,37,33916.00,0.00,0.00,'2020-11-29 21:46:00.399'),(652,147,31,61,7,37,134099.00,0.00,0.00,'2020-11-29 21:46:00.399'),(653,147,31,61,74,37,8994.00,0.00,0.00,'2020-11-29 21:46:00.399'),(654,147,31,61,5,37,93930.00,0.00,0.00,'2020-11-29 21:46:00.399'),(655,NULL,31,61,1,37,0.00,0.00,0.00,'2020-11-29 21:46:00.399'),(656,NULL,31,61,16,37,0.00,0.00,0.00,'2020-11-29 21:46:00.399'),(657,NULL,31,61,72,37,0.00,0.00,0.00,'2020-11-29 21:46:00.399'),(658,NULL,31,61,7,37,0.00,0.00,0.00,'2020-11-29 21:46:00.399'),(659,NULL,31,61,74,37,0.00,0.00,0.00,'2020-11-29 21:46:00.399'),(660,NULL,31,61,5,37,0.00,0.00,0.00,'2020-11-29 21:46:00.399'),(661,NULL,41,61,2,38,0.00,0.00,0.00,'2020-11-29 15:32:43.717'),(662,NULL,41,61,3,38,0.00,0.00,0.00,'2020-11-29 15:32:43.717'),(663,NULL,41,61,9,38,0.00,0.00,0.00,'2020-11-29 15:32:43.717'),(664,NULL,41,61,73,38,0.00,0.00,0.00,'2020-11-29 15:32:43.717'),(665,NULL,41,61,75,38,0.00,0.00,0.00,'2020-11-29 15:32:43.717'),(666,NULL,41,61,76,38,0.00,0.00,0.00,'2020-11-29 15:32:43.717'),(667,NULL,41,61,77,38,0.00,0.00,0.00,'2020-11-29 15:32:43.717'),(668,148,33,63,1,40,61961.00,0.00,0.00,'2020-11-30 20:47:17.979'),(669,148,33,63,2,40,31130.00,0.00,0.00,'2020-11-30 20:47:17.979'),(670,148,33,63,9,40,2485.00,0.00,0.00,'2020-11-30 20:47:17.979'),(671,148,33,63,16,40,20011.00,0.00,0.00,'2020-11-30 20:47:17.979'),(672,149,41,61,2,38,121566.00,0.00,0.00,'2020-11-30 21:49:10.407'),(673,149,41,61,3,38,352355.00,0.00,0.00,'2020-11-30 21:49:10.407'),(674,149,41,61,9,38,3544.00,0.00,0.00,'2020-11-30 21:49:10.407'),(675,149,41,61,73,38,15216.00,0.00,0.00,'2020-11-30 21:49:10.407'),(676,149,41,61,75,38,0.00,0.00,0.00,'2020-11-30 21:49:10.407'),(677,149,41,61,76,38,2636.00,0.00,0.00,'2020-11-30 21:49:10.407'),(678,149,41,61,77,38,112134.00,0.00,0.00,'2020-11-30 21:49:10.407'),(679,150,34,63,5,44,15.00,0.00,0.00,'2020-11-30 23:07:14.566'),(680,150,34,63,3,44,59069.00,0.00,0.00,'2020-11-30 23:07:14.566'),(681,150,34,63,7,44,24570.00,0.00,0.00,'2020-11-30 23:07:14.566'),(682,NULL,33,63,1,40,0.00,0.00,0.00,'2020-11-30 20:47:17.980'),(683,NULL,33,63,2,40,0.00,0.00,0.00,'2020-11-30 20:47:17.980'),(684,NULL,33,63,9,40,0.00,0.00,0.00,'2020-11-30 20:47:17.980'),(685,NULL,33,63,16,40,0.00,0.00,0.00,'2020-11-30 20:47:17.980'),(686,NULL,41,61,2,38,0.00,0.00,0.00,'2020-11-30 21:49:10.407'),(687,NULL,41,61,3,38,0.00,0.00,0.00,'2020-11-30 21:49:10.407'),(688,NULL,41,61,9,38,0.00,0.00,0.00,'2020-11-30 21:49:10.407'),(689,NULL,41,61,73,38,0.00,0.00,0.00,'2020-11-30 21:49:10.407'),(690,NULL,41,61,75,38,0.00,0.00,0.00,'2020-11-30 21:49:10.407'),(691,NULL,41,61,76,38,0.00,0.00,0.00,'2020-11-30 21:49:10.407'),(692,NULL,41,61,77,38,0.00,0.00,0.00,'2020-11-30 21:49:10.407'),(693,151,42,64,1,42,54027.00,0.00,0.00,'2020-12-01 20:10:26.954'),(694,NULL,42,64,1,42,0.00,0.00,0.00,'2020-12-01 20:10:26.955'),(695,152,42,64,1,42,54027.00,0.00,0.00,'2020-12-01 20:30:28.740'),(696,NULL,42,64,1,42,0.00,0.00,0.00,'2020-12-01 20:30:28.741'),(697,153,42,64,1,42,54027.00,0.00,0.00,'2020-12-01 20:35:20.377'),(698,153,42,64,2,42,0.00,0.00,0.00,'2020-12-01 20:35:20.377'),(699,153,42,64,3,42,47835.00,0.00,0.00,'2020-12-01 20:35:20.377'),(700,153,42,64,5,42,0.00,0.00,0.00,'2020-12-01 20:35:20.377'),(701,153,42,64,7,42,28973.00,0.00,0.00,'2020-12-01 20:35:20.377'),(702,153,42,64,16,42,95.00,0.00,0.00,'2020-12-01 20:35:20.377'),(703,154,41,61,2,38,506336.00,0.00,0.00,'2020-12-01 22:16:58.554'),(704,154,41,61,3,38,45340.00,0.00,0.00,'2020-12-01 22:16:58.554'),(705,154,41,61,9,38,1481.00,0.00,0.00,'2020-12-01 22:16:58.554'),(706,154,41,61,73,38,21616.00,0.00,0.00,'2020-12-01 22:16:58.554'),(707,154,41,61,75,38,0.00,0.00,0.00,'2020-12-01 22:16:58.554'),(708,154,41,61,76,38,843353.00,0.00,0.00,'2020-12-01 22:16:58.554'),(709,154,41,61,77,38,28958.00,0.00,0.00,'2020-12-01 22:16:58.554'),(710,NULL,42,64,1,42,0.00,0.00,0.00,'2020-12-01 20:35:20.378'),(711,NULL,42,64,2,42,0.00,0.00,0.00,'2020-12-01 20:35:20.378'),(712,NULL,42,64,3,42,0.00,0.00,0.00,'2020-12-01 20:35:20.378'),(713,NULL,42,64,5,42,0.00,0.00,0.00,'2020-12-01 20:35:20.378'),(714,NULL,42,64,7,42,0.00,0.00,0.00,'2020-12-01 20:35:20.378'),(715,NULL,42,64,16,42,0.00,0.00,0.00,'2020-12-01 20:35:20.378'),(716,NULL,34,63,5,44,0.00,0.00,0.00,'2020-11-30 23:07:14.566'),(717,NULL,34,63,3,44,0.00,0.00,0.00,'2020-11-30 23:07:14.566'),(718,NULL,34,63,7,44,0.00,0.00,0.00,'2020-11-30 23:07:14.566'),(719,155,33,63,1,40,41187.00,0.00,0.00,'2020-12-02 10:52:07.190'),(720,155,33,63,2,40,58773.00,0.00,0.00,'2020-12-02 10:52:07.190'),(721,155,33,63,9,40,1847.00,0.00,0.00,'2020-12-02 10:52:07.190'),(722,155,33,63,16,40,19261.00,0.00,0.00,'2020-12-02 10:52:07.190'),(723,NULL,33,63,1,40,0.00,0.00,0.00,'2020-12-02 10:52:07.191'),(724,NULL,33,63,2,40,0.00,0.00,0.00,'2020-12-02 10:52:07.191'),(725,NULL,33,63,9,40,0.00,0.00,0.00,'2020-12-02 10:52:07.191'),(726,NULL,33,63,16,40,0.00,0.00,0.00,'2020-12-02 10:52:07.191'),(727,NULL,34,63,5,44,0.00,0.00,0.00,'2020-11-30 23:07:14.566'),(728,NULL,34,63,3,44,0.00,0.00,0.00,'2020-11-30 23:07:14.566'),(729,NULL,34,63,7,44,0.00,0.00,0.00,'2020-11-30 23:07:14.566'),(730,156,34,63,5,44,27065.00,0.00,0.00,'2020-12-02 18:44:34.182'),(731,156,34,63,3,44,46963.00,0.00,0.00,'2020-12-02 18:44:34.182'),(732,156,34,63,7,44,38842.00,0.00,0.00,'2020-12-02 18:44:34.182'),(733,157,42,64,1,42,33977.00,0.00,0.00,'2020-12-02 20:04:55.916'),(734,157,42,64,2,42,63888.00,0.00,0.00,'2020-12-02 20:04:55.916'),(735,157,42,64,3,42,51235.00,0.00,0.00,'2020-12-02 20:04:55.916'),(736,157,42,64,5,42,0.00,0.00,0.00,'2020-12-02 20:04:55.916'),(737,157,42,64,7,42,24098.00,0.00,0.00,'2020-12-02 20:04:55.916'),(738,157,42,64,16,42,95.00,0.00,0.00,'2020-12-02 20:04:55.916'),(739,158,31,61,1,37,80067.00,0.00,0.00,'2020-12-02 20:20:25.869'),(740,158,31,61,16,37,152.00,0.00,0.00,'2020-12-02 20:20:25.869'),(741,158,31,61,72,37,36866.00,0.00,0.00,'2020-12-02 20:20:25.869'),(742,158,31,61,7,37,24815.00,0.00,0.00,'2020-12-02 20:20:25.869'),(743,158,31,61,74,37,26488.00,0.00,0.00,'2020-12-02 20:20:25.869'),(744,158,31,61,5,37,51768.00,0.00,0.00,'2020-12-02 20:20:25.869'),(745,159,32,62,1,39,224634.00,0.00,0.00,'2020-12-02 21:26:19.424'),(746,159,32,62,3,39,28290.00,0.00,0.00,'2020-12-02 21:26:19.424'),(747,159,32,62,5,39,0.00,0.00,0.00,'2020-12-02 21:26:19.424'),(748,159,32,62,7,39,67341.00,0.00,0.00,'2020-12-02 21:26:19.424'),(749,159,32,62,2,39,72508.00,0.00,0.00,'2020-12-02 21:26:19.424'),(750,159,32,62,9,39,19448.00,0.00,0.00,'2020-12-02 21:26:19.424'),(751,159,32,62,16,39,27788.00,0.00,0.00,'2020-12-02 21:26:19.424'),(752,160,41,61,2,38,112004.00,0.00,0.00,'2020-12-02 21:47:45.456'),(753,160,41,61,3,38,41128.00,0.00,0.00,'2020-12-02 21:47:45.456'),(754,160,41,61,9,38,9051.00,0.00,0.00,'2020-12-02 21:47:45.456'),(755,160,41,61,73,38,2016.00,0.00,0.00,'2020-12-02 21:47:45.456'),(756,160,41,61,75,38,0.00,0.00,0.00,'2020-12-02 21:47:45.456'),(757,160,41,61,76,38,473359.00,0.00,0.00,'2020-12-02 21:47:45.456'),(758,160,41,61,77,38,5398.00,0.00,0.00,'2020-12-02 21:47:45.456'),(759,NULL,42,64,1,42,0.00,0.00,0.00,'2020-12-02 20:04:55.916'),(760,NULL,42,64,2,42,0.00,0.00,0.00,'2020-12-02 20:04:55.916'),(761,NULL,42,64,3,42,0.00,0.00,0.00,'2020-12-02 20:04:55.916'),(762,NULL,42,64,5,42,0.00,0.00,0.00,'2020-12-02 20:04:55.916'),(763,NULL,42,64,7,42,0.00,0.00,0.00,'2020-12-02 20:04:55.916'),(764,NULL,42,64,16,42,0.00,0.00,0.00,'2020-12-02 20:04:55.916'),(765,161,33,63,1,40,325857.00,0.00,0.00,'2020-12-03 10:13:11.619'),(766,161,33,63,2,40,17166.00,0.00,0.00,'2020-12-03 10:13:11.619'),(767,161,33,63,9,40,1427.00,0.00,0.00,'2020-12-03 10:13:11.619'),(768,161,33,63,16,40,16261.00,0.00,0.00,'2020-12-03 10:13:11.619'),(769,NULL,33,63,2,40,0.00,0.00,0.00,'2020-12-03 10:13:11.620'),(770,NULL,33,63,9,40,0.00,0.00,0.00,'2020-12-03 10:13:11.620'),(771,NULL,33,63,16,40,0.00,0.00,0.00,'2020-12-03 10:13:11.620'),(772,162,33,63,1,40,325857.00,0.00,0.00,'2020-12-03 14:50:36.153'),(773,162,33,63,2,40,17166.00,0.00,0.00,'2020-12-03 14:50:36.153'),(774,162,33,63,9,40,1427.00,0.00,0.00,'2020-12-03 14:50:36.153'),(775,162,33,63,16,40,16261.00,0.00,0.00,'2020-12-03 14:50:36.153'),(776,NULL,33,63,1,40,0.00,0.00,0.00,'2020-12-03 14:50:36.154'),(777,NULL,33,63,2,40,0.00,0.00,0.00,'2020-12-03 14:50:36.154'),(778,NULL,33,63,9,40,0.00,0.00,0.00,'2020-12-03 14:50:36.154'),(779,NULL,33,63,16,40,0.00,0.00,0.00,'2020-12-03 14:50:36.154'),(780,163,33,63,1,40,215400.00,0.00,0.00,'2020-12-03 16:01:45.621'),(781,163,33,63,2,40,32560.00,0.00,0.00,'2020-12-03 16:01:45.621'),(782,163,33,63,9,40,23560.00,0.00,0.00,'2020-12-03 16:01:45.621'),(783,163,33,63,16,40,2358.00,0.00,0.00,'2020-12-03 16:01:45.621'),(784,164,42,64,1,42,39863.00,0.00,0.00,'2020-12-03 20:17:59.747'),(785,164,42,64,2,42,14488.00,0.00,0.00,'2020-12-03 20:17:59.747'),(786,164,42,64,3,42,31822.00,0.00,0.00,'2020-12-03 20:17:59.747'),(787,164,42,64,5,42,0.00,0.00,0.00,'2020-12-03 20:17:59.747'),(788,164,42,64,7,42,4949.00,0.00,0.00,'2020-12-03 20:17:59.747'),(789,164,42,64,16,42,95.00,0.00,0.00,'2020-12-03 20:17:59.747'),(790,NULL,32,62,1,39,0.00,0.00,0.00,'2020-12-02 21:26:19.425'),(791,NULL,32,62,3,39,0.00,0.00,0.00,'2020-12-02 21:26:19.425'),(792,NULL,32,62,5,39,0.00,0.00,0.00,'2020-12-02 21:26:19.425'),(793,NULL,32,62,7,39,0.00,0.00,0.00,'2020-12-02 21:26:19.425'),(794,NULL,32,62,2,39,0.00,0.00,0.00,'2020-12-02 21:26:19.425'),(795,NULL,32,62,9,39,0.00,0.00,0.00,'2020-12-02 21:26:19.425'),(796,NULL,32,62,16,39,0.00,0.00,0.00,'2020-12-02 21:26:19.425'),(797,NULL,41,61,2,38,0.00,0.00,0.00,'2020-12-02 21:47:45.456'),(798,NULL,41,61,3,38,0.00,0.00,0.00,'2020-12-02 21:47:45.456'),(799,NULL,41,61,9,38,0.00,0.00,0.00,'2020-12-02 21:47:45.456'),(800,NULL,41,61,73,38,0.00,0.00,0.00,'2020-12-02 21:47:45.456'),(801,NULL,41,61,75,38,0.00,0.00,0.00,'2020-12-02 21:47:45.456'),(802,NULL,41,61,76,38,0.00,0.00,0.00,'2020-12-02 21:47:45.456'),(803,NULL,41,61,77,38,0.00,0.00,0.00,'2020-12-02 21:47:45.456'),(804,165,41,61,2,38,52737.00,0.00,0.00,'2020-12-03 22:49:44.036'),(805,165,41,61,3,38,33487.00,0.00,0.00,'2020-12-03 22:49:44.036'),(806,165,41,61,9,38,4791.00,0.00,0.00,'2020-12-03 22:49:44.036'),(807,165,41,61,73,38,11466.00,0.00,0.00,'2020-12-03 22:49:44.036'),(808,165,41,61,75,38,0.00,0.00,0.00,'2020-12-03 22:49:44.036'),(809,165,41,61,76,38,1305269.00,0.00,0.00,'2020-12-03 22:49:44.036'),(810,165,41,61,77,38,16848.00,0.00,0.00,'2020-12-03 22:49:44.036'),(811,166,32,62,1,39,196879.00,0.00,0.00,'2020-12-03 23:11:53.948'),(812,166,32,62,3,39,4283.00,0.00,0.00,'2020-12-03 23:11:53.948'),(813,166,32,62,5,39,0.00,0.00,0.00,'2020-12-03 23:11:53.948'),(814,166,32,62,7,39,5317.00,0.00,0.00,'2020-12-03 23:11:53.948'),(815,166,32,62,2,39,59073.00,0.00,0.00,'2020-12-03 23:11:53.948'),(816,166,32,62,9,39,16348.00,0.00,0.00,'2020-12-03 23:11:53.948'),(817,166,32,62,16,39,22900.00,0.00,0.00,'2020-12-03 23:11:53.948'),(818,NULL,32,62,1,39,0.00,0.00,0.00,'2020-12-03 23:11:53.949'),(819,NULL,32,62,3,39,0.00,0.00,0.00,'2020-12-03 23:11:53.949'),(820,NULL,32,62,5,39,0.00,0.00,0.00,'2020-12-03 23:11:53.949'),(821,NULL,32,62,7,39,0.00,0.00,0.00,'2020-12-03 23:11:53.949'),(822,NULL,32,62,2,39,0.00,0.00,0.00,'2020-12-03 23:11:53.949'),(823,NULL,32,62,9,39,0.00,0.00,0.00,'2020-12-03 23:11:53.949'),(824,NULL,32,62,16,39,0.00,0.00,0.00,'2020-12-03 23:11:53.949'),(825,NULL,31,61,1,37,0.00,0.00,0.00,'2020-12-02 20:20:25.870'),(826,NULL,31,61,16,37,0.00,0.00,0.00,'2020-12-02 20:20:25.870'),(827,NULL,31,61,72,37,0.00,0.00,0.00,'2020-12-02 20:20:25.870'),(828,NULL,31,61,7,37,0.00,0.00,0.00,'2020-12-02 20:20:25.870'),(829,NULL,31,61,74,37,0.00,0.00,0.00,'2020-12-02 20:20:25.870'),(830,NULL,31,61,5,37,0.00,0.00,0.00,'2020-12-02 20:20:25.870'),(831,NULL,34,63,5,44,0.00,0.00,0.00,'2020-12-02 18:44:34.182'),(832,NULL,34,63,3,44,0.00,0.00,0.00,'2020-12-02 18:44:34.182'),(833,NULL,34,63,7,44,0.00,0.00,0.00,'2020-12-02 18:44:34.182'),(834,NULL,42,64,1,42,0.00,0.00,0.00,'2020-12-03 20:17:59.748'),(835,NULL,42,64,2,42,0.00,0.00,0.00,'2020-12-03 20:17:59.748'),(836,NULL,42,64,3,42,0.00,0.00,0.00,'2020-12-03 20:17:59.748'),(837,NULL,42,64,5,42,0.00,0.00,0.00,'2020-12-03 20:17:59.748'),(838,NULL,42,64,7,42,0.00,0.00,0.00,'2020-12-03 20:17:59.748'),(839,NULL,42,64,16,42,0.00,0.00,0.00,'2020-12-03 20:17:59.748'),(840,NULL,33,63,1,40,0.00,0.00,0.00,'2020-12-03 16:01:45.621'),(841,NULL,33,63,2,40,0.00,0.00,0.00,'2020-12-03 16:01:45.621'),(842,NULL,33,63,9,40,0.00,0.00,0.00,'2020-12-03 16:01:45.621'),(843,NULL,33,63,16,40,0.00,0.00,0.00,'2020-12-03 16:01:45.621'),(844,167,43,63,1,40,342332.00,0.00,0.00,'2020-12-04 19:42:20.370'),(845,167,43,63,2,40,126.00,0.00,0.00,'2020-12-04 19:42:20.370'),(846,167,43,63,9,40,19067.00,0.00,0.00,'2020-12-04 19:42:20.370'),(847,167,43,63,16,40,16957.00,0.00,0.00,'2020-12-04 19:42:20.370'),(848,168,42,64,1,42,263.00,0.00,0.00,'2020-12-04 20:08:35.914'),(849,168,42,64,2,42,14458.00,0.00,0.00,'2020-12-04 20:08:35.914'),(850,168,42,64,3,42,50222.00,0.00,0.00,'2020-12-04 20:08:35.914'),(851,168,42,64,5,42,0.00,0.00,0.00,'2020-12-04 20:08:35.914'),(852,168,42,64,7,42,8495.00,0.00,0.00,'2020-12-04 20:08:35.914'),(853,168,42,64,16,42,9415.00,0.00,0.00,'2020-12-04 20:08:35.914'),(854,NULL,43,63,1,40,0.00,0.00,0.00,'2020-12-04 19:42:20.371'),(855,NULL,41,61,2,38,0.00,0.00,0.00,'2020-12-03 22:49:44.036'),(856,NULL,41,61,3,38,0.00,0.00,0.00,'2020-12-03 22:49:44.036'),(857,NULL,41,61,9,38,0.00,0.00,0.00,'2020-12-03 22:49:44.036'),(858,NULL,41,61,73,38,0.00,0.00,0.00,'2020-12-03 22:49:44.036'),(859,NULL,41,61,75,38,0.00,0.00,0.00,'2020-12-03 22:49:44.036'),(860,NULL,41,61,76,38,0.00,0.00,0.00,'2020-12-03 22:49:44.036'),(861,NULL,41,61,77,38,0.00,0.00,0.00,'2020-12-03 22:49:44.036'),(862,169,41,61,2,38,134460.00,0.00,0.00,'2020-12-04 21:40:52.850'),(863,169,41,61,3,38,78992.00,0.00,0.00,'2020-12-04 21:40:52.850'),(864,169,41,61,9,38,1291.00,0.00,0.00,'2020-12-04 21:40:52.850'),(865,169,41,61,73,38,23666.00,0.00,0.00,'2020-12-04 21:40:52.850'),(866,169,41,61,75,38,0.00,0.00,0.00,'2020-12-04 21:40:52.850'),(867,169,41,61,76,38,329584.00,0.00,0.00,'2020-12-04 21:40:52.850'),(868,169,41,61,77,38,26318.00,0.00,0.00,'2020-12-04 21:40:52.850'),(869,170,34,63,5,44,21965.00,0.00,0.00,'2020-12-04 22:51:00.408'),(870,170,34,63,3,44,59353.00,0.00,0.00,'2020-12-04 22:51:00.408'),(871,170,34,63,7,44,17365.00,0.00,0.00,'2020-12-04 22:51:00.408'),(872,NULL,43,63,1,40,0.00,0.00,0.00,'2020-12-04 19:42:20.371'),(873,NULL,43,63,2,40,0.00,0.00,0.00,'2020-12-04 19:42:20.371'),(874,NULL,43,63,9,40,0.00,0.00,0.00,'2020-12-04 19:42:20.371'),(875,NULL,43,63,16,40,0.00,0.00,0.00,'2020-12-04 19:42:20.371'),(876,NULL,42,64,1,42,0.00,0.00,0.00,'2020-12-04 20:08:35.914'),(877,NULL,42,64,2,42,0.00,0.00,0.00,'2020-12-04 20:08:35.914'),(878,NULL,42,64,3,42,0.00,0.00,0.00,'2020-12-04 20:08:35.914'),(879,NULL,42,64,5,42,0.00,0.00,0.00,'2020-12-04 20:08:35.914'),(880,NULL,42,64,7,42,0.00,0.00,0.00,'2020-12-04 20:08:35.914'),(881,NULL,42,64,16,42,0.00,0.00,0.00,'2020-12-04 20:08:35.914'),(882,171,42,64,1,42,2739.00,0.00,0.00,'2020-12-05 20:23:01.786'),(883,171,42,64,2,42,20410.00,0.00,0.00,'2020-12-05 20:23:01.786'),(884,171,42,64,3,42,38622.00,0.00,0.00,'2020-12-05 20:23:01.786'),(885,171,42,64,5,42,0.00,0.00,0.00,'2020-12-05 20:23:01.786'),(886,171,42,64,7,42,14996.00,0.00,0.00,'2020-12-05 20:23:01.786'),(887,171,42,64,16,42,9630.00,0.00,0.00,'2020-12-05 20:23:01.786'),(888,172,43,63,1,40,14552.00,0.00,0.00,'2020-12-05 21:35:13.061'),(889,172,43,63,2,40,12978.00,0.00,0.00,'2020-12-05 21:35:13.061'),(890,172,43,63,9,40,17597.00,0.00,0.00,'2020-12-05 21:35:13.061'),(891,172,43,63,16,40,18038.00,0.00,0.00,'2020-12-05 21:35:13.061'),(892,NULL,43,63,1,40,0.00,0.00,0.00,'2020-12-05 21:35:13.062'),(893,NULL,43,63,2,40,0.00,0.00,0.00,'2020-12-05 21:35:13.062'),(894,NULL,43,63,9,40,0.00,0.00,0.00,'2020-12-05 21:35:13.062'),(895,NULL,43,63,16,40,0.00,0.00,0.00,'2020-12-05 21:35:13.062'),(896,173,32,62,1,39,223917.00,0.00,0.00,'2020-12-05 22:53:07.553'),(897,173,32,62,3,39,90793.00,0.00,0.00,'2020-12-05 22:53:07.553'),(898,173,32,62,5,39,0.00,0.00,0.00,'2020-12-05 22:53:07.553'),(899,173,32,62,7,39,52143.00,0.00,0.00,'2020-12-05 22:53:07.553'),(900,173,32,62,2,39,94402.00,0.00,0.00,'2020-12-05 22:53:07.553'),(901,173,32,62,9,39,15248.00,0.00,0.00,'2020-12-05 22:53:07.553'),(902,173,32,62,16,39,22900.00,0.00,0.00,'2020-12-05 22:53:07.553'),(903,NULL,32,62,1,39,0.00,0.00,0.00,'2020-12-05 22:53:07.554'),(904,NULL,32,62,3,39,0.00,0.00,0.00,'2020-12-05 22:53:07.554'),(905,NULL,32,62,5,39,0.00,0.00,0.00,'2020-12-05 22:53:07.554'),(906,NULL,32,62,7,39,0.00,0.00,0.00,'2020-12-05 22:53:07.554'),(907,NULL,32,62,2,39,0.00,0.00,0.00,'2020-12-05 22:53:07.554'),(908,NULL,32,62,9,39,0.00,0.00,0.00,'2020-12-05 22:53:07.554'),(909,NULL,32,62,16,39,0.00,0.00,0.00,'2020-12-05 22:53:07.554'),(910,174,41,61,2,38,55630.00,0.00,0.00,'2020-12-05 23:37:31.600'),(911,174,41,61,3,38,22877.00,0.00,0.00,'2020-12-05 23:37:31.600'),(912,174,41,61,9,38,18911.00,0.00,0.00,'2020-12-05 23:37:31.600'),(913,174,41,61,73,38,22486.00,0.00,0.00,'2020-12-05 23:37:31.600'),(914,174,41,61,75,38,0.00,0.00,0.00,'2020-12-05 23:37:31.600'),(915,174,41,61,76,38,604883.00,0.00,0.00,'2020-12-05 23:37:31.600'),(916,174,41,61,77,38,3295.00,0.00,0.00,'2020-12-05 23:37:31.600'),(917,NULL,41,61,3,38,0.00,0.00,0.00,'2020-12-05 23:37:31.600'),(918,NULL,41,61,9,38,0.00,0.00,0.00,'2020-12-05 23:37:31.600'),(919,NULL,41,61,73,38,0.00,0.00,0.00,'2020-12-05 23:37:31.600'),(920,NULL,41,61,75,38,0.00,0.00,0.00,'2020-12-05 23:37:31.600'),(921,NULL,41,61,76,38,0.00,0.00,0.00,'2020-12-05 23:37:31.600'),(922,NULL,41,61,77,38,0.00,0.00,0.00,'2020-12-05 23:37:31.600'),(923,NULL,34,63,5,44,0.00,0.00,0.00,'2020-12-04 22:51:00.409'),(924,NULL,34,63,3,44,0.00,0.00,0.00,'2020-12-04 22:51:00.409'),(925,NULL,34,63,7,44,0.00,0.00,0.00,'2020-12-04 22:51:00.409'),(926,176,32,62,1,39,158259.00,0.00,0.00,'2020-12-07 23:16:45.255'),(927,176,32,62,3,39,5153.00,0.00,0.00,'2020-12-07 23:16:45.255'),(928,176,32,62,5,39,0.00,0.00,0.00,'2020-12-07 23:16:45.255'),(929,176,32,62,7,39,22820.00,0.00,0.00,'2020-12-07 23:16:45.255'),(930,176,32,62,2,39,23037.00,0.00,0.00,'2020-12-07 23:16:45.255'),(931,176,32,62,9,39,908.00,0.00,0.00,'2020-12-07 23:16:45.255'),(932,176,32,62,16,39,25239.00,0.00,0.00,'2020-12-07 23:16:45.255'),(933,177,41,61,2,38,2766.00,0.00,0.00,'2020-12-07 23:49:42.577'),(934,177,41,61,3,38,311077.00,0.00,0.00,'2020-12-07 23:49:42.577'),(935,177,41,61,9,38,15511.00,0.00,0.00,'2020-12-07 23:49:42.577'),(936,177,41,61,73,38,31483.00,0.00,0.00,'2020-12-07 23:49:42.577'),(937,177,41,61,75,38,0.00,0.00,0.00,'2020-12-07 23:49:42.577'),(938,177,41,61,76,38,11953.00,0.00,0.00,'2020-12-07 23:49:42.577'),(939,177,41,61,77,38,2766.00,0.00,0.00,'2020-12-07 23:49:42.577'),(940,NULL,32,62,1,39,0.00,0.00,0.00,'2020-12-07 23:16:45.255'),(941,NULL,32,62,3,39,0.00,0.00,0.00,'2020-12-07 23:16:45.255'),(942,NULL,32,62,5,39,0.00,0.00,0.00,'2020-12-07 23:16:45.255'),(943,NULL,32,62,7,39,0.00,0.00,0.00,'2020-12-07 23:16:45.255'),(944,NULL,32,62,2,39,0.00,0.00,0.00,'2020-12-07 23:16:45.255'),(945,NULL,32,62,9,39,0.00,0.00,0.00,'2020-12-07 23:16:45.255'),(946,NULL,32,62,16,39,0.00,0.00,0.00,'2020-12-07 23:16:45.255'),(947,178,42,64,1,42,15255.00,0.00,0.00,'2020-12-08 12:23:28.284'),(948,178,42,64,2,42,30469.00,0.00,0.00,'2020-12-08 12:23:28.284'),(949,178,42,64,3,42,1202.00,0.00,0.00,'2020-12-08 12:23:28.284'),(950,178,42,64,5,42,0.00,0.00,0.00,'2020-12-08 12:23:28.284'),(951,178,42,64,7,42,21896.00,0.00,0.00,'2020-12-08 12:23:28.284'),(952,178,42,64,16,42,4138.00,0.00,0.00,'2020-12-08 12:23:28.284'),(953,NULL,42,64,1,42,0.00,0.00,0.00,'2020-12-08 12:23:28.284'),(954,NULL,42,64,2,42,0.00,0.00,0.00,'2020-12-08 12:23:28.284'),(955,NULL,42,64,3,42,0.00,0.00,0.00,'2020-12-08 12:23:28.284'),(956,NULL,42,64,5,42,0.00,0.00,0.00,'2020-12-08 12:23:28.284'),(957,NULL,42,64,7,42,0.00,0.00,0.00,'2020-12-08 12:23:28.284'),(958,NULL,42,64,16,42,0.00,0.00,0.00,'2020-12-08 12:23:28.284'),(959,179,43,63,1,40,33191.00,0.00,0.00,'2020-12-08 19:58:34.973'),(960,179,43,63,2,40,991.00,0.00,0.00,'2020-12-08 19:58:34.973'),(961,179,43,63,9,40,15727.00,0.00,0.00,'2020-12-08 19:58:34.973'),(962,179,43,63,16,40,16972.00,0.00,0.00,'2020-12-08 19:58:34.973'),(963,NULL,41,61,2,38,0.00,0.00,0.00,'2020-12-07 23:49:42.578'),(964,NULL,41,61,3,38,0.00,0.00,0.00,'2020-12-07 23:49:42.578'),(965,NULL,41,61,9,38,0.00,0.00,0.00,'2020-12-07 23:49:42.578'),(966,NULL,41,61,73,38,0.00,0.00,0.00,'2020-12-07 23:49:42.578'),(967,NULL,41,61,75,38,0.00,0.00,0.00,'2020-12-07 23:49:42.578'),(968,NULL,41,61,76,38,0.00,0.00,0.00,'2020-12-07 23:49:42.578'),(969,NULL,41,61,77,38,0.00,0.00,0.00,'2020-12-07 23:49:42.578'),(970,180,41,61,2,38,24256.00,0.00,0.00,'2020-12-08 21:47:10.149'),(971,180,41,61,3,38,100484.00,0.00,0.00,'2020-12-08 21:47:10.149'),(972,180,41,61,9,38,13001.00,0.00,0.00,'2020-12-08 21:47:10.149'),(973,180,41,61,73,38,37486.00,0.00,0.00,'2020-12-08 21:47:10.149'),(974,180,41,61,75,38,0.00,0.00,0.00,'2020-12-08 21:47:10.149'),(975,180,41,61,76,38,1086589.00,0.00,0.00,'2020-12-08 21:47:10.149'),(976,180,41,61,77,38,28718.00,0.00,0.00,'2020-12-08 21:47:10.149'),(977,181,32,62,1,39,171129.00,0.00,0.00,'2020-12-08 23:33:54.251'),(978,181,32,62,3,39,383.00,0.00,0.00,'2020-12-08 23:33:54.251'),(979,181,32,62,5,39,0.00,0.00,0.00,'2020-12-08 23:33:54.251'),(980,181,32,62,7,39,4870.00,0.00,0.00,'2020-12-08 23:33:54.251'),(981,181,32,62,2,39,39467.00,0.00,0.00,'2020-12-08 23:33:54.251'),(982,181,32,62,9,39,10608.00,0.00,0.00,'2020-12-08 23:33:54.251'),(983,181,32,62,16,39,25519.00,0.00,0.00,'2020-12-08 23:33:54.251'),(984,182,42,64,1,42,886.00,0.00,0.00,'2020-12-09 07:32:14.702'),(985,182,42,64,2,42,556.00,0.00,0.00,'2020-12-09 07:32:14.702'),(986,182,42,64,3,42,666.00,0.00,0.00,'2020-12-09 07:32:14.702'),(987,182,42,64,5,42,996.00,0.00,0.00,'2020-12-09 07:32:14.702'),(988,182,42,64,7,42,99.00,0.00,0.00,'2020-12-09 07:32:14.702'),(989,182,42,64,16,42,88.00,0.00,0.00,'2020-12-09 07:32:14.702'),(990,NULL,42,64,1,42,0.00,0.00,0.00,'2020-12-09 07:32:14.702'),(991,NULL,42,64,2,42,0.00,0.00,0.00,'2020-12-09 07:32:14.702'),(992,NULL,42,64,3,42,0.00,0.00,0.00,'2020-12-09 07:32:14.702'),(993,NULL,42,64,5,42,0.00,0.00,0.00,'2020-12-09 07:32:14.702'),(994,NULL,42,64,7,42,0.00,0.00,0.00,'2020-12-09 07:32:14.702'),(995,NULL,42,64,16,42,0.00,0.00,0.00,'2020-12-09 07:32:14.702'),(996,183,43,63,1,40,74406.00,0.00,0.00,'2020-12-09 20:05:56.080'),(997,183,43,63,2,40,54585.00,0.00,0.00,'2020-12-09 20:05:56.080'),(998,183,43,63,9,40,14827.00,0.00,0.00,'2020-12-09 20:05:56.080'),(999,183,43,63,16,40,18172.00,0.00,0.00,'2020-12-09 20:05:56.080'),(1000,184,31,61,1,37,46279.00,0.00,0.00,'2020-12-09 20:41:46.266'),(1001,184,31,61,16,37,25650.00,0.00,0.00,'2020-12-09 20:41:46.266'),(1002,184,31,61,72,37,37836.00,0.00,0.00,'2020-12-09 20:41:46.266'),(1003,184,31,61,7,37,61746.00,0.00,0.00,'2020-12-09 20:41:46.266'),(1004,184,31,61,74,37,14188.00,0.00,0.00,'2020-12-09 20:41:46.266'),(1005,184,31,61,5,37,49688.00,0.00,0.00,'2020-12-09 20:41:46.266'),(1006,NULL,41,61,2,38,0.00,0.00,0.00,'2020-12-08 21:47:10.149'),(1007,NULL,41,61,3,38,0.00,0.00,0.00,'2020-12-08 21:47:10.149'),(1008,NULL,41,61,9,38,0.00,0.00,0.00,'2020-12-08 21:47:10.149'),(1009,NULL,41,61,73,38,0.00,0.00,0.00,'2020-12-08 21:47:10.149'),(1010,NULL,41,61,75,38,0.00,0.00,0.00,'2020-12-08 21:47:10.149'),(1011,NULL,41,61,76,38,0.00,0.00,0.00,'2020-12-08 21:47:10.149'),(1012,NULL,41,61,77,38,0.00,0.00,0.00,'2020-12-08 21:47:10.149'),(1013,185,32,62,1,39,161331.00,0.00,0.00,'2020-12-09 23:19:16.410'),(1014,185,32,62,3,39,34113.00,0.00,0.00,'2020-12-09 23:19:16.410'),(1015,185,32,62,5,39,0.00,0.00,0.00,'2020-12-09 23:19:16.410'),(1016,185,32,62,7,39,36717.00,0.00,0.00,'2020-12-09 23:19:16.410'),(1017,185,32,62,2,39,72902.00,0.00,0.00,'2020-12-09 23:19:16.410'),(1018,185,32,62,9,39,19608.00,0.00,0.00,'2020-12-09 23:19:16.410'),(1019,185,32,62,16,39,24519.00,0.00,0.00,'2020-12-09 23:19:16.410'),(1020,186,41,61,2,38,29451.00,0.00,0.00,'2020-12-09 23:36:14.421'),(1021,186,41,61,3,38,31759.00,0.00,0.00,'2020-12-09 23:36:14.421'),(1022,186,41,61,9,38,816.00,0.00,0.00,'2020-12-09 23:36:14.421'),(1023,186,41,61,73,38,55986.00,0.00,0.00,'2020-12-09 23:36:14.421'),(1024,186,41,61,75,38,0.00,0.00,0.00,'2020-12-09 23:36:14.421'),(1025,186,41,61,76,38,967575.00,0.00,0.00,'2020-12-09 23:36:14.421'),(1026,186,41,61,77,38,46778.00,0.00,0.00,'2020-12-09 23:36:14.421'),(1027,187,42,64,1,42,15376.00,0.00,0.00,'2020-12-10 07:31:38.945'),(1028,187,42,64,2,42,6718.00,0.00,0.00,'2020-12-10 07:31:38.945'),(1029,187,42,64,3,42,5963.00,0.00,0.00,'2020-12-10 07:31:38.945'),(1030,187,42,64,5,42,0.00,0.00,0.00,'2020-12-10 07:31:38.945'),(1031,187,42,64,7,42,23261.00,0.00,0.00,'2020-12-10 07:31:38.945'),(1032,187,42,64,16,42,3141.00,0.00,0.00,'2020-12-10 07:31:38.945'),(1033,NULL,42,64,1,42,0.00,0.00,0.00,'2020-12-10 07:31:38.945'),(1034,NULL,42,64,2,42,0.00,0.00,0.00,'2020-12-10 07:31:38.945'),(1035,NULL,42,64,3,42,0.00,0.00,0.00,'2020-12-10 07:31:38.945'),(1036,NULL,42,64,5,42,0.00,0.00,0.00,'2020-12-10 07:31:38.945'),(1037,NULL,42,64,7,42,0.00,0.00,0.00,'2020-12-10 07:31:38.945'),(1038,NULL,42,64,16,42,0.00,0.00,0.00,'2020-12-10 07:31:38.945'),(1039,188,43,63,1,40,173829.00,0.00,0.00,'2020-12-10 19:44:58.981'),(1040,188,43,63,2,40,59143.00,0.00,0.00,'2020-12-10 19:44:58.981'),(1041,188,43,63,9,40,14477.00,0.00,0.00,'2020-12-10 19:44:58.981'),(1042,188,43,63,16,40,17822.00,0.00,0.00,'2020-12-10 19:44:58.981'),(1043,NULL,31,61,1,37,0.00,0.00,0.00,'2020-12-09 20:41:46.267'),(1044,NULL,31,61,16,37,0.00,0.00,0.00,'2020-12-09 20:41:46.267'),(1045,NULL,31,61,72,37,0.00,0.00,0.00,'2020-12-09 20:41:46.267'),(1046,NULL,31,61,7,37,0.00,0.00,0.00,'2020-12-09 20:41:46.267'),(1047,NULL,31,61,74,37,0.00,0.00,0.00,'2020-12-09 20:41:46.267'),(1048,NULL,31,61,5,37,0.00,0.00,0.00,'2020-12-09 20:41:46.267'),(1049,NULL,41,61,2,38,0.00,0.00,0.00,'2020-12-09 23:36:14.421'),(1050,NULL,41,61,3,38,0.00,0.00,0.00,'2020-12-09 23:36:14.421'),(1051,NULL,41,61,9,38,0.00,0.00,0.00,'2020-12-09 23:36:14.421'),(1052,NULL,41,61,73,38,0.00,0.00,0.00,'2020-12-09 23:36:14.421'),(1053,NULL,41,61,75,38,0.00,0.00,0.00,'2020-12-09 23:36:14.421'),(1054,NULL,41,61,76,38,0.00,0.00,0.00,'2020-12-09 23:36:14.421'),(1055,NULL,41,61,77,38,0.00,0.00,0.00,'2020-12-09 23:36:14.421'),(1056,NULL,32,62,1,39,0.00,0.00,0.00,'2020-12-09 23:19:16.411'),(1057,NULL,32,62,3,39,0.00,0.00,0.00,'2020-12-09 23:19:16.411'),(1058,NULL,32,62,5,39,0.00,0.00,0.00,'2020-12-09 23:19:16.411'),(1059,NULL,32,62,7,39,0.00,0.00,0.00,'2020-12-09 23:19:16.411'),(1060,NULL,32,62,2,39,0.00,0.00,0.00,'2020-12-09 23:19:16.411'),(1061,NULL,32,62,9,39,0.00,0.00,0.00,'2020-12-09 23:19:16.411'),(1062,NULL,32,62,16,39,0.00,0.00,0.00,'2020-12-09 23:19:16.411'),(1063,189,32,62,1,39,147943.00,0.00,0.00,'2020-12-10 21:42:22.065'),(1064,189,32,62,3,39,17213.00,0.00,0.00,'2020-12-10 21:42:22.065'),(1065,189,32,62,5,39,0.00,0.00,0.00,'2020-12-10 21:42:22.065'),(1066,189,32,62,7,39,46241.00,0.00,0.00,'2020-12-10 21:42:22.065'),(1067,189,32,62,2,39,99262.00,0.00,0.00,'2020-12-10 21:42:22.065'),(1068,189,32,62,9,39,14508.00,0.00,0.00,'2020-12-10 21:42:22.065'),(1069,189,32,62,16,39,21169.00,0.00,0.00,'2020-12-10 21:42:22.065'),(1070,190,41,61,2,38,39436.00,0.00,0.00,'2020-12-10 21:46:29.587'),(1071,190,41,61,3,38,31810.00,0.00,0.00,'2020-12-10 21:46:29.587'),(1072,190,41,61,9,38,17416.00,0.00,0.00,'2020-12-10 21:46:29.587'),(1073,190,41,61,73,38,54066.00,0.00,0.00,'2020-12-10 21:46:29.587'),(1074,190,41,61,75,38,0.00,0.00,0.00,'2020-12-10 21:46:29.587'),(1075,190,41,61,76,38,311220.00,0.00,0.00,'2020-12-10 21:46:29.587'),(1076,190,41,61,77,38,64968.00,0.00,0.00,'2020-12-10 21:46:29.587'),(1077,NULL,32,62,1,39,0.00,0.00,0.00,'2020-12-10 21:42:22.066'),(1078,NULL,32,62,3,39,0.00,0.00,0.00,'2020-12-10 21:42:22.066'),(1079,NULL,32,62,5,39,0.00,0.00,0.00,'2020-12-10 21:42:22.066'),(1080,NULL,32,62,7,39,0.00,0.00,0.00,'2020-12-10 21:42:22.066'),(1081,NULL,32,62,2,39,0.00,0.00,0.00,'2020-12-10 21:42:22.066'),(1082,NULL,32,62,9,39,0.00,0.00,0.00,'2020-12-10 21:42:22.066'),(1083,NULL,32,62,16,39,0.00,0.00,0.00,'2020-12-10 21:42:22.066'),(1084,191,34,63,5,44,29368.00,0.00,0.00,'2020-12-10 22:53:20.879'),(1085,191,34,63,3,44,40083.00,0.00,0.00,'2020-12-10 22:53:20.879'),(1086,191,34,63,7,44,47788.00,0.00,0.00,'2020-12-10 22:53:20.879'),(1087,192,42,64,1,42,49992.00,0.00,0.00,'2020-12-11 07:55:05.772'),(1088,192,42,64,2,42,11218.00,0.00,0.00,'2020-12-11 07:55:05.772'),(1089,192,42,64,3,42,20885.00,0.00,0.00,'2020-12-11 07:55:05.772'),(1090,192,42,64,5,42,0.00,0.00,0.00,'2020-12-11 07:55:05.772'),(1091,192,42,64,7,42,7107.00,0.00,0.00,'2020-12-11 07:55:05.772'),(1092,192,42,64,16,42,3141.00,0.00,0.00,'2020-12-11 07:55:05.772'),(1093,NULL,34,63,5,44,0.00,0.00,0.00,'2020-12-10 22:53:20.880'),(1094,NULL,34,63,3,44,0.00,0.00,0.00,'2020-12-10 22:53:20.880'),(1095,NULL,34,63,7,44,0.00,0.00,0.00,'2020-12-10 22:53:20.880'),(1096,NULL,42,64,1,42,0.00,0.00,0.00,'2020-12-11 07:55:05.773'),(1097,NULL,42,64,2,42,0.00,0.00,0.00,'2020-12-11 07:55:05.773'),(1098,NULL,42,64,3,42,0.00,0.00,0.00,'2020-12-11 07:55:05.773'),(1099,NULL,42,64,5,42,0.00,0.00,0.00,'2020-12-11 07:55:05.773'),(1100,NULL,42,64,7,42,0.00,0.00,0.00,'2020-12-11 07:55:05.773'),(1101,NULL,42,64,16,42,0.00,0.00,0.00,'2020-12-11 07:55:05.773'),(1102,NULL,43,63,1,40,0.00,0.00,0.00,'2020-12-09 20:05:56.080'),(1103,NULL,43,63,2,40,0.00,0.00,0.00,'2020-12-09 20:05:56.080'),(1104,NULL,43,63,9,40,0.00,0.00,0.00,'2020-12-09 20:05:56.080'),(1105,NULL,43,63,16,40,0.00,0.00,0.00,'2020-12-09 20:05:56.080'),(1106,NULL,43,63,1,40,0.00,0.00,0.00,'2020-12-10 19:44:58.981'),(1107,NULL,43,63,2,40,0.00,0.00,0.00,'2020-12-10 19:44:58.981'),(1108,NULL,43,63,9,40,0.00,0.00,0.00,'2020-12-10 19:44:58.981'),(1109,NULL,43,63,16,40,0.00,0.00,0.00,'2020-12-10 19:44:58.981'),(1110,193,43,63,1,40,215704.00,0.00,0.00,'2020-12-11 20:02:12.462'),(1111,193,43,63,2,40,22962.00,0.00,0.00,'2020-12-11 20:02:12.462'),(1112,193,43,63,9,40,13907.00,0.00,0.00,'2020-12-11 20:02:12.462'),(1113,193,43,63,16,40,16526.00,0.00,0.00,'2020-12-11 20:02:12.462'),(1114,194,31,61,1,37,63904.00,0.00,0.00,'2020-12-11 20:39:44.268'),(1115,194,31,61,16,37,26380.00,0.00,0.00,'2020-12-11 20:39:44.268'),(1116,194,31,61,72,37,37836.00,0.00,0.00,'2020-12-11 20:39:44.268'),(1117,194,31,61,7,37,39240.00,0.00,0.00,'2020-12-11 20:39:44.268'),(1118,194,31,61,74,37,19188.00,0.00,0.00,'2020-12-11 20:39:44.268'),(1119,194,31,61,5,37,84010.00,0.00,0.00,'2020-12-11 20:39:44.268'),(1120,NULL,41,61,2,38,0.00,0.00,0.00,'2020-12-10 21:46:29.588'),(1121,NULL,41,61,3,38,0.00,0.00,0.00,'2020-12-10 21:46:29.588'),(1122,NULL,41,61,9,38,0.00,0.00,0.00,'2020-12-10 21:46:29.588'),(1123,NULL,41,61,73,38,0.00,0.00,0.00,'2020-12-10 21:46:29.588'),(1124,NULL,41,61,75,38,0.00,0.00,0.00,'2020-12-10 21:46:29.588'),(1125,NULL,41,61,76,38,0.00,0.00,0.00,'2020-12-10 21:46:29.588'),(1126,NULL,41,61,77,38,0.00,0.00,0.00,'2020-12-10 21:46:29.588'),(1127,195,41,61,2,38,231006.00,0.00,0.00,'2020-12-11 22:02:33.624'),(1128,195,41,61,3,38,4104.00,0.00,0.00,'2020-12-11 22:02:33.624'),(1129,195,41,61,9,38,15116.00,0.00,0.00,'2020-12-11 22:02:33.624'),(1130,195,41,61,73,38,53066.00,0.00,0.00,'2020-12-11 22:02:33.624'),(1131,195,41,61,75,38,0.00,0.00,0.00,'2020-12-11 22:02:33.624'),(1132,195,41,61,76,38,218359.00,0.00,0.00,'2020-12-11 22:02:33.624'),(1133,195,41,61,77,38,16648.00,0.00,0.00,'2020-12-11 22:02:33.624'),(1134,196,32,62,1,39,2242.00,0.00,0.00,'2020-12-11 23:02:36.252'),(1135,196,32,62,3,39,513.00,0.00,0.00,'2020-12-11 23:02:36.252'),(1136,196,32,62,5,39,0.00,0.00,0.00,'2020-12-11 23:02:36.252'),(1137,196,32,62,7,39,54839.00,0.00,0.00,'2020-12-11 23:02:36.252'),(1138,196,32,62,2,39,74262.00,0.00,0.00,'2020-12-11 23:02:36.252'),(1139,196,32,62,9,39,12358.00,0.00,0.00,'2020-12-11 23:02:36.252'),(1140,196,32,62,16,39,20268.00,0.00,0.00,'2020-12-11 23:02:36.252'),(1141,197,42,64,1,42,78338.00,0.00,0.00,'2020-12-12 09:29:55.523'),(1142,197,42,64,2,42,6579.00,0.00,0.00,'2020-12-12 09:29:55.523'),(1143,197,42,64,3,42,15685.00,0.00,0.00,'2020-12-12 09:29:55.523'),(1144,197,42,64,5,42,0.00,0.00,0.00,'2020-12-12 09:29:55.523'),(1145,197,42,64,7,42,46807.00,0.00,0.00,'2020-12-12 09:29:55.523'),(1146,197,42,64,16,42,3431.00,0.00,0.00,'2020-12-12 09:29:55.523'),(1147,NULL,31,61,1,37,0.00,0.00,0.00,'2020-12-11 20:39:44.268'),(1148,NULL,31,61,16,37,0.00,0.00,0.00,'2020-12-11 20:39:44.268'),(1149,NULL,31,61,72,37,0.00,0.00,0.00,'2020-12-11 20:39:44.268'),(1150,NULL,31,61,7,37,0.00,0.00,0.00,'2020-12-11 20:39:44.268'),(1151,NULL,31,61,74,37,0.00,0.00,0.00,'2020-12-11 20:39:44.268'),(1152,NULL,31,61,5,37,0.00,0.00,0.00,'2020-12-11 20:39:44.268'),(1153,NULL,42,64,1,42,0.00,0.00,0.00,'2020-12-12 09:29:55.523'),(1154,NULL,42,64,2,42,0.00,0.00,0.00,'2020-12-12 09:29:55.523'),(1155,NULL,42,64,3,42,0.00,0.00,0.00,'2020-12-12 09:29:55.523'),(1156,NULL,42,64,5,42,0.00,0.00,0.00,'2020-12-12 09:29:55.523'),(1157,NULL,42,64,7,42,0.00,0.00,0.00,'2020-12-12 09:29:55.523'),(1158,NULL,42,64,16,42,0.00,0.00,0.00,'2020-12-12 09:29:55.523'),(1159,198,31,61,1,37,6716.00,0.00,0.00,'2020-12-12 20:52:24.014'),(1160,198,31,61,16,37,23980.00,0.00,0.00,'2020-12-12 20:52:24.014'),(1161,198,31,61,72,37,836.00,0.00,0.00,'2020-12-12 20:52:24.014'),(1162,198,31,61,7,37,230990.00,0.00,0.00,'2020-12-12 20:52:24.014'),(1163,198,31,61,74,37,26988.00,0.00,0.00,'2020-12-12 20:52:24.014'),(1164,198,31,61,5,37,16160.00,0.00,0.00,'2020-12-12 20:52:24.014'),(1165,NULL,41,61,2,38,0.00,0.00,0.00,'2020-12-11 22:02:33.624'),(1166,NULL,41,61,3,38,0.00,0.00,0.00,'2020-12-11 22:02:33.624'),(1167,NULL,41,61,9,38,0.00,0.00,0.00,'2020-12-11 22:02:33.624'),(1168,NULL,41,61,73,38,0.00,0.00,0.00,'2020-12-11 22:02:33.624'),(1169,NULL,41,61,75,38,0.00,0.00,0.00,'2020-12-11 22:02:33.624'),(1170,NULL,41,61,76,38,0.00,0.00,0.00,'2020-12-11 22:02:33.624'),(1171,NULL,41,61,77,38,0.00,0.00,0.00,'2020-12-11 22:02:33.624'),(1172,NULL,32,62,1,39,0.00,0.00,0.00,'2020-12-11 23:02:36.252'),(1173,NULL,32,62,3,39,0.00,0.00,0.00,'2020-12-11 23:02:36.252'),(1174,NULL,32,62,5,39,0.00,0.00,0.00,'2020-12-11 23:02:36.252'),(1175,NULL,32,62,7,39,0.00,0.00,0.00,'2020-12-11 23:02:36.252'),(1176,NULL,32,62,2,39,0.00,0.00,0.00,'2020-12-11 23:02:36.252'),(1177,NULL,32,62,9,39,0.00,0.00,0.00,'2020-12-11 23:02:36.252'),(1178,NULL,32,62,16,39,0.00,0.00,0.00,'2020-12-11 23:02:36.252'),(1179,199,32,62,1,39,158115.00,0.00,0.00,'2020-12-12 23:13:30.280'),(1180,199,32,62,3,39,5513.00,0.00,0.00,'2020-12-12 23:13:30.280'),(1181,199,32,62,5,39,0.00,0.00,0.00,'2020-12-12 23:13:30.280'),(1182,199,32,62,7,39,14639.00,0.00,0.00,'2020-12-12 23:13:30.280'),(1183,199,32,62,2,39,88792.00,0.00,0.00,'2020-12-12 23:13:30.280'),(1184,199,32,62,9,39,12158.00,0.00,0.00,'2020-12-12 23:13:30.280'),(1185,199,32,62,16,39,269.00,0.00,0.00,'2020-12-12 23:13:30.280'),(1186,200,41,61,2,38,144916.00,0.00,0.00,'2020-12-12 23:22:03.231'),(1187,200,41,61,3,38,21589.00,0.00,0.00,'2020-12-12 23:22:03.231'),(1188,200,41,61,9,38,8966.00,0.00,0.00,'2020-12-12 23:22:03.231'),(1189,200,41,61,73,38,52116.00,0.00,0.00,'2020-12-12 23:22:03.231'),(1190,200,41,61,75,38,0.00,0.00,0.00,'2020-12-12 23:22:03.231'),(1191,200,41,61,76,38,21288.00,0.00,0.00,'2020-12-12 23:22:03.231'),(1192,200,41,61,77,38,45838.00,0.00,0.00,'2020-12-12 23:22:03.231'),(1193,201,42,64,1,42,624.00,0.00,0.00,'2020-12-13 08:51:39.071'),(1194,201,42,64,2,42,31449.00,0.00,0.00,'2020-12-13 08:51:39.071'),(1195,201,42,64,3,42,1185.00,0.00,0.00,'2020-12-13 08:51:39.071'),(1196,201,42,64,5,42,0.00,0.00,0.00,'2020-12-13 08:51:39.071'),(1197,201,42,64,7,42,16282.00,0.00,0.00,'2020-12-13 08:51:39.071'),(1198,201,42,64,16,42,1571.00,0.00,0.00,'2020-12-13 08:51:39.071'),(1199,NULL,43,63,1,40,0.00,0.00,0.00,'2020-12-11 20:02:12.462'),(1200,NULL,43,63,2,40,0.00,0.00,0.00,'2020-12-11 20:02:12.462'),(1201,NULL,43,63,9,40,0.00,0.00,0.00,'2020-12-11 20:02:12.462'),(1202,NULL,43,63,16,40,0.00,0.00,0.00,'2020-12-11 20:02:12.462'),(1203,NULL,32,62,1,39,0.00,0.00,0.00,'2020-12-12 23:13:30.281'),(1204,NULL,32,62,3,39,0.00,0.00,0.00,'2020-12-12 23:13:30.281'),(1205,NULL,32,62,5,39,0.00,0.00,0.00,'2020-12-12 23:13:30.281'),(1206,NULL,32,62,7,39,0.00,0.00,0.00,'2020-12-12 23:13:30.281'),(1207,NULL,32,62,2,39,0.00,0.00,0.00,'2020-12-12 23:13:30.281'),(1208,NULL,32,62,9,39,0.00,0.00,0.00,'2020-12-12 23:13:30.281'),(1209,NULL,32,62,16,39,0.00,0.00,0.00,'2020-12-12 23:13:30.281'),(1210,NULL,31,61,1,37,0.00,0.00,0.00,'2020-12-12 20:52:24.015'),(1211,NULL,31,61,16,37,0.00,0.00,0.00,'2020-12-12 20:52:24.015'),(1212,NULL,31,61,72,37,0.00,0.00,0.00,'2020-12-12 20:52:24.015'),(1213,NULL,31,61,7,37,0.00,0.00,0.00,'2020-12-12 20:52:24.015'),(1214,NULL,31,61,74,37,0.00,0.00,0.00,'2020-12-12 20:52:24.015'),(1215,NULL,31,61,5,37,0.00,0.00,0.00,'2020-12-12 20:52:24.015'),(1216,NULL,41,61,2,38,0.00,0.00,0.00,'2020-12-12 23:22:03.231'),(1217,NULL,41,61,3,38,0.00,0.00,0.00,'2020-12-12 23:22:03.231'),(1218,NULL,41,61,9,38,0.00,0.00,0.00,'2020-12-12 23:22:03.231'),(1219,NULL,41,61,73,38,0.00,0.00,0.00,'2020-12-12 23:22:03.231'),(1220,NULL,41,61,75,38,0.00,0.00,0.00,'2020-12-12 23:22:03.231'),(1221,NULL,41,61,76,38,0.00,0.00,0.00,'2020-12-12 23:22:03.231'),(1222,NULL,41,61,77,38,0.00,0.00,0.00,'2020-12-12 23:22:03.231'),(1223,202,31,61,1,37,132796.00,0.00,0.00,'2020-12-14 20:42:41.424'),(1224,202,31,61,16,37,60080.00,0.00,0.00,'2020-12-14 20:42:41.424'),(1225,202,31,61,72,37,836.00,0.00,0.00,'2020-12-14 20:42:41.424'),(1226,202,31,61,7,37,30060.00,0.00,0.00,'2020-12-14 20:42:41.424'),(1227,202,31,61,74,37,6988.00,0.00,0.00,'2020-12-14 20:42:41.424'),(1228,202,31,61,5,37,69200.00,0.00,0.00,'2020-12-14 20:42:41.424'),(1229,203,32,62,1,39,95795.00,0.00,0.00,'2020-12-14 22:15:46.767'),(1230,203,32,62,3,39,31313.00,0.00,0.00,'2020-12-14 22:15:46.767'),(1231,203,32,62,5,39,0.00,0.00,0.00,'2020-12-14 22:15:46.767'),(1232,203,32,62,7,39,3089.00,0.00,0.00,'2020-12-14 22:15:46.767'),(1233,203,32,62,2,39,26812.00,0.00,0.00,'2020-12-14 22:15:46.767'),(1234,203,32,62,9,39,58.00,0.00,0.00,'2020-12-14 22:15:46.767'),(1235,203,32,62,16,39,1619.00,0.00,0.00,'2020-12-14 22:15:46.767'),(1236,204,41,61,2,38,24612.00,0.00,0.00,'2020-12-14 22:41:06.255'),(1237,204,41,61,3,38,238260.00,0.00,0.00,'2020-12-14 22:41:06.255'),(1238,204,41,61,9,38,15566.00,0.00,0.00,'2020-12-14 22:41:06.255'),(1239,204,41,61,73,38,43171.00,0.00,0.00,'2020-12-14 22:41:06.255'),(1240,204,41,61,75,38,0.00,0.00,0.00,'2020-12-14 22:41:06.255'),(1241,204,41,61,76,38,331497.00,0.00,0.00,'2020-12-14 22:41:06.255'),(1242,204,41,61,77,38,5708.00,0.00,0.00,'2020-12-14 22:41:06.255'),(1243,NULL,42,64,1,42,0.00,0.00,0.00,'2020-12-13 08:51:39.071'),(1244,NULL,42,64,2,42,0.00,0.00,0.00,'2020-12-13 08:51:39.071'),(1245,NULL,42,64,3,42,0.00,0.00,0.00,'2020-12-13 08:51:39.071'),(1246,NULL,42,64,5,42,0.00,0.00,0.00,'2020-12-13 08:51:39.071'),(1247,NULL,42,64,7,42,0.00,0.00,0.00,'2020-12-13 08:51:39.071'),(1248,NULL,42,64,16,42,0.00,0.00,0.00,'2020-12-13 08:51:39.071'),(1249,205,43,63,1,40,163819.00,0.00,0.00,'2020-12-15 10:10:05.856'),(1250,205,43,63,2,40,284.00,0.00,0.00,'2020-12-15 10:10:05.856'),(1251,205,43,63,9,40,11677.00,0.00,0.00,'2020-12-15 10:10:05.856'),(1252,205,43,63,16,40,18926.00,0.00,0.00,'2020-12-15 10:10:05.856'),(1253,NULL,32,62,1,39,0.00,0.00,0.00,'2020-12-14 22:15:46.768'),(1254,NULL,32,62,3,39,0.00,0.00,0.00,'2020-12-14 22:15:46.768'),(1255,NULL,32,62,5,39,0.00,0.00,0.00,'2020-12-14 22:15:46.768'),(1256,NULL,32,62,7,39,0.00,0.00,0.00,'2020-12-14 22:15:46.768'),(1257,NULL,32,62,2,39,0.00,0.00,0.00,'2020-12-14 22:15:46.768'),(1258,NULL,32,62,9,39,0.00,0.00,0.00,'2020-12-14 22:15:46.768'),(1259,NULL,32,62,16,39,0.00,0.00,0.00,'2020-12-14 22:15:46.768'),(1260,NULL,41,61,2,38,0.00,0.00,0.00,'2020-12-14 22:41:06.255'),(1261,NULL,41,61,3,38,0.00,0.00,0.00,'2020-12-14 22:41:06.255'),(1262,NULL,41,61,9,38,0.00,0.00,0.00,'2020-12-14 22:41:06.255'),(1263,NULL,41,61,73,38,0.00,0.00,0.00,'2020-12-14 22:41:06.255'),(1264,NULL,41,61,75,38,0.00,0.00,0.00,'2020-12-14 22:41:06.255'),(1265,NULL,41,61,76,38,0.00,0.00,0.00,'2020-12-14 22:41:06.255'),(1266,NULL,41,61,77,38,0.00,0.00,0.00,'2020-12-14 22:41:06.255'),(1267,206,31,61,1,37,22816.00,0.00,0.00,'2020-12-15 20:39:09.202'),(1268,206,31,61,16,37,58180.00,0.00,0.00,'2020-12-15 20:39:09.202'),(1269,206,31,61,72,37,836.00,0.00,0.00,'2020-12-15 20:39:09.202'),(1270,206,31,61,7,37,41101.00,0.00,0.00,'2020-12-15 20:39:09.202'),(1271,206,31,61,74,37,6988.00,0.00,0.00,'2020-12-15 20:39:09.202'),(1272,206,31,61,5,37,63979.00,0.00,0.00,'2020-12-15 20:39:09.202'),(1273,207,42,64,1,42,627.00,0.00,0.00,'2020-12-15 20:40:03.450'),(1274,207,42,64,2,42,19723.00,0.00,0.00,'2020-12-15 20:40:03.450'),(1275,207,42,64,3,42,12785.00,0.00,0.00,'2020-12-15 20:40:03.450'),(1276,207,42,64,5,42,4250.00,0.00,0.00,'2020-12-15 20:40:03.450'),(1277,207,42,64,7,42,20222.00,0.00,0.00,'2020-12-15 20:40:03.450'),(1278,207,42,64,16,42,9471.00,0.00,0.00,'2020-12-15 20:40:03.450'),(1279,NULL,31,61,1,37,0.00,0.00,0.00,'2020-12-15 20:39:09.203'),(1280,NULL,31,61,16,37,0.00,0.00,0.00,'2020-12-15 20:39:09.203'),(1281,NULL,31,61,72,37,0.00,0.00,0.00,'2020-12-15 20:39:09.203'),(1282,NULL,31,61,7,37,0.00,0.00,0.00,'2020-12-15 20:39:09.203'),(1283,NULL,31,61,74,37,0.00,0.00,0.00,'2020-12-15 20:39:09.203'),(1284,NULL,31,61,5,37,0.00,0.00,0.00,'2020-12-15 20:39:09.203'),(1285,208,32,62,1,39,37123.00,0.00,0.00,'2020-12-15 21:53:52.346'),(1286,208,32,62,3,39,2063.00,0.00,0.00,'2020-12-15 21:53:52.346'),(1287,208,32,62,5,39,0.00,0.00,0.00,'2020-12-15 21:53:52.346'),(1288,208,32,62,7,39,76930.00,0.00,0.00,'2020-12-15 21:53:52.346'),(1289,208,32,62,2,39,7772.00,0.00,0.00,'2020-12-15 21:53:52.346'),(1290,208,32,62,9,39,12058.00,0.00,0.00,'2020-12-15 21:53:52.346'),(1291,208,32,62,16,39,169.00,0.00,0.00,'2020-12-15 21:53:52.346'),(1292,209,41,61,2,38,78280.00,0.00,0.00,'2020-12-15 21:59:12.780'),(1293,209,41,61,3,38,172852.00,0.00,0.00,'2020-12-15 21:59:12.780'),(1294,209,41,61,9,38,7531.00,0.00,0.00,'2020-12-15 21:59:12.780'),(1295,209,41,61,73,38,45671.00,0.00,0.00,'2020-12-15 21:59:12.780'),(1296,209,41,61,75,38,0.00,0.00,0.00,'2020-12-15 21:59:12.780'),(1297,209,41,61,76,38,229088.00,0.00,0.00,'2020-12-15 21:59:12.780'),(1298,209,41,61,77,38,8108.00,0.00,0.00,'2020-12-15 21:59:12.780'),(1299,NULL,42,64,2,42,0.00,0.00,0.00,'2020-12-15 20:40:03.450'),(1300,NULL,42,64,3,42,0.00,0.00,0.00,'2020-12-15 20:40:03.450'),(1301,NULL,42,64,5,42,0.00,0.00,0.00,'2020-12-15 20:40:03.450'),(1302,NULL,42,64,7,42,0.00,0.00,0.00,'2020-12-15 20:40:03.450'),(1303,NULL,42,64,16,42,0.00,0.00,0.00,'2020-12-15 20:40:03.450'),(1304,NULL,43,63,1,40,0.00,0.00,0.00,'2020-12-15 10:10:05.857'),(1305,NULL,43,63,9,40,0.00,0.00,0.00,'2020-12-15 10:10:05.857'),(1306,NULL,43,63,16,40,0.00,0.00,0.00,'2020-12-15 10:10:05.857'),(1307,210,43,63,1,40,2974.00,0.00,0.00,'2020-12-16 08:51:10.624'),(1308,210,43,63,2,40,23997.00,0.00,0.00,'2020-12-16 08:51:10.624'),(1309,210,43,63,9,40,11427.00,0.00,0.00,'2020-12-16 08:51:10.624'),(1310,210,43,63,16,40,17526.00,0.00,0.00,'2020-12-16 08:51:10.624'),(1311,NULL,43,63,1,40,0.00,0.00,0.00,'2020-12-16 08:51:10.624'),(1312,NULL,43,63,2,40,0.00,0.00,0.00,'2020-12-16 08:51:10.624'),(1313,NULL,43,63,9,40,0.00,0.00,0.00,'2020-12-16 08:51:10.624'),(1314,NULL,43,63,16,40,0.00,0.00,0.00,'2020-12-16 08:51:10.624'),(1315,NULL,41,61,2,38,0.00,0.00,0.00,'2020-12-15 21:59:12.780'),(1316,NULL,41,61,3,38,0.00,0.00,0.00,'2020-12-15 21:59:12.780'),(1317,NULL,41,61,9,38,0.00,0.00,0.00,'2020-12-15 21:59:12.780'),(1318,NULL,41,61,73,38,0.00,0.00,0.00,'2020-12-15 21:59:12.780'),(1319,NULL,41,61,75,38,0.00,0.00,0.00,'2020-12-15 21:59:12.780'),(1320,NULL,41,61,76,38,0.00,0.00,0.00,'2020-12-15 21:59:12.780'),(1321,NULL,41,61,77,38,0.00,0.00,0.00,'2020-12-15 21:59:12.780'),(1322,211,42,64,1,42,129913.00,0.00,0.00,'2020-12-16 20:15:15.627'),(1323,211,42,64,2,42,6899.00,0.00,0.00,'2020-12-16 20:15:15.627'),(1324,211,42,64,3,42,25972.00,0.00,0.00,'2020-12-16 20:15:15.627'),(1325,211,42,64,5,42,1200.00,0.00,0.00,'2020-12-16 20:15:15.627'),(1326,211,42,64,7,42,13974.00,0.00,0.00,'2020-12-16 20:15:15.627'),(1327,211,42,64,16,42,9379.00,0.00,0.00,'2020-12-16 20:15:15.627'),(1328,212,41,61,2,38,4755.00,0.00,0.00,'2020-12-16 22:00:37.693'),(1329,212,41,61,3,38,6375.00,0.00,0.00,'2020-12-16 22:00:37.693'),(1330,212,41,61,9,38,5631.00,0.00,0.00,'2020-12-16 22:00:37.693'),(1331,212,41,61,73,38,35171.00,0.00,0.00,'2020-12-16 22:00:37.693'),(1332,212,41,61,75,38,0.00,0.00,0.00,'2020-12-16 22:00:37.693'),(1333,212,41,61,76,38,136985.00,0.00,0.00,'2020-12-16 22:00:37.693'),(1334,212,41,61,77,38,28208.00,0.00,0.00,'2020-12-16 22:00:37.693'),(1335,213,32,62,1,39,37178.00,0.00,0.00,'2020-12-16 22:33:14.195'),(1336,213,32,62,3,39,28543.00,0.00,0.00,'2020-12-16 22:33:14.195'),(1337,213,32,62,5,39,0.00,0.00,0.00,'2020-12-16 22:33:14.195'),(1338,213,32,62,7,39,20236.00,0.00,0.00,'2020-12-16 22:33:14.195'),(1339,213,32,62,2,39,79442.00,0.00,0.00,'2020-12-16 22:33:14.195'),(1340,213,32,62,9,39,4958.00,0.00,0.00,'2020-12-16 22:33:14.195'),(1341,213,32,62,16,39,169.00,0.00,0.00,'2020-12-16 22:33:14.195'),(1342,NULL,32,62,1,39,0.00,0.00,0.00,'2020-12-16 22:33:14.195'),(1343,NULL,32,62,3,39,0.00,0.00,0.00,'2020-12-16 22:33:14.195'),(1344,NULL,32,62,5,39,0.00,0.00,0.00,'2020-12-16 22:33:14.195'),(1345,NULL,32,62,7,39,0.00,0.00,0.00,'2020-12-16 22:33:14.195'),(1346,NULL,32,62,2,39,0.00,0.00,0.00,'2020-12-16 22:33:14.195'),(1347,NULL,32,62,9,39,0.00,0.00,0.00,'2020-12-16 22:33:14.195'),(1348,NULL,32,62,16,39,0.00,0.00,0.00,'2020-12-16 22:33:14.195'),(1349,214,31,61,1,37,45906.00,0.00,0.00,'2020-12-16 23:17:39.259'),(1350,214,31,61,16,37,56280.00,0.00,0.00,'2020-12-16 23:17:39.259'),(1351,214,31,61,72,37,836.00,0.00,0.00,'2020-12-16 23:17:39.259'),(1352,214,31,61,7,37,1115.00,0.00,0.00,'2020-12-16 23:17:39.259'),(1353,214,31,61,74,37,6288.00,0.00,0.00,'2020-12-16 23:17:39.259'),(1354,214,31,61,5,37,126524.00,0.00,0.00,'2020-12-16 23:17:39.259'),(1355,NULL,42,64,1,42,0.00,0.00,0.00,'2020-12-16 20:15:15.627'),(1356,NULL,42,64,2,42,0.00,0.00,0.00,'2020-12-16 20:15:15.627'),(1357,NULL,42,64,3,42,0.00,0.00,0.00,'2020-12-16 20:15:15.627'),(1358,NULL,42,64,5,42,0.00,0.00,0.00,'2020-12-16 20:15:15.627'),(1359,NULL,42,64,7,42,0.00,0.00,0.00,'2020-12-16 20:15:15.627'),(1360,NULL,42,64,16,42,0.00,0.00,0.00,'2020-12-16 20:15:15.627'),(1361,NULL,31,61,1,37,0.00,0.00,0.00,'2020-12-16 23:17:39.259'),(1362,NULL,31,61,16,37,0.00,0.00,0.00,'2020-12-16 23:17:39.259'),(1363,NULL,31,61,72,37,0.00,0.00,0.00,'2020-12-16 23:17:39.259'),(1364,NULL,31,61,7,37,0.00,0.00,0.00,'2020-12-16 23:17:39.259'),(1365,NULL,31,61,74,37,0.00,0.00,0.00,'2020-12-16 23:17:39.259'),(1366,NULL,31,61,5,37,0.00,0.00,0.00,'2020-12-16 23:17:39.259'),(1367,215,42,64,1,42,56654.00,0.00,0.00,'2020-12-17 20:39:01.056'),(1368,215,42,64,2,42,27815.00,0.00,0.00,'2020-12-17 20:39:01.056'),(1369,215,42,64,3,42,27326.00,0.00,0.00,'2020-12-17 20:39:01.056'),(1370,215,42,64,5,42,300.00,0.00,0.00,'2020-12-17 20:39:01.056'),(1371,215,42,64,7,42,28774.00,0.00,0.00,'2020-12-17 20:39:01.056'),(1372,215,42,64,16,42,8141.00,0.00,0.00,'2020-12-17 20:39:01.056'),(1373,216,31,61,1,37,9963.00,0.00,0.00,'2020-12-17 20:39:19.538'),(1374,216,31,61,16,37,45980.00,0.00,0.00,'2020-12-17 20:39:19.538'),(1375,216,31,61,72,37,836.00,0.00,0.00,'2020-12-17 20:39:19.538'),(1376,216,31,61,7,37,11433.00,0.00,0.00,'2020-12-17 20:39:19.538'),(1377,216,31,61,74,37,5468.00,0.00,0.00,'2020-12-17 20:39:19.538'),(1378,216,31,61,5,37,26204.00,0.00,0.00,'2020-12-17 20:39:19.538'),(1379,217,41,61,2,38,95090.00,0.00,0.00,'2020-12-17 21:59:00.059'),(1380,217,41,61,3,38,43319.00,0.00,0.00,'2020-12-17 21:59:00.059'),(1381,217,41,61,9,38,20031.00,0.00,0.00,'2020-12-17 21:59:00.059'),(1382,217,41,61,73,38,59671.00,0.00,0.00,'2020-12-17 21:59:00.059'),(1383,217,41,61,75,38,0.00,0.00,0.00,'2020-12-17 21:59:00.059'),(1384,217,41,61,76,38,79627.00,0.00,0.00,'2020-12-17 21:59:00.059'),(1385,217,41,61,77,38,19408.00,0.00,0.00,'2020-12-17 21:59:00.059'),(1386,218,32,62,1,39,87681.00,0.00,0.00,'2020-12-17 23:23:35.513'),(1387,218,32,62,3,39,2048.00,0.00,0.00,'2020-12-17 23:23:35.513'),(1388,218,32,62,5,39,0.00,0.00,0.00,'2020-12-17 23:23:35.513'),(1389,218,32,62,7,39,19851.00,0.00,0.00,'2020-12-17 23:23:35.513'),(1390,218,32,62,2,39,91642.00,0.00,0.00,'2020-12-17 23:23:35.513'),(1391,218,32,62,9,39,4758.00,0.00,0.00,'2020-12-17 23:23:35.513'),(1392,218,32,62,16,39,169.00,0.00,0.00,'2020-12-17 23:23:35.513'),(1393,NULL,41,61,2,38,0.00,0.00,0.00,'2020-12-17 21:59:00.060'),(1394,NULL,41,61,3,38,0.00,0.00,0.00,'2020-12-17 21:59:00.060'),(1395,NULL,41,61,9,38,0.00,0.00,0.00,'2020-12-17 21:59:00.060'),(1396,NULL,41,61,73,38,0.00,0.00,0.00,'2020-12-17 21:59:00.060'),(1397,NULL,41,61,75,38,0.00,0.00,0.00,'2020-12-17 21:59:00.060'),(1398,NULL,41,61,76,38,0.00,0.00,0.00,'2020-12-17 21:59:00.060'),(1399,NULL,41,61,77,38,0.00,0.00,0.00,'2020-12-17 21:59:00.060'),(1400,NULL,31,61,1,37,0.00,0.00,0.00,'2020-12-17 20:39:19.539'),(1401,NULL,31,61,16,37,0.00,0.00,0.00,'2020-12-17 20:39:19.539'),(1402,NULL,31,61,72,37,0.00,0.00,0.00,'2020-12-17 20:39:19.539'),(1403,NULL,31,61,7,37,0.00,0.00,0.00,'2020-12-17 20:39:19.539'),(1404,NULL,31,61,74,37,0.00,0.00,0.00,'2020-12-17 20:39:19.539'),(1405,NULL,31,61,5,37,0.00,0.00,0.00,'2020-12-17 20:39:19.539'),(1406,219,31,61,1,37,40245.00,0.00,0.00,'2020-12-18 20:26:31.619'),(1407,219,31,61,16,37,36340.00,0.00,0.00,'2020-12-18 20:26:31.619'),(1408,219,31,61,72,37,836.00,0.00,0.00,'2020-12-18 20:26:31.619'),(1409,219,31,61,7,37,32269.00,0.00,0.00,'2020-12-18 20:26:31.619'),(1410,219,31,61,74,37,10768.00,0.00,0.00,'2020-12-18 20:26:31.619'),(1411,219,31,61,5,37,43013.00,0.00,0.00,'2020-12-18 20:26:31.619'),(1412,220,42,64,1,42,46155.00,0.00,0.00,'2020-12-18 20:43:41.649'),(1413,220,42,64,2,42,61765.00,0.00,0.00,'2020-12-18 20:43:41.649'),(1414,220,42,64,3,42,38665.00,0.00,0.00,'2020-12-18 20:43:41.649'),(1415,220,42,64,5,42,300.00,0.00,0.00,'2020-12-18 20:43:41.649'),(1416,220,42,64,7,42,23884.00,0.00,0.00,'2020-12-18 20:43:41.649'),(1417,220,42,64,16,42,3865.00,0.00,0.00,'2020-12-18 20:43:41.649'),(1418,221,41,61,2,38,239170.00,0.00,0.00,'2020-12-18 21:55:08.852'),(1419,221,41,61,3,38,2554.00,0.00,0.00,'2020-12-18 21:55:08.852'),(1420,221,41,61,9,38,9031.00,0.00,0.00,'2020-12-18 21:55:08.852'),(1421,221,41,61,73,38,56571.00,0.00,0.00,'2020-12-18 21:55:08.852'),(1422,221,41,61,75,38,0.00,0.00,0.00,'2020-12-18 21:55:08.852'),(1423,221,41,61,76,38,106330.00,0.00,0.00,'2020-12-18 21:55:08.852'),(1424,221,41,61,77,38,36035.00,0.00,0.00,'2020-12-18 21:55:08.852'),(1425,NULL,32,62,1,39,0.00,0.00,0.00,'2020-12-17 23:23:35.514'),(1426,NULL,32,62,3,39,0.00,0.00,0.00,'2020-12-17 23:23:35.514'),(1427,NULL,32,62,5,39,0.00,0.00,0.00,'2020-12-17 23:23:35.514'),(1428,NULL,32,62,7,39,0.00,0.00,0.00,'2020-12-17 23:23:35.514'),(1429,NULL,32,62,2,39,0.00,0.00,0.00,'2020-12-17 23:23:35.514'),(1430,NULL,32,62,9,39,0.00,0.00,0.00,'2020-12-17 23:23:35.514'),(1431,NULL,32,62,16,39,0.00,0.00,0.00,'2020-12-17 23:23:35.514'),(1432,222,32,62,1,39,122611.00,0.00,0.00,'2020-12-18 22:34:41.285'),(1433,222,32,62,3,39,24543.00,0.00,0.00,'2020-12-18 22:34:41.285'),(1434,222,32,62,5,39,0.00,0.00,0.00,'2020-12-18 22:34:41.285'),(1435,222,32,62,7,39,57725.00,0.00,0.00,'2020-12-18 22:34:41.285'),(1436,222,32,62,2,39,95317.00,0.00,0.00,'2020-12-18 22:34:41.285'),(1437,222,32,62,9,39,2358.00,0.00,0.00,'2020-12-18 22:34:41.285'),(1438,222,32,62,16,39,169.00,0.00,0.00,'2020-12-18 22:34:41.285'),(1439,223,43,63,1,33,1000.00,0.00,0.00,'2020-12-19 07:32:38.412'),(1440,223,43,63,2,33,1500.00,0.00,0.00,'2020-12-19 07:32:38.412'),(1441,223,43,63,9,33,1000.00,0.00,0.00,'2020-12-19 07:32:38.412'),(1442,223,43,63,16,33,1000.00,0.00,0.00,'2020-12-19 07:32:38.412'),(1443,NULL,43,63,1,33,0.00,0.00,0.00,'2020-12-19 07:32:38.412'),(1444,NULL,43,63,2,33,0.00,0.00,0.00,'2020-12-19 07:32:38.412'),(1445,NULL,43,63,9,33,0.00,0.00,0.00,'2020-12-19 07:32:38.412'),(1446,NULL,43,63,16,33,0.00,0.00,0.00,'2020-12-19 07:32:38.412'),(1447,224,43,63,1,40,25410.00,0.00,0.00,'2020-12-19 07:58:52.192'),(1448,224,43,63,2,40,1000.00,0.00,0.00,'2020-12-19 07:58:52.192'),(1449,224,43,63,9,40,1000.00,0.00,0.00,'2020-12-19 07:58:52.192'),(1450,224,43,63,16,40,1500.00,0.00,0.00,'2020-12-19 07:58:52.192'),(1451,NULL,43,63,1,40,0.00,0.00,0.00,'2020-12-19 07:58:52.192'),(1452,NULL,43,63,2,40,0.00,0.00,0.00,'2020-12-19 07:58:52.192'),(1453,NULL,43,63,9,40,0.00,0.00,0.00,'2020-12-19 07:58:52.192'),(1454,NULL,43,63,16,40,0.00,0.00,0.00,'2020-12-19 07:58:52.192'),(1455,NULL,42,64,1,42,0.00,0.00,0.00,'2020-12-18 20:43:41.649'),(1456,NULL,42,64,2,42,0.00,0.00,0.00,'2020-12-18 20:43:41.649'),(1457,NULL,42,64,3,42,0.00,0.00,0.00,'2020-12-18 20:43:41.649'),(1458,NULL,42,64,5,42,0.00,0.00,0.00,'2020-12-18 20:43:41.649'),(1459,NULL,42,64,7,42,0.00,0.00,0.00,'2020-12-18 20:43:41.649'),(1460,NULL,42,64,16,42,0.00,0.00,0.00,'2020-12-18 20:43:41.649'),(1461,225,43,63,1,40,152050.00,0.00,0.00,'2020-12-19 10:04:00.081'),(1462,225,43,63,2,40,34636.00,0.00,0.00,'2020-12-19 10:04:00.081'),(1463,225,43,63,9,40,6587.00,0.00,0.00,'2020-12-19 10:04:00.081'),(1464,225,43,63,16,40,22329.00,0.00,0.00,'2020-12-19 10:04:00.081'),(1465,NULL,32,62,1,39,0.00,0.00,0.00,'2020-12-18 22:34:41.286'),(1466,NULL,32,62,3,39,0.00,0.00,0.00,'2020-12-18 22:34:41.286'),(1467,NULL,32,62,5,39,0.00,0.00,0.00,'2020-12-18 22:34:41.286'),(1468,NULL,32,62,7,39,0.00,0.00,0.00,'2020-12-18 22:34:41.286'),(1469,NULL,32,62,2,39,0.00,0.00,0.00,'2020-12-18 22:34:41.286'),(1470,NULL,32,62,9,39,0.00,0.00,0.00,'2020-12-18 22:34:41.286'),(1471,NULL,32,62,16,39,0.00,0.00,0.00,'2020-12-18 22:34:41.286'),(1472,NULL,41,61,2,38,0.00,0.00,0.00,'2020-12-18 21:55:08.852'),(1473,NULL,41,61,3,38,0.00,0.00,0.00,'2020-12-18 21:55:08.852'),(1474,NULL,41,61,9,38,0.00,0.00,0.00,'2020-12-18 21:55:08.852'),(1475,NULL,41,61,73,38,0.00,0.00,0.00,'2020-12-18 21:55:08.852'),(1476,NULL,41,61,75,38,0.00,0.00,0.00,'2020-12-18 21:55:08.852'),(1477,NULL,41,61,76,38,0.00,0.00,0.00,'2020-12-18 21:55:08.852'),(1478,NULL,41,61,77,38,0.00,0.00,0.00,'2020-12-18 21:55:08.852'),(1479,NULL,43,63,1,40,0.00,0.00,0.00,'2020-12-19 10:04:00.082'),(1480,NULL,43,63,2,40,0.00,0.00,0.00,'2020-12-19 10:04:00.082'),(1481,NULL,43,63,9,40,0.00,0.00,0.00,'2020-12-19 10:04:00.082'),(1482,NULL,43,63,16,40,0.00,0.00,0.00,'2020-12-19 10:04:00.082'),(1483,NULL,31,61,1,37,0.00,0.00,0.00,'2020-12-18 20:26:31.619'),(1484,NULL,31,61,16,37,0.00,0.00,0.00,'2020-12-18 20:26:31.619'),(1485,NULL,31,61,72,37,0.00,0.00,0.00,'2020-12-18 20:26:31.619'),(1486,NULL,31,61,7,37,0.00,0.00,0.00,'2020-12-18 20:26:31.619'),(1487,NULL,31,61,74,37,0.00,0.00,0.00,'2020-12-18 20:26:31.619'),(1488,NULL,31,61,5,37,0.00,0.00,0.00,'2020-12-18 20:26:31.619'),(1489,226,42,64,1,42,42956.00,0.00,0.00,'2020-12-19 21:27:01.191'),(1490,226,42,64,2,42,31355.00,0.00,0.00,'2020-12-19 21:27:01.191'),(1491,226,42,64,3,42,32378.00,0.00,0.00,'2020-12-19 21:27:01.191'),(1492,226,42,64,5,42,300.00,0.00,0.00,'2020-12-19 21:27:01.191'),(1493,226,42,64,7,42,29864.00,0.00,0.00,'2020-12-19 21:27:01.191'),(1494,226,42,64,16,42,3065.00,0.00,0.00,'2020-12-19 21:27:01.191'),(1495,227,41,61,2,38,4530.00,0.00,0.00,'2020-12-19 22:00:21.496'),(1496,227,41,61,3,38,252.00,0.00,0.00,'2020-12-19 22:00:21.496'),(1497,227,41,61,9,38,5831.00,0.00,0.00,'2020-12-19 22:00:21.496'),(1498,227,41,61,73,38,68751.00,0.00,0.00,'2020-12-19 22:00:21.496'),(1499,227,41,61,75,38,0.00,0.00,0.00,'2020-12-19 22:00:21.496'),(1500,227,41,61,76,38,112643.00,0.00,0.00,'2020-12-19 22:00:21.496'),(1501,227,41,61,77,38,43033.00,0.00,0.00,'2020-12-19 22:00:21.496'),(1502,228,43,63,1,40,113765.00,0.00,0.00,'2020-12-21 08:23:35.126'),(1503,228,43,63,2,40,39600.00,0.00,0.00,'2020-12-21 08:23:35.126'),(1504,228,43,63,9,40,6067.00,0.00,0.00,'2020-12-21 08:23:35.126'),(1505,228,43,63,16,40,20183.00,0.00,0.00,'2020-12-21 08:23:35.126'),(1506,NULL,43,63,1,40,0.00,0.00,0.00,'2020-12-21 08:23:35.126'),(1507,NULL,43,63,2,40,0.00,0.00,0.00,'2020-12-21 08:23:35.126'),(1508,NULL,43,63,9,40,0.00,0.00,0.00,'2020-12-21 08:23:35.126'),(1509,NULL,43,63,16,40,0.00,0.00,0.00,'2020-12-21 08:23:35.126'),(1510,NULL,43,63,1,40,0.00,0.00,0.00,'2020-12-21 08:23:35.126'),(1511,NULL,43,63,2,40,0.00,0.00,0.00,'2020-12-21 08:23:35.126'),(1512,NULL,43,63,9,40,0.00,0.00,0.00,'2020-12-21 08:23:35.126'),(1513,NULL,43,63,16,40,0.00,0.00,0.00,'2020-12-21 08:23:35.126'),(1514,NULL,42,64,1,42,0.00,0.00,0.00,'2020-12-19 21:27:01.192'),(1515,NULL,42,64,2,42,0.00,0.00,0.00,'2020-12-19 21:27:01.192'),(1516,NULL,42,64,3,42,0.00,0.00,0.00,'2020-12-19 21:27:01.192'),(1517,NULL,42,64,5,42,0.00,0.00,0.00,'2020-12-19 21:27:01.192'),(1518,NULL,42,64,7,42,0.00,0.00,0.00,'2020-12-19 21:27:01.192'),(1519,NULL,42,64,16,42,0.00,0.00,0.00,'2020-12-19 21:27:01.192'),(1520,229,42,64,1,42,44022.00,0.00,0.00,'2020-12-21 20:19:43.046'),(1521,229,42,64,2,42,32617.00,0.00,0.00,'2020-12-21 20:19:43.046'),(1522,229,42,64,3,42,6778.00,0.00,0.00,'2020-12-21 20:19:43.046'),(1523,229,42,64,5,42,300.00,0.00,0.00,'2020-12-21 20:19:43.046'),(1524,229,42,64,7,42,31534.00,0.00,0.00,'2020-12-21 20:19:43.046'),(1525,229,42,64,16,42,3533.00,0.00,0.00,'2020-12-21 20:19:43.046'),(1526,230,43,63,1,40,178240.00,0.00,0.00,'2020-12-21 20:44:45.964'),(1527,230,43,63,2,40,35800.00,0.00,0.00,'2020-12-21 20:44:45.964'),(1528,230,43,63,9,40,5177.00,0.00,0.00,'2020-12-21 20:44:45.964'),(1529,230,43,63,16,40,18533.00,0.00,0.00,'2020-12-21 20:44:45.964'),(1530,231,31,61,1,37,20292.00,0.00,0.00,'2020-12-21 20:42:06.280'),(1531,231,31,61,16,37,15440.00,0.00,0.00,'2020-12-21 20:42:06.280'),(1532,231,31,61,72,37,836.00,0.00,0.00,'2020-12-21 20:42:06.280'),(1533,231,31,61,7,37,91304.00,0.00,0.00,'2020-12-21 20:42:06.280'),(1534,231,31,61,74,37,15768.00,0.00,0.00,'2020-12-21 20:42:06.280'),(1535,231,31,61,5,37,14496.00,0.00,0.00,'2020-12-21 20:42:06.280'),(1536,232,32,62,1,39,163333.00,0.00,0.00,'2020-12-21 21:23:30.837'),(1537,232,32,62,3,39,843.00,0.00,0.00,'2020-12-21 21:23:30.837'),(1538,232,32,62,5,39,0.00,0.00,0.00,'2020-12-21 21:23:30.837'),(1539,232,32,62,7,39,40814.00,0.00,0.00,'2020-12-21 21:23:30.837'),(1540,232,32,62,2,39,27605.00,0.00,0.00,'2020-12-21 21:23:30.837'),(1541,232,32,62,9,39,8208.00,0.00,0.00,'2020-12-21 21:23:30.837'),(1542,232,32,62,16,39,3299.00,0.00,0.00,'2020-12-21 21:23:30.837'),(1543,NULL,41,61,2,38,0.00,0.00,0.00,'2020-12-19 22:00:21.496'),(1544,NULL,41,61,3,38,0.00,0.00,0.00,'2020-12-19 22:00:21.496'),(1545,NULL,41,61,9,38,0.00,0.00,0.00,'2020-12-19 22:00:21.496'),(1546,NULL,41,61,73,38,0.00,0.00,0.00,'2020-12-19 22:00:21.496'),(1547,NULL,41,61,75,38,0.00,0.00,0.00,'2020-12-19 22:00:21.496'),(1548,NULL,41,61,76,38,0.00,0.00,0.00,'2020-12-19 22:00:21.496'),(1549,NULL,41,61,77,38,0.00,0.00,0.00,'2020-12-19 22:00:21.496'),(1550,233,41,61,2,38,34813.00,0.00,0.00,'2020-12-21 22:29:18.058'),(1551,233,41,61,3,38,173167.00,0.00,0.00,'2020-12-21 22:29:18.058'),(1552,233,41,61,9,38,2731.00,0.00,0.00,'2020-12-21 22:29:18.058'),(1553,233,41,61,73,38,73171.00,0.00,0.00,'2020-12-21 22:29:18.058'),(1554,233,41,61,75,38,0.00,0.00,0.00,'2020-12-21 22:29:18.058'),(1555,233,41,61,76,38,9174.00,0.00,0.00,'2020-12-21 22:29:18.058'),(1556,233,41,61,77,38,7363.00,0.00,0.00,'2020-12-21 22:29:18.058'),(1557,NULL,43,63,1,40,0.00,0.00,0.00,'2020-12-21 08:23:35.126'),(1558,NULL,43,63,2,40,0.00,0.00,0.00,'2020-12-21 08:23:35.126'),(1559,NULL,43,63,9,40,0.00,0.00,0.00,'2020-12-21 08:23:35.126'),(1560,NULL,43,63,16,40,0.00,0.00,0.00,'2020-12-21 08:23:35.126'),(1561,NULL,43,63,1,40,0.00,0.00,0.00,'2020-12-21 08:23:35.126'),(1562,NULL,43,63,2,40,0.00,0.00,0.00,'2020-12-21 08:23:35.126'),(1563,NULL,43,63,9,40,0.00,0.00,0.00,'2020-12-21 08:23:35.126'),(1564,NULL,43,63,16,40,0.00,0.00,0.00,'2020-12-21 08:23:35.126'),(1565,NULL,43,63,1,40,0.00,0.00,0.00,'2020-12-21 08:23:35.126'),(1566,NULL,43,63,2,40,0.00,0.00,0.00,'2020-12-21 08:23:35.126'),(1567,NULL,43,63,9,40,0.00,0.00,0.00,'2020-12-21 08:23:35.126'),(1568,NULL,43,63,16,40,0.00,0.00,0.00,'2020-12-21 08:23:35.126'),(1569,NULL,43,63,1,40,0.00,0.00,0.00,'2020-12-21 08:23:35.126'),(1570,NULL,43,63,2,40,0.00,0.00,0.00,'2020-12-21 08:23:35.126'),(1571,NULL,43,63,9,40,0.00,0.00,0.00,'2020-12-21 08:23:35.126'),(1572,NULL,43,63,16,40,0.00,0.00,0.00,'2020-12-21 08:23:35.126'),(1573,NULL,43,63,1,40,0.00,0.00,0.00,'2020-12-21 08:23:35.126'),(1574,NULL,43,63,2,40,0.00,0.00,0.00,'2020-12-21 08:23:35.126'),(1575,NULL,43,63,9,40,0.00,0.00,0.00,'2020-12-21 08:23:35.126'),(1576,NULL,43,63,16,40,0.00,0.00,0.00,'2020-12-21 08:23:35.126'),(1577,NULL,41,61,2,38,0.00,0.00,0.00,'2020-12-21 22:29:18.059'),(1578,NULL,41,61,3,38,0.00,0.00,0.00,'2020-12-21 22:29:18.059'),(1579,NULL,41,61,9,38,0.00,0.00,0.00,'2020-12-21 22:29:18.059'),(1580,NULL,41,61,73,38,0.00,0.00,0.00,'2020-12-21 22:29:18.059'),(1581,NULL,41,61,75,38,0.00,0.00,0.00,'2020-12-21 22:29:18.059'),(1582,NULL,41,61,76,38,0.00,0.00,0.00,'2020-12-21 22:29:18.059'),(1583,NULL,41,61,77,38,0.00,0.00,0.00,'2020-12-21 22:29:18.059'),(1584,NULL,42,64,1,42,0.00,0.00,0.00,'2020-12-21 20:19:43.046'),(1585,NULL,42,64,2,42,0.00,0.00,0.00,'2020-12-21 20:19:43.046'),(1586,NULL,42,64,3,42,0.00,0.00,0.00,'2020-12-21 20:19:43.046'),(1587,NULL,42,64,5,42,0.00,0.00,0.00,'2020-12-21 20:19:43.046'),(1588,NULL,42,64,7,42,0.00,0.00,0.00,'2020-12-21 20:19:43.046'),(1589,NULL,42,64,16,42,0.00,0.00,0.00,'2020-12-21 20:19:43.046'),(1590,234,42,64,1,42,63.00,0.00,0.00,'2020-12-22 20:38:30.689'),(1591,234,42,64,2,42,6367.00,0.00,0.00,'2020-12-22 20:38:30.689'),(1592,234,42,64,3,42,33578.00,0.00,0.00,'2020-12-22 20:38:30.689'),(1593,234,42,64,5,42,800.00,0.00,0.00,'2020-12-22 20:38:30.689'),(1594,234,42,64,7,42,1534.00,0.00,0.00,'2020-12-22 20:38:30.689'),(1595,234,42,64,16,42,2673.00,0.00,0.00,'2020-12-22 20:38:30.689'),(1596,NULL,31,61,1,37,0.00,0.00,0.00,'2020-12-21 20:42:06.281'),(1597,NULL,31,61,16,37,0.00,0.00,0.00,'2020-12-21 20:42:06.281'),(1598,NULL,31,61,72,37,0.00,0.00,0.00,'2020-12-21 20:42:06.281'),(1599,NULL,31,61,7,37,0.00,0.00,0.00,'2020-12-21 20:42:06.281'),(1600,NULL,31,61,74,37,0.00,0.00,0.00,'2020-12-21 20:42:06.281'),(1601,NULL,31,61,5,37,0.00,0.00,0.00,'2020-12-21 20:42:06.281'),(1602,235,31,61,1,37,1572.00,0.00,0.00,'2020-12-22 20:47:11.569'),(1603,235,31,61,16,37,440.00,0.00,0.00,'2020-12-22 20:47:11.569'),(1604,235,31,61,72,37,836.00,0.00,0.00,'2020-12-22 20:47:11.569'),(1605,235,31,61,7,37,980.00,0.00,0.00,'2020-12-22 20:47:11.569'),(1606,235,31,61,74,37,9968.00,0.00,0.00,'2020-12-22 20:47:11.569'),(1607,235,31,61,5,37,73735.00,0.00,0.00,'2020-12-22 20:47:11.569'),(1608,NULL,32,62,1,39,0.00,0.00,0.00,'2020-12-21 21:23:30.838'),(1609,NULL,32,62,3,39,0.00,0.00,0.00,'2020-12-21 21:23:30.838'),(1610,NULL,32,62,5,39,0.00,0.00,0.00,'2020-12-21 21:23:30.838'),(1611,NULL,32,62,7,39,0.00,0.00,0.00,'2020-12-21 21:23:30.838'),(1612,NULL,32,62,2,39,0.00,0.00,0.00,'2020-12-21 21:23:30.838'),(1613,NULL,32,62,9,39,0.00,0.00,0.00,'2020-12-21 21:23:30.838'),(1614,NULL,32,62,16,39,0.00,0.00,0.00,'2020-12-21 21:23:30.838'),(1615,236,32,62,1,39,42378.00,0.00,0.00,'2020-12-22 21:38:17.877'),(1616,236,32,62,3,39,9613.00,0.00,0.00,'2020-12-22 21:38:17.877'),(1617,236,32,62,5,39,0.00,0.00,0.00,'2020-12-22 21:38:17.877'),(1618,236,32,62,7,39,25006.00,0.00,0.00,'2020-12-22 21:38:17.877'),(1619,236,32,62,2,39,49005.00,0.00,0.00,'2020-12-22 21:38:17.877'),(1620,236,32,62,9,39,7208.00,0.00,0.00,'2020-12-22 21:38:17.877'),(1621,236,32,62,16,39,3599.00,0.00,0.00,'2020-12-22 21:38:17.877'),(1622,NULL,43,63,1,40,0.00,0.00,0.00,'2020-12-21 20:44:45.965'),(1623,NULL,43,63,2,40,0.00,0.00,0.00,'2020-12-21 20:44:45.965'),(1624,NULL,43,63,9,40,0.00,0.00,0.00,'2020-12-21 20:44:45.965'),(1625,NULL,43,63,16,40,0.00,0.00,0.00,'2020-12-21 20:44:45.965'),(1626,237,41,61,2,38,21110.00,0.00,0.00,'2020-12-22 22:55:48.704'),(1627,237,41,61,3,38,222032.00,0.00,0.00,'2020-12-22 22:55:48.704'),(1628,237,41,61,9,38,1231.00,0.00,0.00,'2020-12-22 22:55:48.704'),(1629,237,41,61,73,38,58921.00,0.00,0.00,'2020-12-22 22:55:48.704'),(1630,237,41,61,75,38,0.00,0.00,0.00,'2020-12-22 22:55:48.704'),(1631,237,41,61,76,38,41692.00,0.00,0.00,'2020-12-22 22:55:48.704'),(1632,237,41,61,77,38,7156.00,0.00,0.00,'2020-12-22 22:55:48.704');

--
-- Table structure for table `expenses`
--

CREATE TABLE `expenses` (
  `id` int(10) NOT NULL AUTO_INCREMENT,
  `expenseName` text COLLATE utf8_unicode_ci NOT NULL,
  `description` text COLLATE utf8_unicode_ci NOT NULL,
  `amount` decimal(15,2) NOT NULL,
  `Active` int(2) DEFAULT NULL,
  `deleted` int(2) NOT NULL,
  `dateCreated` datetime(3) DEFAULT NULL,
  PRIMARY KEY (`id`)
) ENGINE=InnoDB AUTO_INCREMENT=38 DEFAULT CHARSET=utf8 COLLATE=utf8_unicode_ci;

--
-- Dumping data for table `expenses`
--

INSERT INTO `expenses` VALUES (1,'Office Tea Expanse.','Office Tea Expanse.',1500.00,1,0,'2020-10-23 11:05:17.000'),(2,'Office KPLC token','Office KPLC token',500.00,1,0,'2020-10-23 10:41:21.028'),(3,'Office Newspaper','Office Newspaper',500.00,0,1,'2020-10-23 10:44:56.674'),(4,'Office Tea Expanse.','Office Tea Expanse.',0.00,0,1,'2020-10-23 10:46:48.582'),(5,'Office Tea Expanse.','Office Tea Expanse.',0.00,0,1,'2020-10-23 10:57:59.172'),(6,'Office Tea Expanse.','Office Tea Expanse.',0.00,0,1,'2020-10-23 10:59:16.128'),(7,'Office Tea Expanse.','Office Tea Expanse.',0.00,1,0,'2020-10-23 11:03:11.489'),(8,'Office Tea Expanse.','Office Tea Expanse.',0.00,1,0,'2020-10-23 10:41:21.028'),(9,'Office Tea Expanse.','Office Tea Expanse.',0.00,1,0,'2020-10-23 10:44:56.674'),(10,'Office Tea Expanse.','Office Tea Expanse.',0.00,1,0,'2020-10-23 10:46:48.582'),(11,'Office Tea Expanse.','Office Tea Expanse.',0.00,1,0,'2020-10-23 10:57:59.172'),(12,'Office Tea Expanse.','Office Tea Expanse.',0.00,1,0,'2020-10-23 10:59:16.128'),(13,'Office Tea Expanse.','Office Tea Expanse.',0.00,0,1,'2020-10-23 11:03:11.489'),(14,'Office Tea Expanse.','Office Tea Expanse.',0.00,1,0,'2020-10-23 10:41:21.028'),(15,'Office Tea Expanse.','Office Tea Expanse.',0.00,0,1,'2020-10-23 10:44:56.674'),(16,'Office Tea Expanse.','Office Tea Expanse.',0.00,0,1,'2020-10-23 10:46:48.582'),(17,'Office Tea Expanse.','Office Tea Expanse.',0.00,0,1,'2020-10-23 10:57:59.172'),(18,'Office Tea Expanse.','Office Tea Expanse.',0.00,1,0,'2020-10-23 10:59:16.128'),(19,'Office Tea Expanse.','Office Tea Expanse.',0.00,1,0,'2020-10-23 11:03:11.489'),(20,'Office Tea Expanse.','Office Tea Expanse.',0.00,0,1,'2020-10-23 10:41:21.028'),(21,'Office Tea Expanse.','Office Tea Expanse.',0.00,1,0,'2020-10-23 10:44:56.674'),(22,'Office Tea Expanse.','Office Tea Expanse.',0.00,1,0,'2020-10-23 10:46:48.582'),(23,'Office Tea Expanse.','Office Tea Expanse.',0.00,1,0,'2020-10-23 10:57:59.172'),(24,'Office Tea Expanse.','Office Tea Expanse.',0.00,1,0,'2020-10-23 10:59:16.128'),(25,'Office Tea Expanse.','Office Tea Expanse.',0.00,1,0,'2020-10-23 11:03:11.489'),(26,'Office Tea Expanse.','Office Tea Expanse.',0.00,1,0,'2020-10-23 10:41:21.028'),(27,'Office Tea Expanse.','Office Tea Expanse.',0.00,1,0,'2020-10-23 10:44:56.674'),(28,'Office Tea Expanse.','Office Tea Expanse.',0.00,1,0,'2020-10-23 10:46:48.582'),(29,'Office Tea Expanse.','Office Tea Expanse.',0.00,0,1,'2020-10-23 10:57:59.172'),(30,'Office Tea Expanse.','Office Tea Expanse.',0.00,1,0,'2020-10-23 10:59:16.128'),(31,'Office Tea Expanse.','Office Tea Expanse.',0.00,1,0,'2020-10-23 11:03:11.489'),(32,'Office Tea Expanse.','Office Tea Expanse.',0.00,0,1,'2020-10-23 10:41:21.028'),(33,'Office Tea Expanse.','Office Tea Expanse.',0.00,0,1,'2020-10-23 10:44:56.674'),(34,'Office Tea Expanse.','Office Tea Expanse.',0.00,0,1,'2020-10-23 10:46:48.582'),(35,'Office Tea Expenses.','Office Tea Expenses.',200.00,0,1,'2020-10-23 10:57:59.172'),(36,'Office Tea Expanse.','Office Tea Expanse.',0.00,0,1,'2020-10-23 10:59:16.128'),(37,'Office Tea Expanse.','Office Tea Expanse.',0.00,0,1,'2020-10-23 11:03:11.489');

--
-- Table structure for table `position`
--

CREATE TABLE `position` (
  `id` int(15) NOT NULL,
  `oPBalId` int(15) NOT NULL,
  `totalOpening` decimal(15,2) NOT NULL,
  `totalCashIns` decimal(15,2) NOT NULL,
  `totalCashOuts` decimal(15,2) NOT NULL,
  `totalClosing` decimal(15,2) NOT NULL,
  `dateCreated` datetime(3) DEFAULT NULL
) ENGINE=InnoDB DEFAULT CHARSET=utf8 COLLATE=utf8_unicode_ci;

--
-- Dumping data for table `position`
--


--
-- Table structure for table `servicetypes`
--

CREATE TABLE `servicetypes` (
  `id` int(10) NOT NULL AUTO_INCREMENT,
  `serviceTypeName` varchar(100) COLLATE utf8_unicode_ci NOT NULL,
  `description` text COLLATE utf8_unicode_ci NOT NULL,
  `Active` tinyint(1) NOT NULL,
  `dateCreated` datetime(3) DEFAULT NULL,
  `deleted` int(2) NOT NULL DEFAULT '0',
  PRIMARY KEY (`id`)
) ENGINE=InnoDB AUTO_INCREMENT=79 DEFAULT CHARSET=utf8 COLLATE=utf8_unicode_ci;

--
-- Dumping data for table `servicetypes`
--

INSERT INTO `servicetypes` VALUES (1,'MPesa Service','Very popular service',1,'2020-10-06 14:38:48.000',0),(2,'Equity Bank','Sservice by Equity Bank',1,'2020-10-14 20:00:45.982',0),(3,'KCB Mtaani','Very popular Service by KCB',1,'2020-10-15 12:15:58.309',0),(4,'MPesa Service Type','Very popular service.',1,'2020-10-15 12:10:15.495',1),(5,'Family Bank ','Family Bank.',1,'2020-10-06 14:38:48.955',0),(6,'Equity Bank Agent Service','Very popular Service By Equity Bank',1,'2020-10-14 20:10:36.597',1),(7,'Co-op Bank',' Co-operative Bank',1,'2020-10-15 11:54:02.413',0),(8,'Safaricom Credit  service	','Very popular service By Safaricom.',1,'2020-10-15 12:31:44.365',1),(9,'KPLC Tokens ','By Kenya Power',1,'2020-10-15 12:21:51.879',0),(10,'Airtel Money','ok',1,'2020-10-28 15:28:43.244',1),(11,'Mpesa Agent 1','Agent number 1',1,'2020-10-23 18:49:22.222',1),(12,'Mpesa Agent number 1','Agent number 1',1,'2020-10-23 18:51:49.115',1),(13,'Moesa Agent 1','Agent 1',1,'2020-10-23 18:53:39.970',1),(14,'Airtel Money Service','ok',1,'2020-10-28 15:26:06.799',1),(15,'Airtel Money Service','ok',1,'2020-10-28 15:27:50.675',1),(16,'Airtel Money','Airtel',1,'2020-10-28 15:28:43.244',0),(17,'Mpesa Agent 1','Agent number 1',1,'2020-10-23 18:49:22.222',1),(18,'Mpesa Agent number 1','Agent number 1',1,'2020-10-23 18:51:49.115',1),(19,'Moesa Agent 1','Agent 1',1,'2020-10-23 18:53:39.970',1),(20,'Airtel Money Service','ok',1,'2020-10-28 15:26:06.799',1),(21,'Airtel Money Service','ok',1,'2020-10-28 15:27:50.675',1),(22,'Airtel Money','ok',1,'2020-10-28 15:28:43.244',1),(23,'Mpesa Agent 1','Agent number 1',1,'2020-10-23 18:49:22.222',1),(24,'Mpesa Agent number 1','Agent number 1',1,'2020-10-23 18:51:49.115',1),(25,'Moesa Agent 1','Agent 1',1,'2020-10-23 18:53:39.970',1),(26,'Airtel Money Service','ok',1,'2020-10-28 15:26:06.799',1),(27,'Airtel Money Service','ok',1,'2020-10-28 15:27:50.675',1),(28,'Airtel Money','ok',1,'2020-10-28 15:28:43.244',1),(29,'Mpesa Agent 1','Agent number 1',1,'2020-10-23 18:49:22.222',1),(30,'Mpesa Agent number 1','Agent number 1',1,'2020-10-23 18:51:49.115',1),(31,'Moesa Agent 1','Agent 1',1,'2020-10-23 18:53:39.970',1),(32,'Airtel Money Service','ok',1,'2020-10-28 15:26:06.799',1),(33,'Airtel Money Service','ok',1,'2020-10-28 15:27:50.675',1),(34,'Airtel Money','ok',1,'2020-10-28 15:28:43.244',1),(35,'Mpesa Agent 1','Agent number 1',1,'2020-10-23 18:49:22.222',1),(36,'Mpesa Agent number 1','Agent number 1',1,'2020-10-23 18:51:49.115',1),(37,'Moesa Agent 1','Agent 1',1,'2020-10-23 18:53:39.970',1),(38,'Airtel Money Service','ok',1,'2020-10-28 15:26:06.799',1),(39,'Airtel Money Service','ok',1,'2020-10-28 15:27:50.675',1),(40,'Airtel Money','ok',1,'2020-10-28 15:28:43.244',1),(41,'Mpesa Agent 1','Agent number 1',1,'2020-10-23 18:49:22.222',1),(42,'Mpesa Agent number 1','Agent number 1',1,'2020-10-23 18:51:49.115',1),(43,'Moesa Agent 1','Agent 1',1,'2020-10-23 18:53:39.970',1),(44,'Airtel Money Service','ok',1,'2020-10-28 15:26:06.799',1),(45,'Airtel Money Service','ok',1,'2020-10-28 15:27:50.675',1),(46,'Airtel Money','ok',1,'2020-10-28 15:28:43.244',1),(47,'Mpesa Agent 1','Agent number 1',1,'2020-10-23 18:49:22.222',1),(48,'Mpesa Agent number 1','Agent number 1',1,'2020-10-23 18:51:49.115',1),(49,'Moesa Agent 1','Agent 1',1,'2020-10-23 18:53:39.970',1),(50,'Airtel Money Service','ok',1,'2020-10-28 15:26:06.799',1),(51,'Airtel Money Service','ok',1,'2020-10-28 15:27:50.675',1),(52,'Airtel Money','ok',1,'2020-10-28 15:28:43.244',1),(53,'Mpesa Agent 1','Agent number 1',1,'2020-10-23 18:49:22.222',1),(54,'Mpesa Agent number 1','Agent number 1',1,'2020-10-23 18:51:49.115',1),(55,'Moesa Agent 1','Agent 1',1,'2020-10-23 18:53:39.970',1),(56,'Airtel Money Service','ok',1,'2020-10-28 15:26:06.799',1),(57,'Airtel Money Service','ok',1,'2020-10-28 15:27:50.675',1),(58,'Airtel Money','ok',1,'2020-10-28 15:28:43.244',1),(59,'AIRTEL','AIRTEL',1,'2020-10-31 20:54:03.579',1),(60,'AIRTEL','AIRTEL',1,'2020-10-31 20:54:14.228',1),(61,'WESTERN UNION','COOP',1,'2020-10-31 20:55:29.563',1),(62,'AIRTEL','AIRTEL',1,'2020-10-31 20:54:03.579',1),(63,'AIRTEL','AIRTEL',1,'2020-10-31 20:54:14.228',1),(64,'WESTERN UNION','COOP',1,'2020-10-31 20:55:29.563',1),(65,'Family Bank Money','Coming up',1,'2020-11-03 06:32:53.444',1),(66,'Family Bank Money','Coming up',1,'2020-11-03 06:32:53.444',1),(67,'Bank Of India','New Service',1,'2020-11-03 11:13:17.083',1),(68,'Bank of India','New Service',1,'2020-11-03 11:15:30.236',1),(69,'Bank Of India','New service',1,'2020-11-03 11:17:39.543',1),(70,'Bank Of India','New Service',1,'2020-11-03 11:13:17.083',1),(71,'Bank of India','New Service',1,'2020-11-03 11:15:30.236',1),(72,'VOOMA','product of KCB',1,'2020-11-03 19:10:56.748',0),(73,'Postbank','post bank',1,'2020-11-03 19:12:54.342',0),(74,'Unaitas ','Unaitas ',1,'2020-11-21 17:37:04.453',0),(75,'National bank','National bank service',1,'2020-11-21 17:38:44.828',0),(76,'Mpesa Agent  No. 289132','Mega shop counter 1',1,'2020-11-27 18:56:09.130',0),(77,'Mpesa Agent No.  412449','Mega shop counter one',1,'2020-11-27 18:56:47.058',1),(78,'Mpesa Agent No.  412449','Mega shop counter one',1,'2020-11-27 18:56:54.084',0);

--
-- Table structure for table `shops`
--

CREATE TABLE `shops` (
  `id` int(10) NOT NULL AUTO_INCREMENT,
  `shopName` varchar(100) COLLATE utf8_unicode_ci DEFAULT NULL,
  `Active` tinyint(1) DEFAULT NULL,
  `description` text COLLATE utf8_unicode_ci,
  `dateCreated` datetime(3) DEFAULT NULL,
  `deleted` int(2) DEFAULT '0',
  PRIMARY KEY (`id`)
) ENGINE=InnoDB AUTO_INCREMENT=65 DEFAULT CHARSET=utf8 COLLATE=utf8_unicode_ci;

--
-- Dumping data for table `shops`
--

INSERT INTO `shops` VALUES (61,'MEGA SHOP',1,'mega','2020-11-05 19:08:30.280',0),(62,'HQ SHOP',1,'Hq','2020-11-05 19:08:57.877',0),(63,'EXECUTIVE SHOP',1,'exec','2020-11-05 19:09:30.162',0),(64,'WATAALAM SHOP',1,'wataalam','2020-11-05 19:10:04.456',0);

--
-- Table structure for table `startcountercashbalances`
--

CREATE TABLE `startcountercashbalances` (
  `id` int(15) NOT NULL AUTO_INCREMENT,
  `counterId` int(10) NOT NULL,
  `shopId` int(10) NOT NULL,
  `userId` int(10) NOT NULL,
  `startCashNotesAmount` decimal(15,2) NOT NULL,
  `startCoinsAmount` decimal(15,2) NOT NULL,
  `dateCreated` datetime(3) DEFAULT NULL,
  PRIMARY KEY (`id`)
) ENGINE=InnoDB AUTO_INCREMENT=260 DEFAULT CHARSET=utf8 COLLATE=utf8_unicode_ci;

--
-- Dumping data for table `startcountercashbalances`
--

INSERT INTO `startcountercashbalances` VALUES (129,31,61,39,6500.00,25400.00,'2020-11-17 18:31:11.099'),(130,38,61,38,470100.00,6105.00,'2020-11-17 19:33:12.669'),(131,38,61,38,470100.00,6105.00,'2020-11-17 19:33:12.669'),(132,38,61,39,2540.00,25400.00,'2020-11-17 19:12:12.050'),(134,34,63,39,12560.00,2500.00,'2020-11-18 13:37:38.035'),(135,34,63,37,2500.00,1250.00,'2020-11-18 19:55:21.179'),(136,39,61,38,32580.00,1230.00,'2020-11-18 20:03:17.113'),(137,39,61,38,678800.00,6118.00,'2020-11-18 20:08:31.691'),(138,39,61,38,1929350.00,6224.00,'2020-11-19 09:16:46.682'),(139,39,61,38,255544.00,552.00,'2020-11-19 10:09:44.596'),(140,39,61,38,1929350.00,6224.00,'2020-11-19 11:28:23.535'),(141,33,63,40,25485.00,51.00,'2020-11-19 19:21:41.991'),(142,39,61,38,1929350.00,6224.00,'2020-11-19 23:13:42.654'),(143,39,61,38,1929350.00,6224.00,'2020-11-19 23:22:03.076'),(144,39,61,38,913100.00,9054.00,'2020-11-20 11:57:37.579'),(145,39,61,38,2116853.00,0.00,'2020-11-20 12:06:13.676'),(146,31,61,37,2116853.00,0.00,'2020-11-20 12:18:00.478'),(147,39,61,38,793400.00,7171.00,'2020-11-21 15:34:07.113'),(148,39,61,38,718400.00,14055.00,'2020-11-25 14:48:06.569'),(149,39,61,38,889550.00,12236.00,'2020-11-26 13:47:13.401'),(150,40,61,38,718400.00,14055.00,'2020-11-26 13:58:34.079'),(151,41,61,38,889550.00,12236.00,'2020-11-26 17:47:21.339'),(152,33,63,40,86450.00,654.00,'2020-11-27 12:27:24.658'),(153,34,63,40,0.00,0.00,'2020-11-27 12:39:43.823'),(154,32,62,39,97600.00,540.00,'2020-11-27 13:55:15.193'),(155,32,62,39,97600.00,540.00,'2020-11-27 14:33:40.328'),(156,35,64,42,88300.00,5855.00,'2020-11-27 16:01:59.985'),(157,42,64,42,88300.00,5855.00,'2020-11-27 18:00:29.605'),(158,33,63,40,120000.00,528.00,'2020-11-27 18:46:26.630'),(159,41,61,38,168350.00,5187.00,'2020-11-27 18:50:54.827'),(160,32,62,41,168350.00,5187.00,'2020-11-27 19:31:22.487'),(161,34,63,44,55254.00,2000.00,'2020-11-27 19:39:08.832'),(162,42,64,42,69100.00,3443.00,'2020-11-28 09:28:29.026'),(163,41,61,38,202400.00,13723.00,'2020-11-28 14:38:13.565'),(164,31,61,37,19800.00,780.00,'2020-11-29 21:37:18.840'),(165,34,63,44,0.00,0.00,'2020-11-30 10:39:10.457'),(166,33,63,40,53500.00,559.00,'2020-11-30 10:47:08.350'),(168,41,61,38,600400.00,9427.00,'2020-11-30 12:46:01.794'),(170,33,63,40,259450.00,434.00,'2020-12-01 09:05:23.306'),(171,34,63,44,44500.00,146.00,'2020-12-01 09:02:01.370'),(172,42,64,42,45550.00,7371.00,'2020-12-01 17:19:05.682'),(173,41,61,38,1114900.00,1009.00,'2020-12-01 19:58:59.054'),(174,42,64,42,13800.00,4413.00,'2020-12-02 07:34:12.140'),(175,33,63,40,235900.00,622.00,'2020-12-02 10:55:44.624'),(176,32,62,39,146650.00,1080.00,'2020-12-02 11:52:22.164'),(177,31,61,37,10500.00,735.00,'2020-12-02 12:14:13.486'),(178,41,61,38,431800.00,5356.00,'2020-12-02 12:48:54.367'),(179,33,63,40,235900.00,622.00,'2020-12-02 10:55:44.624'),(180,34,63,44,69069.00,26.00,'2020-12-02 18:46:54.245'),(181,42,64,42,61450.00,6503.00,'2020-12-03 08:29:54.437'),(182,32,62,39,64850.00,2350.00,'2020-12-03 20:26:47.483'),(183,41,61,38,1441050.00,10804.00,'2020-12-03 22:42:07.819'),(184,34,63,44,6400.00,25.00,'2020-12-04 09:04:12.597'),(185,42,64,42,129950.00,5476.00,'2020-12-04 09:33:03.802'),(186,43,63,40,97800.00,655.00,'2020-12-04 15:45:18.131'),(187,32,62,39,119300.00,1704.00,'2020-12-04 19:38:23.134'),(189,41,61,38,645200.00,8852.00,'2020-12-04 21:19:53.322'),(190,43,63,40,81450.00,38.00,'2020-12-05 09:18:54.352'),(191,42,64,42,139550.00,6632.00,'2020-12-05 12:08:09.757'),(193,41,61,38,967250.00,3175.00,'2020-12-05 23:28:18.970'),(194,32,62,39,22550.00,1004.00,'2020-12-07 08:54:37.143'),(195,42,64,42,103550.00,5085.00,'2020-12-07 09:25:55.102'),(196,34,63,44,26250.00,20.00,'2020-12-07 10:48:54.362'),(197,43,43,40,0.00,0.00,'2020-12-07 10:46:46.897'),(198,41,61,38,974650.00,1003.00,'2020-12-07 23:42:07.630'),(199,43,63,40,95600.00,164.00,'2020-12-08 08:43:25.045'),(200,32,62,39,190600.00,970.00,'2020-12-08 10:34:59.762'),(201,42,64,42,103550.00,5085.00,'2020-12-08 12:25:05.229'),(202,41,61,38,1519900.00,6760.00,'2020-12-08 21:22:23.170'),(203,42,64,42,177500.00,3053.00,'2020-12-09 07:56:10.958'),(204,31,61,37,206000.00,1025.00,'2020-12-09 11:33:25.223'),(205,43,63,40,181400.00,332.00,'2020-12-09 12:04:28.352'),(206,32,62,39,163350.00,212.00,'2020-12-09 19:06:18.718'),(207,41,61,38,200150.00,4234.00,'2020-12-09 21:10:09.531'),(208,42,64,42,104900.00,5903.00,'2020-12-10 07:35:04.571'),(209,43,63,40,156150.00,509.00,'2020-12-10 07:54:36.807'),(210,34,63,44,65800.00,80.00,'2020-12-10 08:45:06.390'),(211,41,61,38,446250.00,95.00,'2020-12-10 21:13:49.574'),(212,32,62,39,135450.00,1900.00,'2020-12-10 21:36:52.511'),(213,42,64,42,115000.00,4044.00,'2020-12-11 07:56:35.667'),(214,34,63,44,21600.00,109.00,'2020-12-11 09:05:19.785'),(215,43,63,40,147350.00,125.00,'2020-12-11 09:10:06.117'),(216,31,61,37,29300.00,100.00,'2020-12-11 19:10:54.910'),(217,41,61,38,1217600.00,6050.00,'2020-12-11 19:21:09.932'),(218,32,62,39,276550.00,640.00,'2020-12-11 22:57:14.642'),(219,42,64,42,136050.00,1718.00,'2020-12-12 09:37:33.539'),(220,31,61,37,122800.00,385.00,'2020-12-12 20:47:29.462'),(221,41,61,38,1218200.00,4670.00,'2020-12-12 21:57:09.135'),(222,32,62,39,428340.00,480.00,'2020-12-12 23:04:35.030'),(223,43,63,40,205100.00,2029.00,'2020-12-14 10:48:08.435'),(224,32,62,39,324200.00,880.00,'2020-12-14 19:48:32.972'),(225,31,61,37,234350.00,100.00,'2020-12-14 20:38:20.135'),(226,41,61,38,1162500.00,1850.00,'2020-12-14 20:41:22.336'),(227,42,64,42,122350.00,2744.00,'2020-12-15 08:38:20.538'),(228,43,63,40,140700.00,188.00,'2020-12-15 10:11:23.019'),(229,32,62,39,634650.00,128.00,'2020-12-15 11:38:28.559'),(230,31,61,37,155400.00,70.00,'2020-12-15 20:35:35.053'),(231,41,61,38,981900.00,15402.00,'2020-12-15 21:48:20.648'),(232,43,63,40,72350.00,250.00,'2020-12-16 08:52:26.646'),(233,41,61,38,418950.00,12159.00,'2020-12-16 10:27:01.495'),(234,42,64,42,156900.00,6929.00,'2020-12-16 12:52:33.917'),(235,32,62,39,125630.00,2050.00,'2020-12-16 22:25:36.065'),(236,31,61,37,164400.00,60.00,'2020-12-16 23:11:21.322'),(237,42,64,42,34550.00,10916.00,'2020-12-17 08:17:52.762'),(238,41,61,38,1152850.00,10187.00,'2020-12-17 11:24:43.475'),(239,32,62,39,344800.00,810.00,'2020-12-17 20:11:44.577'),(240,31,61,37,89350.00,82.00,'2020-12-17 20:31:17.666'),(241,41,61,38,105950.00,7753.00,'2020-12-18 19:40:09.760'),(242,31,61,37,48500.00,20.00,'2020-12-18 20:22:17.444'),(243,42,64,42,102750.00,10315.00,'2020-12-18 20:39:43.661'),(244,32,62,39,43300.00,520.00,'2020-12-18 22:29:29.097'),(245,43,63,33,12300.00,254.00,'2020-12-19 07:31:13.907'),(246,43,63,40,1500.00,150.00,'2020-12-19 07:40:29.023'),(247,42,64,42,47150.00,12300.00,'2020-12-19 08:48:20.798'),(248,43,63,40,102750.00,282.00,'2020-12-19 10:05:26.145'),(249,41,61,38,1533050.00,6328.00,'2020-12-19 19:20:54.479'),(250,43,63,40,194250.00,91.00,'2020-12-21 08:47:14.761'),(251,32,62,39,286450.00,3100.00,'2020-12-21 16:39:53.933'),(252,42,64,42,117800.00,4348.00,'2020-12-21 19:10:05.223'),(253,31,61,37,58650.00,150.00,'2020-12-21 20:33:44.656'),(254,41,61,38,1689450.00,9088.00,'2020-12-21 22:24:14.689'),(255,43,63,40,91250.00,717.00,'2020-12-22 18:49:14.715'),(256,42,64,42,152950.00,4970.00,'2020-12-22 20:30:22.086'),(257,31,61,37,103200.00,20.00,'2020-12-22 20:44:38.415'),(258,32,62,39,85050.00,2307.00,'2020-12-22 21:32:07.779'),(259,41,61,38,2050050.00,7442.00,'2020-12-22 22:44:04.691');

--
-- Table structure for table `startcounterdetails`
--

CREATE TABLE `startcounterdetails` (
  `id` int(15) NOT NULL AUTO_INCREMENT,
  `scBalId` int(20) DEFAULT NULL,
  `counterId` int(10) NOT NULL,
  `shopId` int(5) NOT NULL,
  `serviceTypeId` int(5) NOT NULL,
  `userId` int(10) NOT NULL,
  `openingBalanceAmount` decimal(15,2) NOT NULL,
  `startCashNotesAmount` decimal(15,2) NOT NULL,
  `startCoinsNotesAmount` decimal(9,2) NOT NULL,
  `dateCreated` datetime(3) DEFAULT NULL,
  PRIMARY KEY (`id`)
) ENGINE=InnoDB AUTO_INCREMENT=1551 DEFAULT CHARSET=utf8 COLLATE=utf8_unicode_ci;

--
-- Dumping data for table `startcounterdetails`
--

INSERT INTO `startcounterdetails` VALUES (306,129,31,61,1,39,1200.00,0.00,0.00,'2020-11-17 18:31:11.099'),(307,129,31,61,3,39,1250.00,0.00,0.00,'2020-11-17 18:31:11.099'),(308,129,31,61,16,39,2540.00,0.00,0.00,'2020-11-17 18:31:11.099'),(309,129,31,61,72,39,25400.00,0.00,0.00,'2020-11-17 18:31:11.099'),(310,129,31,61,7,39,125410.00,0.00,0.00,'2020-11-17 18:31:11.099'),(315,130,38,61,1,38,723476.00,0.00,0.00,'2020-11-17 19:33:12.669'),(316,130,38,61,2,38,591520.00,0.00,0.00,'2020-11-17 19:33:12.669'),(317,130,38,61,5,38,76496.00,0.00,0.00,'2020-11-17 19:33:12.669'),(322,132,38,61,1,39,12400.00,0.00,0.00,'2020-11-17 19:12:12.050'),(323,132,38,61,2,39,21400.00,0.00,0.00,'2020-11-17 19:12:12.050'),(324,132,38,61,5,39,12400.00,0.00,0.00,'2020-11-17 19:12:12.050'),(325,132,38,61,5,39,25600.00,0.00,0.00,'2020-11-17 19:12:12.050'),(326,132,38,61,2,39,6502.00,0.00,0.00,'2020-11-17 19:12:12.050'),(327,132,38,61,73,39,25100.00,0.00,0.00,'2020-11-17 19:12:12.050'),(328,132,38,61,9,39,2500.00,0.00,0.00,'2020-11-17 19:12:12.050'),(344,134,34,63,5,39,1540.00,0.00,0.00,'2020-11-18 13:37:38.035'),(345,134,34,63,3,39,62800.00,0.00,0.00,'2020-11-18 13:37:38.035'),(346,134,34,63,7,39,32800.00,0.00,0.00,'2020-11-18 13:37:38.035'),(347,NULL,34,63,3,39,0.00,0.00,0.00,'2020-11-18 13:37:38.036'),(348,NULL,34,63,7,39,0.00,0.00,0.00,'2020-11-18 13:37:38.036'),(349,135,34,63,5,37,3210.00,0.00,0.00,'2020-11-18 19:55:21.179'),(350,135,34,63,3,37,3250.00,0.00,0.00,'2020-11-18 19:55:21.179'),(351,135,34,63,7,37,1235.00,0.00,0.00,'2020-11-18 19:55:21.179'),(352,NULL,34,63,3,37,0.00,0.00,0.00,'2020-11-18 19:55:21.179'),(353,NULL,34,63,7,37,0.00,0.00,0.00,'2020-11-18 19:55:21.179'),(354,136,39,61,1,38,32500.00,0.00,0.00,'2020-11-18 20:03:17.113'),(355,136,39,61,2,38,32500.00,0.00,0.00,'2020-11-18 20:03:17.113'),(356,136,39,61,5,38,32580.00,0.00,0.00,'2020-11-18 20:03:17.113'),(357,136,39,61,9,38,32510.00,0.00,0.00,'2020-11-18 20:03:17.113'),(358,136,39,61,73,38,32560.00,0.00,0.00,'2020-11-18 20:03:17.113'),(359,137,39,61,1,38,843571.00,0.00,0.00,'2020-11-18 20:08:31.691'),(360,137,39,61,2,38,395797.00,0.00,0.00,'2020-11-18 20:08:31.691'),(361,137,39,61,5,38,119640.00,0.00,0.00,'2020-11-18 20:08:31.691'),(362,137,39,61,9,38,14309.00,0.00,0.00,'2020-11-18 20:08:31.691'),(363,137,39,61,73,38,32734.00,0.00,0.00,'2020-11-18 20:08:31.691'),(364,NULL,39,61,2,38,0.00,0.00,0.00,'2020-11-18 20:08:31.691'),(365,NULL,39,61,5,38,0.00,0.00,0.00,'2020-11-18 20:08:31.691'),(366,NULL,39,61,9,38,0.00,0.00,0.00,'2020-11-18 20:08:31.691'),(367,NULL,39,61,73,38,0.00,0.00,0.00,'2020-11-18 20:08:31.691'),(368,138,39,61,1,38,83010.00,0.00,0.00,'2020-11-19 09:16:46.682'),(369,138,39,61,2,38,4331.00,0.00,0.00,'2020-11-19 09:16:46.682'),(370,138,39,61,5,38,26295.00,0.00,0.00,'2020-11-19 09:16:46.682'),(371,138,39,61,9,38,8909.00,0.00,0.00,'2020-11-19 09:16:46.682'),(372,138,39,61,73,38,58734.00,0.00,0.00,'2020-11-19 09:16:46.682'),(373,139,39,61,1,38,8524.00,0.00,0.00,'2020-11-19 10:09:44.596'),(374,139,39,61,2,38,44552.00,0.00,0.00,'2020-11-19 10:09:44.596'),(375,139,39,61,5,38,4444.00,0.00,0.00,'2020-11-19 10:09:44.596'),(376,139,39,61,9,38,444.00,0.00,0.00,'2020-11-19 10:09:44.596'),(377,139,39,61,73,38,52556.00,0.00,0.00,'2020-11-19 10:09:44.596'),(378,NULL,39,61,2,38,0.00,0.00,0.00,'2020-11-19 09:16:46.682'),(379,NULL,39,61,5,38,0.00,0.00,0.00,'2020-11-19 09:16:46.682'),(380,NULL,39,61,9,38,0.00,0.00,0.00,'2020-11-19 09:16:46.682'),(381,NULL,39,61,73,38,0.00,0.00,0.00,'2020-11-19 09:16:46.682'),(382,140,39,61,1,38,83010.00,0.00,0.00,'2020-11-19 11:28:23.535'),(383,140,39,61,2,38,4331.00,0.00,0.00,'2020-11-19 11:28:23.535'),(384,140,39,61,5,38,26295.00,0.00,0.00,'2020-11-19 11:28:23.535'),(385,140,39,61,9,38,8909.00,0.00,0.00,'2020-11-19 11:28:23.535'),(386,140,39,61,73,38,58734.00,0.00,0.00,'2020-11-19 11:28:23.535'),(387,NULL,39,61,2,38,0.00,0.00,0.00,'2020-11-19 10:09:44.597'),(388,NULL,39,61,5,38,0.00,0.00,0.00,'2020-11-19 10:09:44.597'),(389,NULL,39,61,9,38,0.00,0.00,0.00,'2020-11-19 10:09:44.597'),(390,NULL,39,61,73,38,0.00,0.00,0.00,'2020-11-19 10:09:44.597'),(391,141,33,63,1,40,50000.00,0.00,0.00,'2020-11-19 19:21:41.991'),(392,141,33,63,2,40,854.00,0.00,0.00,'2020-11-19 19:21:41.991'),(393,141,33,63,9,40,8523.00,0.00,0.00,'2020-11-19 19:21:41.991'),(394,141,33,63,16,40,552.00,0.00,0.00,'2020-11-19 19:21:41.991'),(395,NULL,39,61,2,38,0.00,0.00,0.00,'2020-11-19 11:28:23.535'),(396,NULL,39,61,5,38,0.00,0.00,0.00,'2020-11-19 11:28:23.535'),(397,NULL,39,61,9,38,0.00,0.00,0.00,'2020-11-19 11:28:23.535'),(398,NULL,39,61,73,38,0.00,0.00,0.00,'2020-11-19 11:28:23.535'),(399,142,39,61,1,38,591050.00,0.00,0.00,'2020-11-19 23:13:42.654'),(400,142,39,61,2,38,221376.00,0.00,0.00,'2020-11-19 23:13:42.654'),(401,142,39,61,5,38,142195.00,0.00,0.00,'2020-11-19 23:13:42.654'),(402,142,39,61,9,38,4809.00,0.00,0.00,'2020-11-19 23:13:42.654'),(403,142,39,61,73,38,63484.00,0.00,0.00,'2020-11-19 23:13:42.654'),(404,143,39,61,1,38,83010.00,0.00,0.00,'2020-11-19 23:22:03.076'),(405,143,39,61,2,38,4331.00,0.00,0.00,'2020-11-19 23:22:03.076'),(406,143,39,61,5,38,26295.00,0.00,0.00,'2020-11-19 23:22:03.076'),(407,143,39,61,9,38,8909.00,0.00,0.00,'2020-11-19 23:22:03.076'),(408,143,39,61,73,38,58734.00,0.00,0.00,'2020-11-19 23:22:03.076'),(409,NULL,39,61,2,38,0.00,0.00,0.00,'2020-11-19 23:13:42.655'),(410,NULL,39,61,5,38,0.00,0.00,0.00,'2020-11-19 23:13:42.655'),(411,NULL,39,61,9,38,0.00,0.00,0.00,'2020-11-19 23:13:42.655'),(412,NULL,39,61,73,38,0.00,0.00,0.00,'2020-11-19 23:13:42.655'),(413,NULL,39,61,2,38,0.00,0.00,0.00,'2020-11-19 23:22:03.077'),(414,NULL,39,61,5,38,0.00,0.00,0.00,'2020-11-19 23:22:03.077'),(415,NULL,39,61,9,38,0.00,0.00,0.00,'2020-11-19 23:22:03.077'),(416,NULL,39,61,73,38,0.00,0.00,0.00,'2020-11-19 23:22:03.077'),(417,144,39,61,1,38,591050.00,0.00,0.00,'2020-11-20 11:57:37.579'),(418,144,39,61,2,38,221376.00,0.00,0.00,'2020-11-20 11:57:37.579'),(419,144,39,61,5,38,142195.00,0.00,0.00,'2020-11-20 11:57:37.579'),(420,144,39,61,9,38,4809.00,0.00,0.00,'2020-11-20 11:57:37.579'),(421,144,39,61,73,38,63484.00,0.00,0.00,'2020-11-20 11:57:37.579'),(422,145,39,61,1,38,0.00,0.00,0.00,'2020-11-20 12:06:13.676'),(423,145,39,61,2,38,0.00,0.00,0.00,'2020-11-20 12:06:13.676'),(424,145,39,61,5,38,0.00,0.00,0.00,'2020-11-20 12:06:13.676'),(425,145,39,61,9,38,0.00,0.00,0.00,'2020-11-20 12:06:13.676'),(426,145,39,61,73,38,0.00,0.00,0.00,'2020-11-20 12:06:13.676'),(427,NULL,39,61,2,38,0.00,0.00,0.00,'2020-11-20 11:57:37.579'),(428,NULL,39,61,5,38,0.00,0.00,0.00,'2020-11-20 11:57:37.579'),(429,NULL,39,61,9,38,0.00,0.00,0.00,'2020-11-20 11:57:37.579'),(430,NULL,39,61,73,38,0.00,0.00,0.00,'2020-11-20 11:57:37.579'),(431,NULL,39,61,2,38,0.00,0.00,0.00,'2020-11-20 12:06:13.676'),(432,NULL,39,61,5,38,0.00,0.00,0.00,'2020-11-20 12:06:13.676'),(433,NULL,39,61,9,38,0.00,0.00,0.00,'2020-11-20 12:06:13.676'),(434,NULL,39,61,73,38,0.00,0.00,0.00,'2020-11-20 12:06:13.676'),(435,146,31,61,1,37,0.00,0.00,0.00,'2020-11-20 12:18:00.478'),(436,146,31,61,3,37,0.00,0.00,0.00,'2020-11-20 12:18:00.478'),(437,146,31,61,16,37,0.00,0.00,0.00,'2020-11-20 12:18:00.478'),(438,146,31,61,72,37,0.00,0.00,0.00,'2020-11-20 12:18:00.478'),(439,146,31,61,7,37,0.00,0.00,0.00,'2020-11-20 12:18:00.478'),(440,NULL,39,61,2,38,0.00,0.00,0.00,'2020-11-18 20:03:17.113'),(441,NULL,39,61,5,38,0.00,0.00,0.00,'2020-11-18 20:03:17.113'),(442,NULL,39,61,9,38,0.00,0.00,0.00,'2020-11-18 20:03:17.113'),(443,NULL,39,61,73,38,0.00,0.00,0.00,'2020-11-18 20:03:17.113'),(444,147,39,61,1,38,681345.00,0.00,0.00,'2020-11-21 15:34:07.113'),(445,147,39,61,2,38,91029.00,0.00,0.00,'2020-11-21 15:34:07.113'),(446,147,39,61,5,38,41035.00,0.00,0.00,'2020-11-21 15:34:07.113'),(447,147,39,61,9,38,2809.00,0.00,0.00,'2020-11-21 15:34:07.113'),(448,147,39,61,73,38,73484.00,0.00,0.00,'2020-11-21 15:34:07.113'),(449,NULL,39,61,2,38,0.00,0.00,0.00,'2020-11-21 15:34:07.113'),(450,NULL,39,61,5,38,0.00,0.00,0.00,'2020-11-21 15:34:07.113'),(451,NULL,39,61,9,38,0.00,0.00,0.00,'2020-11-21 15:34:07.113'),(452,NULL,39,61,73,38,0.00,0.00,0.00,'2020-11-21 15:34:07.113'),(453,148,39,61,1,38,787341.00,0.00,0.00,'2020-11-25 14:48:06.569'),(454,148,39,61,2,38,109577.00,0.00,0.00,'2020-11-25 14:48:06.569'),(455,148,39,61,5,38,4640.00,0.00,0.00,'2020-11-25 14:48:06.569'),(456,148,39,61,9,38,1209.00,0.00,0.00,'2020-11-25 14:48:06.569'),(457,148,39,61,73,38,91734.00,0.00,0.00,'2020-11-25 14:48:06.569'),(458,148,39,61,75,38,0.00,0.00,0.00,'2020-11-25 14:48:06.569'),(459,NULL,39,61,2,38,0.00,0.00,0.00,'2020-11-25 14:48:06.570'),(460,NULL,39,61,5,38,0.00,0.00,0.00,'2020-11-25 14:48:06.570'),(461,NULL,39,61,9,38,0.00,0.00,0.00,'2020-11-25 14:48:06.570'),(462,NULL,39,61,73,38,0.00,0.00,0.00,'2020-11-25 14:48:06.570'),(463,NULL,39,61,75,38,0.00,0.00,0.00,'2020-11-25 14:48:06.570'),(464,149,39,61,1,38,534474.00,0.00,0.00,'2020-11-26 13:47:13.401'),(465,149,39,61,2,38,13951.00,0.00,0.00,'2020-11-26 13:47:13.401'),(466,149,39,61,5,38,38530.00,0.00,0.00,'2020-11-26 13:47:13.401'),(467,149,39,61,9,38,114.00,0.00,0.00,'2020-11-26 13:47:13.401'),(468,149,39,61,73,38,98834.00,0.00,0.00,'2020-11-26 13:47:13.401'),(469,149,39,61,75,38,0.00,0.00,0.00,'2020-11-26 13:47:13.401'),(470,149,39,61,5,38,0.00,0.00,0.00,'2020-11-26 13:47:13.401'),(471,NULL,39,61,2,38,0.00,0.00,0.00,'2020-11-26 13:47:13.402'),(472,NULL,39,61,5,38,0.00,0.00,0.00,'2020-11-26 13:47:13.402'),(473,NULL,39,61,9,38,0.00,0.00,0.00,'2020-11-26 13:47:13.402'),(474,NULL,39,61,73,38,0.00,0.00,0.00,'2020-11-26 13:47:13.402'),(475,NULL,39,61,75,38,0.00,0.00,0.00,'2020-11-26 13:47:13.402'),(476,NULL,39,61,5,38,0.00,0.00,0.00,'2020-11-26 13:47:13.402'),(477,150,40,61,5,38,4640.00,0.00,0.00,'2020-11-26 13:58:34.079'),(478,151,41,61,1,38,534474.00,0.00,0.00,'2020-11-26 17:47:21.339'),(479,151,41,61,2,38,13951.00,0.00,0.00,'2020-11-26 17:47:21.339'),(480,151,41,61,3,38,34958.00,0.00,0.00,'2020-11-26 17:47:21.339'),(481,151,41,61,9,38,114.00,0.00,0.00,'2020-11-26 17:47:21.339'),(482,151,41,61,73,38,98834.00,0.00,0.00,'2020-11-26 17:47:21.339'),(483,151,41,61,75,38,0.00,0.00,0.00,'2020-11-26 17:47:21.339'),(484,NULL,41,61,2,38,0.00,0.00,0.00,'2020-11-26 17:47:21.340'),(485,NULL,41,61,3,38,0.00,0.00,0.00,'2020-11-26 17:47:21.340'),(486,NULL,41,61,9,38,0.00,0.00,0.00,'2020-11-26 17:47:21.340'),(487,NULL,41,61,73,38,0.00,0.00,0.00,'2020-11-26 17:47:21.340'),(488,NULL,41,61,75,38,0.00,0.00,0.00,'2020-11-26 17:47:21.340'),(489,NULL,33,63,2,40,0.00,0.00,0.00,'2020-11-19 19:21:41.992'),(490,NULL,33,63,9,40,0.00,0.00,0.00,'2020-11-19 19:21:41.992'),(491,NULL,33,63,16,40,0.00,0.00,0.00,'2020-11-19 19:21:41.992'),(492,152,33,63,1,40,242736.00,0.00,0.00,'2020-11-27 12:27:24.658'),(493,152,33,63,2,40,16410.00,0.00,0.00,'2020-11-27 12:27:24.658'),(494,152,33,63,9,40,3595.00,0.00,0.00,'2020-11-27 12:27:24.658'),(495,152,33,63,16,40,5412.00,0.00,0.00,'2020-11-27 12:27:24.658'),(496,153,34,63,5,40,30335.00,0.00,0.00,'2020-11-27 12:39:43.823'),(497,153,34,63,3,40,24083.00,0.00,0.00,'2020-11-27 12:39:43.823'),(498,153,34,63,7,40,58290.00,0.00,0.00,'2020-11-27 12:39:43.823'),(499,NULL,33,63,2,40,0.00,0.00,0.00,'2020-11-27 12:27:24.658'),(500,NULL,33,63,9,40,0.00,0.00,0.00,'2020-11-27 12:27:24.658'),(501,NULL,33,63,16,40,0.00,0.00,0.00,'2020-11-27 12:27:24.658'),(502,NULL,34,63,3,40,0.00,0.00,0.00,'2020-11-27 12:39:43.823'),(503,NULL,34,63,7,40,0.00,0.00,0.00,'2020-11-27 12:39:43.823'),(504,154,32,62,1,39,228720.00,0.00,0.00,'2020-11-27 13:55:15.193'),(505,154,32,62,3,39,55957.00,0.00,0.00,'2020-11-27 13:55:15.193'),(506,154,32,62,5,39,0.00,0.00,0.00,'2020-11-27 13:55:15.193'),(507,154,32,62,7,39,48155.00,0.00,0.00,'2020-11-27 13:55:15.193'),(508,154,32,62,2,39,133336.00,0.00,0.00,'2020-11-27 13:55:15.193'),(509,154,32,62,9,39,10370.00,0.00,0.00,'2020-11-27 13:55:15.193'),(510,NULL,32,62,3,39,0.00,0.00,0.00,'2020-11-27 13:55:15.193'),(511,NULL,32,62,5,39,0.00,0.00,0.00,'2020-11-27 13:55:15.193'),(512,NULL,32,62,7,39,0.00,0.00,0.00,'2020-11-27 13:55:15.193'),(513,NULL,32,62,2,39,0.00,0.00,0.00,'2020-11-27 13:55:15.193'),(514,NULL,32,62,9,39,0.00,0.00,0.00,'2020-11-27 13:55:15.193'),(515,155,32,62,1,39,228720.00,0.00,0.00,'2020-11-27 14:33:40.328'),(516,155,32,62,3,39,55957.00,0.00,0.00,'2020-11-27 14:33:40.328'),(517,155,32,62,5,39,0.00,0.00,0.00,'2020-11-27 14:33:40.328'),(518,155,32,62,7,39,48155.00,0.00,0.00,'2020-11-27 14:33:40.328'),(519,155,32,62,2,39,133336.00,0.00,0.00,'2020-11-27 14:33:40.328'),(520,155,32,62,9,39,10370.00,0.00,0.00,'2020-11-27 14:33:40.328'),(521,155,32,62,16,39,636.00,0.00,0.00,'2020-11-27 14:33:40.328'),(522,NULL,32,62,3,39,0.00,0.00,0.00,'2020-11-27 14:33:40.329'),(523,NULL,32,62,5,39,0.00,0.00,0.00,'2020-11-27 14:33:40.329'),(524,NULL,32,62,7,39,0.00,0.00,0.00,'2020-11-27 14:33:40.329'),(525,NULL,32,62,2,39,0.00,0.00,0.00,'2020-11-27 14:33:40.329'),(526,NULL,32,62,9,39,0.00,0.00,0.00,'2020-11-27 14:33:40.329'),(527,NULL,32,62,16,39,0.00,0.00,0.00,'2020-11-27 14:33:40.329'),(528,156,35,64,2,42,14840.00,0.00,0.00,'2020-11-27 16:01:59.985'),(529,156,35,64,3,42,18164.00,0.00,0.00,'2020-11-27 16:01:59.985'),(530,156,35,64,1,42,1178.00,0.00,0.00,'2020-11-27 16:01:59.985'),(531,156,35,64,5,42,0.00,0.00,0.00,'2020-11-27 16:01:59.985'),(532,156,35,64,10,42,217.00,0.00,0.00,'2020-11-27 16:01:59.985'),(533,156,35,64,7,42,77167.00,0.00,0.00,'2020-11-27 16:01:59.985'),(534,NULL,35,64,3,42,0.00,0.00,0.00,'2020-11-27 16:01:59.986'),(535,NULL,35,64,1,42,0.00,0.00,0.00,'2020-11-27 16:01:59.986'),(536,NULL,35,64,5,42,0.00,0.00,0.00,'2020-11-27 16:01:59.986'),(537,NULL,35,64,10,42,0.00,0.00,0.00,'2020-11-27 16:01:59.986'),(538,NULL,35,64,7,42,0.00,0.00,0.00,'2020-11-27 16:01:59.986'),(539,157,42,64,1,42,1178.00,0.00,0.00,'2020-11-27 18:00:29.605'),(540,157,42,64,2,42,14840.00,0.00,0.00,'2020-11-27 18:00:29.605'),(541,157,42,64,3,42,18164.00,0.00,0.00,'2020-11-27 18:00:29.605'),(542,157,42,64,5,42,0.00,0.00,0.00,'2020-11-27 18:00:29.605'),(543,157,42,64,7,42,77167.00,0.00,0.00,'2020-11-27 18:00:29.605'),(544,157,42,64,16,42,217.00,0.00,0.00,'2020-11-27 18:00:29.605'),(545,158,33,63,1,40,250000.00,0.00,0.00,'2020-11-27 18:46:26.630'),(546,158,33,63,2,40,85.00,0.00,0.00,'2020-11-27 18:46:26.630'),(547,158,33,63,9,40,96.00,0.00,0.00,'2020-11-27 18:46:26.630'),(548,158,33,63,16,40,854.00,0.00,0.00,'2020-11-27 18:46:26.630'),(549,159,41,61,1,38,1241946.00,0.00,0.00,'2020-11-27 18:50:54.827'),(550,159,41,61,2,38,14906.00,0.00,0.00,'2020-11-27 18:50:54.827'),(551,159,41,61,3,38,38004.00,0.00,0.00,'2020-11-27 18:50:54.827'),(552,159,41,61,9,38,20014.00,0.00,0.00,'2020-11-27 18:50:54.827'),(553,159,41,61,73,38,101084.00,0.00,0.00,'2020-11-27 18:50:54.827'),(554,159,41,61,75,38,0.00,0.00,0.00,'2020-11-27 18:50:54.827'),(555,159,41,61,1,38,14906.00,0.00,0.00,'2020-11-27 18:50:54.827'),(556,160,32,62,1,41,1255979.00,0.00,0.00,'2020-11-27 19:31:22.487'),(557,160,32,62,3,41,0.00,0.00,0.00,'2020-11-27 19:31:22.487'),(558,160,32,62,5,41,38004.00,0.00,0.00,'2020-11-27 19:31:22.487'),(559,160,32,62,7,41,0.00,0.00,0.00,'2020-11-27 19:31:22.487'),(560,160,32,62,2,41,1490.00,0.00,0.00,'2020-11-27 19:31:22.487'),(561,160,32,62,9,41,20014.00,0.00,0.00,'2020-11-27 19:31:22.487'),(562,160,32,62,16,41,0.00,0.00,0.00,'2020-11-27 19:31:22.487'),(563,161,34,63,5,44,1500.00,0.00,0.00,'2020-11-27 19:39:08.832'),(564,161,34,63,3,44,32520.00,0.00,0.00,'2020-11-27 19:39:08.832'),(565,161,34,63,7,44,50700.00,0.00,0.00,'2020-11-27 19:39:08.832'),(566,162,42,64,1,42,69896.00,0.00,0.00,'2020-11-28 09:28:29.026'),(567,162,42,64,2,42,6200.00,0.00,0.00,'2020-11-28 09:28:29.026'),(568,162,42,64,3,42,19281.00,0.00,0.00,'2020-11-28 09:28:29.026'),(569,162,42,64,5,42,0.00,0.00,0.00,'2020-11-28 09:28:29.026'),(570,162,42,64,7,42,59330.00,0.00,0.00,'2020-11-28 09:28:29.026'),(571,162,42,64,16,42,25.00,0.00,0.00,'2020-11-28 09:28:29.026'),(572,NULL,42,64,2,42,0.00,0.00,0.00,'2020-11-28 09:28:29.026'),(573,NULL,42,64,3,42,0.00,0.00,0.00,'2020-11-28 09:28:29.026'),(574,NULL,42,64,5,42,0.00,0.00,0.00,'2020-11-28 09:28:29.026'),(575,NULL,42,64,7,42,0.00,0.00,0.00,'2020-11-28 09:28:29.026'),(576,NULL,42,64,16,42,0.00,0.00,0.00,'2020-11-28 09:28:29.026'),(577,163,41,61,2,38,450521.00,0.00,0.00,'2020-11-28 14:38:13.565'),(578,163,41,61,3,38,449369.00,0.00,0.00,'2020-11-28 14:38:13.565'),(579,163,41,61,9,38,14394.00,0.00,0.00,'2020-11-28 14:38:13.565'),(580,163,41,61,73,38,103384.00,0.00,0.00,'2020-11-28 14:38:13.565'),(581,163,41,61,75,38,0.00,0.00,0.00,'2020-11-28 14:38:13.565'),(582,163,41,61,76,38,565486.00,0.00,0.00,'2020-11-28 14:38:13.565'),(583,163,41,61,77,38,45483.00,0.00,0.00,'2020-11-28 14:38:13.565'),(584,NULL,41,61,3,38,0.00,0.00,0.00,'2020-11-28 14:38:13.566'),(585,NULL,41,61,9,38,0.00,0.00,0.00,'2020-11-28 14:38:13.566'),(586,NULL,41,61,73,38,0.00,0.00,0.00,'2020-11-28 14:38:13.566'),(587,NULL,41,61,75,38,0.00,0.00,0.00,'2020-11-28 14:38:13.566'),(588,NULL,41,61,76,38,0.00,0.00,0.00,'2020-11-28 14:38:13.566'),(589,NULL,41,61,77,38,0.00,0.00,0.00,'2020-11-28 14:38:13.566'),(590,NULL,32,62,3,41,0.00,0.00,0.00,'2020-11-27 19:31:22.487'),(591,NULL,32,62,5,41,0.00,0.00,0.00,'2020-11-27 19:31:22.487'),(592,NULL,32,62,7,41,0.00,0.00,0.00,'2020-11-27 19:31:22.487'),(593,NULL,32,62,2,41,0.00,0.00,0.00,'2020-11-27 19:31:22.487'),(594,NULL,32,62,9,41,0.00,0.00,0.00,'2020-11-27 19:31:22.487'),(595,NULL,32,62,16,41,0.00,0.00,0.00,'2020-11-27 19:31:22.487'),(596,164,31,61,1,37,101922.00,0.00,0.00,'2020-11-29 21:37:18.840'),(597,164,31,61,16,37,4356.00,0.00,0.00,'2020-11-29 21:37:18.840'),(598,164,31,61,72,37,33916.00,0.00,0.00,'2020-11-29 21:37:18.840'),(599,164,31,61,7,37,190597.00,0.00,0.00,'2020-11-29 21:37:18.840'),(600,164,31,61,74,37,3994.00,0.00,0.00,'2020-11-29 21:37:18.840'),(601,164,31,61,5,37,61230.00,0.00,0.00,'2020-11-29 21:37:18.840'),(602,NULL,31,61,16,37,0.00,0.00,0.00,'2020-11-29 21:37:18.841'),(603,NULL,31,61,72,37,0.00,0.00,0.00,'2020-11-29 21:37:18.841'),(604,NULL,31,61,7,37,0.00,0.00,0.00,'2020-11-29 21:37:18.841'),(605,NULL,31,61,74,37,0.00,0.00,0.00,'2020-11-29 21:37:18.841'),(606,NULL,31,61,5,37,0.00,0.00,0.00,'2020-11-29 21:37:18.841'),(607,NULL,33,63,2,40,0.00,0.00,0.00,'2020-11-27 18:46:26.631'),(608,NULL,33,63,9,40,0.00,0.00,0.00,'2020-11-27 18:46:26.631'),(609,NULL,33,63,16,40,0.00,0.00,0.00,'2020-11-27 18:46:26.631'),(610,165,34,63,5,44,26215.00,0.00,0.00,'2020-11-30 10:39:10.457'),(611,165,34,63,3,44,34279.00,0.00,0.00,'2020-11-30 10:39:10.457'),(612,165,34,63,7,44,15140.00,0.00,0.00,'2020-11-30 10:39:10.457'),(613,166,33,63,1,40,257361.00,0.00,0.00,'2020-11-30 10:47:08.350'),(614,166,33,63,2,40,61267.00,0.00,0.00,'2020-11-30 10:47:08.350'),(615,166,33,63,9,40,2925.00,0.00,0.00,'2020-11-30 10:47:08.350'),(616,166,33,63,16,40,21311.00,0.00,0.00,'2020-11-30 10:47:08.350'),(623,168,41,61,2,38,189457.00,0.00,0.00,'2020-11-30 12:46:01.794'),(624,168,41,61,3,38,237441.00,0.00,0.00,'2020-11-30 12:46:01.794'),(625,168,41,61,9,38,11844.00,0.00,0.00,'2020-11-30 12:46:01.794'),(626,168,41,61,73,38,119084.00,0.00,0.00,'2020-11-30 12:46:01.794'),(627,168,41,61,75,38,0.00,0.00,0.00,'2020-11-30 12:46:01.794'),(628,168,41,61,76,38,368121.00,0.00,0.00,'2020-11-30 12:46:01.794'),(629,168,41,61,77,38,3584.00,0.00,0.00,'2020-11-30 12:46:01.794'),(637,NULL,32,62,3,39,0.00,0.00,0.00,'2020-11-30 15:10:24.083'),(638,NULL,32,62,5,39,0.00,0.00,0.00,'2020-11-30 15:10:24.083'),(639,NULL,32,62,7,39,0.00,0.00,0.00,'2020-11-30 15:10:24.083'),(640,NULL,32,62,2,39,0.00,0.00,0.00,'2020-11-30 15:10:24.083'),(641,NULL,32,62,9,39,0.00,0.00,0.00,'2020-11-30 15:10:24.083'),(642,NULL,32,62,16,39,0.00,0.00,0.00,'2020-11-30 15:10:24.083'),(643,NULL,33,63,2,40,0.00,0.00,0.00,'2020-11-30 10:47:08.351'),(644,NULL,33,63,9,40,0.00,0.00,0.00,'2020-11-30 10:47:08.351'),(645,NULL,33,63,16,40,0.00,0.00,0.00,'2020-11-30 10:47:08.351'),(646,NULL,41,61,3,38,0.00,0.00,0.00,'2020-11-30 12:46:01.795'),(647,NULL,41,61,9,38,0.00,0.00,0.00,'2020-11-30 12:46:01.795'),(648,NULL,41,61,73,38,0.00,0.00,0.00,'2020-11-30 12:46:01.795'),(649,NULL,41,61,75,38,0.00,0.00,0.00,'2020-11-30 12:46:01.795'),(650,NULL,41,61,76,38,0.00,0.00,0.00,'2020-11-30 12:46:01.795'),(651,NULL,41,61,77,38,0.00,0.00,0.00,'2020-11-30 12:46:01.795'),(652,NULL,34,63,3,44,0.00,0.00,0.00,'2020-11-30 10:39:10.457'),(653,NULL,34,63,7,44,0.00,0.00,0.00,'2020-11-30 10:39:10.457'),(654,170,33,63,1,40,25591.00,0.00,0.00,'2020-12-01 09:05:23.306'),(655,170,33,63,2,40,13630.00,0.00,0.00,'2020-12-01 09:05:23.306'),(656,170,33,63,9,40,2485.00,0.00,0.00,'2020-12-01 09:05:23.306'),(657,170,33,63,16,40,20011.00,0.00,0.00,'2020-12-01 09:05:23.306'),(658,171,34,63,5,44,15.00,0.00,0.00,'2020-12-01 09:02:01.370'),(659,171,34,63,3,44,59069.00,0.00,0.00,'2020-12-01 09:02:01.370'),(660,171,34,63,7,44,20770.00,0.00,0.00,'2020-12-01 09:02:01.370'),(661,172,42,64,1,42,15070.00,0.00,0.00,'2020-12-01 17:19:05.682'),(662,172,42,64,2,42,25002.00,0.00,0.00,'2020-12-01 17:19:05.682'),(663,172,42,64,3,42,51368.00,0.00,0.00,'2020-12-01 17:19:05.682'),(664,172,42,64,5,42,0.00,0.00,0.00,'2020-12-01 17:19:05.682'),(665,172,42,64,7,42,46126.00,0.00,0.00,'2020-12-01 17:19:05.682'),(666,172,42,64,16,42,1545.00,0.00,0.00,'2020-12-01 17:19:05.682'),(667,173,41,61,2,38,121566.00,0.00,0.00,'2020-12-01 19:58:59.054'),(668,173,41,61,3,38,352355.00,0.00,0.00,'2020-12-01 19:58:59.054'),(669,173,41,61,9,38,3544.00,0.00,0.00,'2020-12-01 19:58:59.054'),(670,173,41,61,73,38,15216.00,0.00,0.00,'2020-12-01 19:58:59.054'),(671,173,41,61,75,38,0.00,0.00,0.00,'2020-12-01 19:58:59.054'),(672,173,41,61,76,38,112134.00,0.00,0.00,'2020-12-01 19:58:59.054'),(673,173,41,61,77,38,2636.00,0.00,0.00,'2020-12-01 19:58:59.054'),(674,NULL,33,63,2,40,0.00,0.00,0.00,'2020-12-01 09:05:23.306'),(675,NULL,33,63,9,40,0.00,0.00,0.00,'2020-12-01 09:05:23.306'),(676,NULL,33,63,16,40,0.00,0.00,0.00,'2020-12-01 09:05:23.306'),(677,NULL,41,61,3,38,0.00,0.00,0.00,'2020-12-01 19:58:59.054'),(678,NULL,41,61,9,38,0.00,0.00,0.00,'2020-12-01 19:58:59.054'),(679,NULL,41,61,73,38,0.00,0.00,0.00,'2020-12-01 19:58:59.054'),(680,NULL,41,61,75,38,0.00,0.00,0.00,'2020-12-01 19:58:59.054'),(681,NULL,41,61,76,38,0.00,0.00,0.00,'2020-12-01 19:58:59.054'),(682,NULL,41,61,77,38,0.00,0.00,0.00,'2020-12-01 19:58:59.054'),(683,174,42,64,1,42,54027.00,0.00,0.00,'2020-12-02 07:34:12.140'),(684,174,42,64,2,42,85882.00,0.00,0.00,'2020-12-02 07:34:12.140'),(685,174,42,64,3,42,47835.00,0.00,0.00,'2020-12-02 07:34:12.140'),(686,174,42,64,5,42,0.00,0.00,0.00,'2020-12-02 07:34:12.140'),(687,174,42,64,7,42,28973.00,0.00,0.00,'2020-12-02 07:34:12.140'),(688,174,42,64,16,42,95.00,0.00,0.00,'2020-12-02 07:34:12.140'),(689,175,33,63,1,40,41187.00,0.00,0.00,'2020-12-02 10:55:44.624'),(690,175,33,63,2,40,58773.00,0.00,0.00,'2020-12-02 10:55:44.624'),(691,175,33,63,9,40,1847.00,0.00,0.00,'2020-12-02 10:55:44.624'),(692,175,33,63,16,40,19261.00,0.00,0.00,'2020-12-02 10:55:44.624'),(693,176,32,62,1,39,105674.00,0.00,0.00,'2020-12-02 11:52:22.164'),(694,176,32,62,3,39,107895.00,0.00,0.00,'2020-12-02 11:52:22.164'),(695,176,32,62,5,39,0.00,0.00,0.00,'2020-12-02 11:52:22.164'),(696,176,32,62,7,39,75380.00,0.00,0.00,'2020-12-02 11:52:22.164'),(697,176,32,62,2,39,95688.00,0.00,0.00,'2020-12-02 11:52:22.164'),(698,176,32,62,9,39,23048.00,0.00,0.00,'2020-12-02 11:52:22.164'),(699,176,32,62,16,39,31084.00,0.00,0.00,'2020-12-02 11:52:22.164'),(700,177,31,61,1,37,231857.00,0.00,0.00,'2020-12-02 12:14:13.486'),(701,177,31,61,16,37,18702.00,0.00,0.00,'2020-12-02 12:14:13.486'),(702,177,31,61,72,37,36866.00,0.00,0.00,'2020-12-02 12:14:13.486'),(703,177,31,61,7,37,57119.00,0.00,0.00,'2020-12-02 12:14:13.486'),(704,177,31,61,74,37,26488.00,0.00,0.00,'2020-12-02 12:14:13.486'),(705,177,31,61,5,37,1866.00,0.00,0.00,'2020-12-02 12:14:13.486'),(706,178,41,61,2,38,506336.00,0.00,0.00,'2020-12-02 12:48:54.367'),(707,178,41,61,3,38,45340.00,0.00,0.00,'2020-12-02 12:48:54.367'),(708,178,41,61,9,38,1481.00,0.00,0.00,'2020-12-02 12:48:54.367'),(709,178,41,61,73,38,21616.00,0.00,0.00,'2020-12-02 12:48:54.367'),(710,178,41,61,75,38,0.00,0.00,0.00,'2020-12-02 12:48:54.367'),(711,178,41,61,76,38,843353.00,0.00,0.00,'2020-12-02 12:48:54.367'),(712,178,41,61,77,38,28958.00,0.00,0.00,'2020-12-02 12:48:54.367'),(713,NULL,33,63,2,40,0.00,0.00,0.00,'2020-12-02 10:55:44.624'),(714,NULL,33,63,9,40,0.00,0.00,0.00,'2020-12-02 10:55:44.624'),(715,NULL,33,63,16,40,0.00,0.00,0.00,'2020-12-02 10:55:44.624'),(716,NULL,33,63,1,40,0.00,0.00,0.00,'2020-12-02 10:55:44.624'),(717,NULL,33,63,2,40,0.00,0.00,0.00,'2020-12-02 10:55:44.624'),(718,NULL,33,63,9,40,0.00,0.00,0.00,'2020-12-02 10:55:44.624'),(719,NULL,33,63,16,40,0.00,0.00,0.00,'2020-12-02 10:55:44.624'),(720,NULL,34,63,3,44,0.00,0.00,0.00,'2020-12-01 09:02:01.370'),(721,NULL,34,63,7,44,0.00,0.00,0.00,'2020-12-01 09:02:01.370'),(722,NULL,42,64,2,42,0.00,0.00,0.00,'2020-12-02 07:34:12.140'),(723,NULL,42,64,3,42,0.00,0.00,0.00,'2020-12-02 07:34:12.140'),(724,NULL,42,64,5,42,0.00,0.00,0.00,'2020-12-02 07:34:12.140'),(725,NULL,42,64,7,42,0.00,0.00,0.00,'2020-12-02 07:34:12.140'),(726,NULL,42,64,16,42,0.00,0.00,0.00,'2020-12-02 07:34:12.140'),(727,180,34,63,5,44,25845.00,0.00,0.00,'2020-12-02 18:46:54.245'),(728,180,34,63,3,44,86863.00,0.00,0.00,'2020-12-02 18:46:54.245'),(729,180,34,63,7,44,23842.00,0.00,0.00,'2020-12-02 18:46:54.245'),(730,NULL,31,61,16,37,0.00,0.00,0.00,'2020-12-02 12:14:13.487'),(731,NULL,31,61,72,37,0.00,0.00,0.00,'2020-12-02 12:14:13.487'),(732,NULL,31,61,7,37,0.00,0.00,0.00,'2020-12-02 12:14:13.487'),(733,NULL,31,61,74,37,0.00,0.00,0.00,'2020-12-02 12:14:13.487'),(734,NULL,31,61,5,37,0.00,0.00,0.00,'2020-12-02 12:14:13.487'),(735,NULL,32,62,3,39,0.00,0.00,0.00,'2020-12-02 11:52:22.164'),(736,NULL,32,62,5,39,0.00,0.00,0.00,'2020-12-02 11:52:22.164'),(737,NULL,32,62,7,39,0.00,0.00,0.00,'2020-12-02 11:52:22.164'),(738,NULL,32,62,2,39,0.00,0.00,0.00,'2020-12-02 11:52:22.164'),(739,NULL,32,62,9,39,0.00,0.00,0.00,'2020-12-02 11:52:22.164'),(740,NULL,32,62,16,39,0.00,0.00,0.00,'2020-12-02 11:52:22.164'),(741,NULL,41,61,3,38,0.00,0.00,0.00,'2020-12-02 12:48:54.367'),(742,NULL,41,61,9,38,0.00,0.00,0.00,'2020-12-02 12:48:54.367'),(743,NULL,41,61,73,38,0.00,0.00,0.00,'2020-12-02 12:48:54.367'),(744,NULL,41,61,75,38,0.00,0.00,0.00,'2020-12-02 12:48:54.367'),(745,NULL,41,61,76,38,0.00,0.00,0.00,'2020-12-02 12:48:54.367'),(746,NULL,41,61,77,38,0.00,0.00,0.00,'2020-12-02 12:48:54.367'),(747,181,42,64,1,42,33977.00,0.00,0.00,'2020-12-03 08:29:54.437'),(748,181,42,64,2,42,63888.00,0.00,0.00,'2020-12-03 08:29:54.437'),(749,181,42,64,3,42,51235.00,0.00,0.00,'2020-12-03 08:29:54.437'),(750,181,42,64,5,42,0.00,0.00,0.00,'2020-12-03 08:29:54.437'),(751,181,42,64,7,42,24098.00,0.00,0.00,'2020-12-03 08:29:54.437'),(752,181,42,64,16,42,95.00,0.00,0.00,'2020-12-03 08:29:54.437'),(753,182,32,62,1,39,224634.00,0.00,0.00,'2020-12-03 20:26:47.483'),(754,182,32,62,3,39,28290.00,0.00,0.00,'2020-12-03 20:26:47.483'),(755,182,32,62,5,39,0.00,0.00,0.00,'2020-12-03 20:26:47.483'),(756,182,32,62,7,39,67341.00,0.00,0.00,'2020-12-03 20:26:47.483'),(757,182,32,62,2,39,72508.00,0.00,0.00,'2020-12-03 20:26:47.483'),(758,182,32,62,9,39,19448.00,0.00,0.00,'2020-12-03 20:26:47.483'),(759,182,32,62,16,39,27788.00,0.00,0.00,'2020-12-03 20:26:47.483'),(760,183,41,61,2,38,112004.00,0.00,0.00,'2020-12-03 22:42:07.819'),(761,183,41,61,3,38,41128.00,0.00,0.00,'2020-12-03 22:42:07.819'),(762,183,41,61,9,38,9051.00,0.00,0.00,'2020-12-03 22:42:07.819'),(763,183,41,61,73,38,2016.00,0.00,0.00,'2020-12-03 22:42:07.819'),(764,183,41,61,75,38,0.00,0.00,0.00,'2020-12-03 22:42:07.819'),(765,183,41,61,76,38,473359.00,0.00,0.00,'2020-12-03 22:42:07.819'),(766,183,41,61,77,38,5398.00,0.00,0.00,'2020-12-03 22:42:07.819'),(767,NULL,32,62,3,39,0.00,0.00,0.00,'2020-12-03 20:26:47.484'),(768,NULL,32,62,5,39,0.00,0.00,0.00,'2020-12-03 20:26:47.484'),(769,NULL,32,62,7,39,0.00,0.00,0.00,'2020-12-03 20:26:47.484'),(770,NULL,32,62,2,39,0.00,0.00,0.00,'2020-12-03 20:26:47.484'),(771,NULL,32,62,9,39,0.00,0.00,0.00,'2020-12-03 20:26:47.484'),(772,NULL,32,62,16,39,0.00,0.00,0.00,'2020-12-03 20:26:47.484'),(773,NULL,31,61,16,37,0.00,0.00,0.00,'2020-12-04 00:18:27.421'),(774,NULL,31,61,72,37,0.00,0.00,0.00,'2020-12-04 00:18:27.421'),(775,NULL,31,61,7,37,0.00,0.00,0.00,'2020-12-04 00:18:27.421'),(776,NULL,31,61,74,37,0.00,0.00,0.00,'2020-12-04 00:18:27.421'),(777,NULL,31,61,5,37,0.00,0.00,0.00,'2020-12-04 00:18:27.421'),(778,NULL,31,61,16,37,0.00,0.00,0.00,'2020-12-04 00:22:37.858'),(779,NULL,31,61,72,37,0.00,0.00,0.00,'2020-12-04 00:22:37.858'),(780,NULL,31,61,7,37,0.00,0.00,0.00,'2020-12-04 00:22:37.858'),(781,NULL,31,61,74,37,0.00,0.00,0.00,'2020-12-04 00:22:37.858'),(782,NULL,31,61,5,37,0.00,0.00,0.00,'2020-12-04 00:22:37.858'),(783,NULL,34,63,3,44,0.00,0.00,0.00,'2020-12-02 18:46:54.245'),(784,NULL,34,63,7,44,0.00,0.00,0.00,'2020-12-02 18:46:54.245'),(785,184,34,63,5,44,49425.00,0.00,0.00,'2020-12-04 09:04:12.597'),(786,184,34,63,3,44,21773.00,0.00,0.00,'2020-12-04 09:04:12.597'),(787,184,34,63,7,44,846.00,0.00,0.00,'2020-12-04 09:04:12.597'),(788,185,42,64,1,42,39863.00,0.00,0.00,'2020-12-04 09:33:03.802'),(789,185,42,64,2,42,14488.00,0.00,0.00,'2020-12-04 09:33:03.802'),(790,185,42,64,3,42,31822.00,0.00,0.00,'2020-12-04 09:33:03.802'),(791,185,42,64,5,42,0.00,0.00,0.00,'2020-12-04 09:33:03.802'),(792,185,42,64,7,42,4949.00,0.00,0.00,'2020-12-04 09:33:03.802'),(793,185,42,64,16,42,95.00,0.00,0.00,'2020-12-04 09:33:03.802'),(794,186,43,63,1,40,12217.00,0.00,0.00,'2020-12-04 15:45:18.131'),(795,186,43,63,2,40,55769.00,0.00,0.00,'2020-12-04 15:45:18.131'),(796,186,43,63,9,40,19817.00,0.00,0.00,'2020-12-04 15:45:18.131'),(797,186,43,63,16,40,17173.00,0.00,0.00,'2020-12-04 15:45:18.131'),(798,187,32,62,1,39,196879.00,0.00,0.00,'2020-12-04 19:38:23.134'),(799,187,32,62,3,39,4283.00,0.00,0.00,'2020-12-04 19:38:23.134'),(800,187,32,62,5,39,0.00,0.00,0.00,'2020-12-04 19:38:23.134'),(801,187,32,62,7,39,5317.00,0.00,0.00,'2020-12-04 19:38:23.134'),(802,187,32,62,2,39,59073.00,0.00,0.00,'2020-12-04 19:38:23.134'),(803,187,32,62,9,39,16348.00,0.00,0.00,'2020-12-04 19:38:23.134'),(804,187,32,62,16,39,22900.00,0.00,0.00,'2020-12-04 19:38:23.134'),(805,NULL,42,64,2,42,0.00,0.00,0.00,'2020-12-04 09:33:03.803'),(806,NULL,42,64,3,42,0.00,0.00,0.00,'2020-12-04 09:33:03.803'),(807,NULL,42,64,5,42,0.00,0.00,0.00,'2020-12-04 09:33:03.803'),(808,NULL,42,64,7,42,0.00,0.00,0.00,'2020-12-04 09:33:03.803'),(809,NULL,42,64,16,42,0.00,0.00,0.00,'2020-12-04 09:33:03.803'),(816,NULL,41,61,3,38,0.00,0.00,0.00,'2020-12-03 22:42:07.820'),(817,NULL,41,61,9,38,0.00,0.00,0.00,'2020-12-03 22:42:07.820'),(818,NULL,41,61,73,38,0.00,0.00,0.00,'2020-12-03 22:42:07.820'),(819,NULL,41,61,75,38,0.00,0.00,0.00,'2020-12-03 22:42:07.820'),(820,NULL,41,61,76,38,0.00,0.00,0.00,'2020-12-03 22:42:07.820'),(821,NULL,41,61,77,38,0.00,0.00,0.00,'2020-12-03 22:42:07.820'),(822,189,41,61,2,38,52737.00,0.00,0.00,'2020-12-04 21:19:53.322'),(823,189,41,61,3,38,33487.00,0.00,0.00,'2020-12-04 21:19:53.322'),(824,189,41,61,9,38,4791.00,0.00,0.00,'2020-12-04 21:19:53.322'),(825,189,41,61,73,38,11466.00,0.00,0.00,'2020-12-04 21:19:53.322'),(826,189,41,61,75,38,0.00,0.00,0.00,'2020-12-04 21:19:53.322'),(827,189,41,61,76,38,1305269.00,0.00,0.00,'2020-12-04 21:19:53.322'),(828,189,41,61,77,38,16848.00,0.00,0.00,'2020-12-04 21:19:53.322'),(829,NULL,34,63,3,44,0.00,0.00,0.00,'2020-12-04 09:04:12.598'),(830,NULL,34,63,7,44,0.00,0.00,0.00,'2020-12-04 09:04:12.598'),(831,NULL,43,63,2,40,0.00,0.00,0.00,'2020-12-04 15:45:18.131'),(832,NULL,43,63,9,40,0.00,0.00,0.00,'2020-12-04 15:45:18.131'),(833,NULL,43,63,16,40,0.00,0.00,0.00,'2020-12-04 15:45:18.131'),(834,190,43,63,1,40,209452.00,0.00,0.00,'2020-12-05 09:18:54.352'),(835,190,43,63,2,40,37076.00,0.00,0.00,'2020-12-05 09:18:54.352'),(836,190,43,63,9,40,19067.00,0.00,0.00,'2020-12-05 09:18:54.352'),(837,190,43,63,16,40,16957.00,0.00,0.00,'2020-12-05 09:18:54.352'),(838,191,42,64,1,42,263.00,0.00,0.00,'2020-12-05 12:08:09.757'),(839,191,42,64,2,42,14458.00,0.00,0.00,'2020-12-05 12:08:09.757'),(840,191,42,64,3,42,50222.00,0.00,0.00,'2020-12-05 12:08:09.757'),(841,191,42,64,5,42,0.00,0.00,0.00,'2020-12-05 12:08:09.757'),(842,191,42,64,7,42,8495.00,0.00,0.00,'2020-12-05 12:08:09.757'),(843,191,42,64,16,42,9415.00,0.00,0.00,'2020-12-05 12:08:09.757'),(844,NULL,42,64,2,42,0.00,0.00,0.00,'2020-12-05 12:08:09.758'),(845,NULL,42,64,3,42,0.00,0.00,0.00,'2020-12-05 12:08:09.758'),(846,NULL,42,64,5,42,0.00,0.00,0.00,'2020-12-05 12:08:09.758'),(847,NULL,42,64,7,42,0.00,0.00,0.00,'2020-12-05 12:08:09.758'),(848,NULL,42,64,16,42,0.00,0.00,0.00,'2020-12-05 12:08:09.758'),(849,NULL,31,61,16,37,0.00,0.00,0.00,'2020-12-04 20:27:30.073'),(850,NULL,31,61,72,37,0.00,0.00,0.00,'2020-12-04 20:27:30.073'),(851,NULL,31,61,7,37,0.00,0.00,0.00,'2020-12-04 20:27:30.073'),(852,NULL,31,61,74,37,0.00,0.00,0.00,'2020-12-04 20:27:30.073'),(853,NULL,31,61,5,37,0.00,0.00,0.00,'2020-12-04 20:27:30.073'),(854,NULL,43,63,2,40,0.00,0.00,0.00,'2020-12-05 09:18:54.352'),(855,NULL,43,63,9,40,0.00,0.00,0.00,'2020-12-05 09:18:54.352'),(856,NULL,43,63,16,40,0.00,0.00,0.00,'2020-12-05 09:18:54.352'),(857,NULL,32,62,3,39,0.00,0.00,0.00,'2020-12-04 19:38:23.134'),(858,NULL,32,62,5,39,0.00,0.00,0.00,'2020-12-04 19:38:23.134'),(859,NULL,32,62,7,39,0.00,0.00,0.00,'2020-12-04 19:38:23.134'),(860,NULL,32,62,2,39,0.00,0.00,0.00,'2020-12-04 19:38:23.134'),(861,NULL,32,62,9,39,0.00,0.00,0.00,'2020-12-04 19:38:23.134'),(862,NULL,32,62,16,39,0.00,0.00,0.00,'2020-12-04 19:38:23.134'),(870,NULL,32,62,3,39,0.00,0.00,0.00,'2020-12-05 22:55:04.877'),(871,NULL,32,62,5,39,0.00,0.00,0.00,'2020-12-05 22:55:04.877'),(872,NULL,32,62,7,39,0.00,0.00,0.00,'2020-12-05 22:55:04.877'),(873,NULL,32,62,2,39,0.00,0.00,0.00,'2020-12-05 22:55:04.877'),(874,NULL,32,62,9,39,0.00,0.00,0.00,'2020-12-05 22:55:04.877'),(875,NULL,32,62,16,39,0.00,0.00,0.00,'2020-12-05 22:55:04.877'),(876,193,41,61,2,38,134460.00,0.00,0.00,'2020-12-05 23:28:18.970'),(877,193,41,61,3,38,78992.00,0.00,0.00,'2020-12-05 23:28:18.970'),(878,193,41,61,9,38,1291.00,0.00,0.00,'2020-12-05 23:28:18.970'),(879,193,41,61,73,38,23666.00,0.00,0.00,'2020-12-05 23:28:18.970'),(880,193,41,61,75,38,0.00,0.00,0.00,'2020-12-05 23:28:18.970'),(881,193,41,61,76,38,329584.00,0.00,0.00,'2020-12-05 23:28:18.970'),(882,193,41,61,77,38,26318.00,0.00,0.00,'2020-12-05 23:28:18.970'),(883,NULL,41,61,3,38,0.00,0.00,0.00,'2020-12-05 23:28:18.970'),(884,NULL,41,61,9,38,0.00,0.00,0.00,'2020-12-05 23:28:18.970'),(885,NULL,41,61,73,38,0.00,0.00,0.00,'2020-12-05 23:28:18.970'),(886,NULL,41,61,75,38,0.00,0.00,0.00,'2020-12-05 23:28:18.970'),(887,NULL,41,61,76,38,0.00,0.00,0.00,'2020-12-05 23:28:18.970'),(888,NULL,41,61,77,38,0.00,0.00,0.00,'2020-12-05 23:28:18.970'),(889,194,32,62,1,39,41192.00,0.00,0.00,'2020-12-07 08:54:37.143'),(890,194,32,62,3,39,993.00,0.00,0.00,'2020-12-07 08:54:37.143'),(891,194,32,62,5,39,0.00,0.00,0.00,'2020-12-07 08:54:37.143'),(892,194,32,62,7,39,80775.00,0.00,0.00,'2020-12-07 08:54:37.143'),(893,194,32,62,2,39,59487.00,0.00,0.00,'2020-12-07 08:54:37.143'),(894,194,32,62,9,39,14158.00,0.00,0.00,'2020-12-07 08:54:37.143'),(895,194,32,62,16,39,25439.00,0.00,0.00,'2020-12-07 08:54:37.143'),(896,195,42,64,1,42,2739.00,0.00,0.00,'2020-12-07 09:25:55.102'),(897,195,42,64,2,42,20410.00,0.00,0.00,'2020-12-07 09:25:55.102'),(898,195,42,64,3,42,38622.00,0.00,0.00,'2020-12-07 09:25:55.102'),(899,195,42,64,5,42,0.00,0.00,0.00,'2020-12-07 09:25:55.102'),(900,195,42,64,7,42,14996.00,0.00,0.00,'2020-12-07 09:25:55.102'),(901,195,42,64,16,42,9630.00,0.00,0.00,'2020-12-07 09:25:55.102'),(902,196,34,63,5,44,36745.00,0.00,0.00,'2020-12-07 10:48:54.362'),(903,196,34,63,3,44,14253.00,0.00,0.00,'2020-12-07 10:48:54.362'),(904,196,34,63,7,44,30565.00,0.00,0.00,'2020-12-07 10:48:54.362'),(905,NULL,42,64,2,42,0.00,0.00,0.00,'2020-12-07 09:25:55.102'),(906,NULL,42,64,3,42,0.00,0.00,0.00,'2020-12-07 09:25:55.102'),(907,NULL,42,64,5,42,0.00,0.00,0.00,'2020-12-07 09:25:55.102'),(908,NULL,42,64,7,42,0.00,0.00,0.00,'2020-12-07 09:25:55.102'),(909,NULL,42,64,16,42,0.00,0.00,0.00,'2020-12-07 09:25:55.102'),(910,NULL,32,62,3,39,0.00,0.00,0.00,'2020-12-07 08:54:37.144'),(911,NULL,32,62,5,39,0.00,0.00,0.00,'2020-12-07 08:54:37.144'),(912,NULL,32,62,7,39,0.00,0.00,0.00,'2020-12-07 08:54:37.144'),(913,NULL,32,62,2,39,0.00,0.00,0.00,'2020-12-07 08:54:37.144'),(914,NULL,32,62,9,39,0.00,0.00,0.00,'2020-12-07 08:54:37.144'),(915,NULL,32,62,16,39,0.00,0.00,0.00,'2020-12-07 08:54:37.144'),(916,198,41,61,2,38,55650.00,0.00,0.00,'2020-12-07 23:42:07.630'),(917,198,41,61,3,38,22877.00,0.00,0.00,'2020-12-07 23:42:07.630'),(918,198,41,61,9,38,10911.00,0.00,0.00,'2020-12-07 23:42:07.630'),(919,198,41,61,73,38,22686.00,0.00,0.00,'2020-12-07 23:42:07.630'),(920,198,41,61,75,38,0.00,0.00,0.00,'2020-12-07 23:42:07.630'),(921,198,41,61,76,38,604883.00,0.00,0.00,'2020-12-07 23:42:07.630'),(922,198,41,61,77,38,3298.00,0.00,0.00,'2020-12-07 23:42:07.630'),(923,199,43,63,1,40,12046.00,0.00,0.00,'2020-12-08 08:43:25.045'),(924,199,43,63,2,40,6713.00,0.00,0.00,'2020-12-08 08:43:25.045'),(925,199,43,63,9,40,16447.00,0.00,0.00,'2020-12-08 08:43:25.045'),(926,199,43,63,16,40,18038.00,0.00,0.00,'2020-12-08 08:43:25.045'),(927,200,32,62,1,39,158259.00,0.00,0.00,'2020-12-08 10:34:59.762'),(928,200,32,62,3,39,5153.00,0.00,0.00,'2020-12-08 10:34:59.762'),(929,200,32,62,5,39,0.00,0.00,0.00,'2020-12-08 10:34:59.762'),(930,200,32,62,7,39,22820.00,0.00,0.00,'2020-12-08 10:34:59.762'),(931,200,32,62,2,39,23037.00,0.00,0.00,'2020-12-08 10:34:59.762'),(932,200,32,62,9,39,908.00,0.00,0.00,'2020-12-08 10:34:59.762'),(933,200,32,62,16,39,25239.00,0.00,0.00,'2020-12-08 10:34:59.762'),(934,201,42,64,1,42,2739.00,0.00,0.00,'2020-12-08 12:25:05.229'),(935,201,42,64,2,42,20410.00,0.00,0.00,'2020-12-08 12:25:05.229'),(936,201,42,64,3,42,38622.00,0.00,0.00,'2020-12-08 12:25:05.229'),(937,201,42,64,5,42,0.00,0.00,0.00,'2020-12-08 12:25:05.229'),(938,201,42,64,7,42,14996.00,0.00,0.00,'2020-12-08 12:25:05.229'),(939,201,42,64,16,42,9630.00,0.00,0.00,'2020-12-08 12:25:05.229'),(940,NULL,42,64,2,42,0.00,0.00,0.00,'2020-12-08 12:25:05.230'),(941,NULL,42,64,3,42,0.00,0.00,0.00,'2020-12-08 12:25:05.230'),(942,NULL,42,64,5,42,0.00,0.00,0.00,'2020-12-08 12:25:05.230'),(943,NULL,42,64,7,42,0.00,0.00,0.00,'2020-12-08 12:25:05.230'),(944,NULL,42,64,16,42,0.00,0.00,0.00,'2020-12-08 12:25:05.230'),(945,NULL,41,61,3,38,0.00,0.00,0.00,'2020-12-07 23:42:07.631'),(946,NULL,41,61,9,38,0.00,0.00,0.00,'2020-12-07 23:42:07.631'),(947,NULL,41,61,73,38,0.00,0.00,0.00,'2020-12-07 23:42:07.631'),(948,NULL,41,61,75,38,0.00,0.00,0.00,'2020-12-07 23:42:07.631'),(949,NULL,41,61,76,38,0.00,0.00,0.00,'2020-12-07 23:42:07.631'),(950,NULL,41,61,77,38,0.00,0.00,0.00,'2020-12-07 23:42:07.631'),(951,202,41,61,2,38,2766.00,0.00,0.00,'2020-12-08 21:22:23.170'),(952,202,41,61,3,38,311077.00,0.00,0.00,'2020-12-08 21:22:23.170'),(953,202,41,61,9,38,15511.00,0.00,0.00,'2020-12-08 21:22:23.170'),(954,202,41,61,73,38,31486.00,0.00,0.00,'2020-12-08 21:22:23.170'),(955,202,41,61,75,38,0.00,0.00,0.00,'2020-12-08 21:22:23.170'),(956,202,41,61,76,38,11953.00,0.00,0.00,'2020-12-08 21:22:23.170'),(957,202,41,61,77,38,19718.00,0.00,0.00,'2020-12-08 21:22:23.170'),(958,NULL,41,61,3,38,0.00,0.00,0.00,'2020-12-08 21:22:23.170'),(959,NULL,41,61,9,38,0.00,0.00,0.00,'2020-12-08 21:22:23.170'),(960,NULL,41,61,73,38,0.00,0.00,0.00,'2020-12-08 21:22:23.170'),(961,NULL,41,61,75,38,0.00,0.00,0.00,'2020-12-08 21:22:23.170'),(962,NULL,41,61,76,38,0.00,0.00,0.00,'2020-12-08 21:22:23.170'),(963,NULL,41,61,77,38,0.00,0.00,0.00,'2020-12-08 21:22:23.170'),(964,NULL,32,62,3,39,0.00,0.00,0.00,'2020-12-08 10:34:59.763'),(965,NULL,32,62,5,39,0.00,0.00,0.00,'2020-12-08 10:34:59.763'),(966,NULL,32,62,7,39,0.00,0.00,0.00,'2020-12-08 10:34:59.763'),(967,NULL,32,62,2,39,0.00,0.00,0.00,'2020-12-08 10:34:59.763'),(968,NULL,32,62,9,39,0.00,0.00,0.00,'2020-12-08 10:34:59.763'),(969,NULL,32,62,16,39,0.00,0.00,0.00,'2020-12-08 10:34:59.763'),(970,203,42,64,1,42,42591.00,0.00,0.00,'2020-12-09 07:56:10.958'),(971,203,42,64,2,42,6067.00,0.00,0.00,'2020-12-09 07:56:10.958'),(972,203,42,64,3,42,11352.00,0.00,0.00,'2020-12-09 07:56:10.958'),(973,203,42,64,5,42,0.00,0.00,0.00,'2020-12-09 07:56:10.958'),(974,203,42,64,7,42,58136.00,0.00,0.00,'2020-12-09 07:56:10.958'),(975,203,42,64,16,42,3603.00,0.00,0.00,'2020-12-09 07:56:10.958'),(976,NULL,42,64,2,42,0.00,0.00,0.00,'2020-12-09 07:56:10.958'),(977,NULL,42,64,3,42,0.00,0.00,0.00,'2020-12-09 07:56:10.958'),(978,NULL,42,64,5,42,0.00,0.00,0.00,'2020-12-09 07:56:10.958'),(979,NULL,42,64,7,42,0.00,0.00,0.00,'2020-12-09 07:56:10.958'),(980,NULL,42,64,16,42,0.00,0.00,0.00,'2020-12-09 07:56:10.958'),(981,204,31,61,1,37,189647.00,0.00,0.00,'2020-12-09 11:33:25.223'),(982,204,31,61,16,37,25830.00,0.00,0.00,'2020-12-09 11:33:25.223'),(983,204,31,61,72,37,37836.00,0.00,0.00,'2020-12-09 11:33:25.223'),(984,204,31,61,7,37,19492.00,0.00,0.00,'2020-12-09 11:33:25.223'),(985,204,31,61,74,37,14188.00,0.00,0.00,'2020-12-09 11:33:25.223'),(986,204,31,61,5,37,26188.00,0.00,0.00,'2020-12-09 11:33:25.223'),(987,205,43,63,1,40,182386.00,0.00,0.00,'2020-12-09 12:04:28.352'),(988,205,43,63,2,40,991.00,0.00,0.00,'2020-12-09 12:04:28.352'),(989,205,43,63,9,40,15727.00,0.00,0.00,'2020-12-09 12:04:28.352'),(990,205,43,63,16,40,16972.00,0.00,0.00,'2020-12-09 12:04:28.352'),(991,206,32,62,1,39,171129.00,0.00,0.00,'2020-12-09 19:06:18.718'),(992,206,32,62,3,39,383.00,0.00,0.00,'2020-12-09 19:06:18.718'),(993,206,32,62,5,39,0.00,0.00,0.00,'2020-12-09 19:06:18.718'),(994,206,32,62,7,39,4870.00,0.00,0.00,'2020-12-09 19:06:18.718'),(995,206,32,62,2,39,39467.00,0.00,0.00,'2020-12-09 19:06:18.718'),(996,206,32,62,9,39,10608.00,0.00,0.00,'2020-12-09 19:06:18.718'),(997,206,32,62,16,39,25519.00,0.00,0.00,'2020-12-09 19:06:18.718'),(998,NULL,43,63,2,40,0.00,0.00,0.00,'2020-12-09 12:04:28.352'),(999,NULL,43,63,9,40,0.00,0.00,0.00,'2020-12-09 12:04:28.352'),(1000,NULL,43,63,16,40,0.00,0.00,0.00,'2020-12-09 12:04:28.352'),(1001,NULL,31,61,16,37,0.00,0.00,0.00,'2020-12-09 11:33:25.223'),(1002,NULL,31,61,72,37,0.00,0.00,0.00,'2020-12-09 11:33:25.223'),(1003,NULL,31,61,7,37,0.00,0.00,0.00,'2020-12-09 11:33:25.223'),(1004,NULL,31,61,74,37,0.00,0.00,0.00,'2020-12-09 11:33:25.223'),(1005,NULL,31,61,5,37,0.00,0.00,0.00,'2020-12-09 11:33:25.223'),(1006,207,41,61,2,38,24256.00,0.00,0.00,'2020-12-09 21:10:09.531'),(1007,207,41,61,3,38,100484.00,0.00,0.00,'2020-12-09 21:10:09.531'),(1008,207,41,61,9,38,13001.00,0.00,0.00,'2020-12-09 21:10:09.531'),(1009,207,41,61,73,38,37486.00,0.00,0.00,'2020-12-09 21:10:09.531'),(1010,207,41,61,75,38,0.00,0.00,0.00,'2020-12-09 21:10:09.531'),(1011,207,41,61,76,38,1086589.00,0.00,0.00,'2020-12-09 21:10:09.531'),(1012,207,41,61,77,38,28718.00,0.00,0.00,'2020-12-09 21:10:09.531'),(1013,NULL,32,62,3,39,0.00,0.00,0.00,'2020-12-09 19:06:18.719'),(1014,NULL,32,62,5,39,0.00,0.00,0.00,'2020-12-09 19:06:18.719'),(1015,NULL,32,62,7,39,0.00,0.00,0.00,'2020-12-09 19:06:18.719'),(1016,NULL,32,62,2,39,0.00,0.00,0.00,'2020-12-09 19:06:18.719'),(1017,NULL,32,62,9,39,0.00,0.00,0.00,'2020-12-09 19:06:18.719'),(1018,NULL,32,62,16,39,0.00,0.00,0.00,'2020-12-09 19:06:18.719'),(1019,NULL,41,61,3,38,0.00,0.00,0.00,'2020-12-09 21:10:09.532'),(1020,NULL,41,61,9,38,0.00,0.00,0.00,'2020-12-09 21:10:09.532'),(1021,NULL,41,61,73,38,0.00,0.00,0.00,'2020-12-09 21:10:09.532'),(1022,NULL,41,61,75,38,0.00,0.00,0.00,'2020-12-09 21:10:09.532'),(1023,NULL,41,61,76,38,0.00,0.00,0.00,'2020-12-09 21:10:09.532'),(1024,NULL,41,61,77,38,0.00,0.00,0.00,'2020-12-09 21:10:09.532'),(1025,NULL,34,63,3,44,0.00,0.00,0.00,'2020-12-07 10:48:54.363'),(1026,NULL,34,63,7,44,0.00,0.00,0.00,'2020-12-07 10:48:54.363'),(1027,208,42,64,1,42,15376.00,0.00,0.00,'2020-12-10 07:35:04.571'),(1028,208,42,64,2,42,6718.00,0.00,0.00,'2020-12-10 07:35:04.571'),(1029,208,42,64,3,42,5963.00,0.00,0.00,'2020-12-10 07:35:04.571'),(1030,208,42,64,5,42,0.00,0.00,0.00,'2020-12-10 07:35:04.571'),(1031,208,42,64,7,42,23261.00,0.00,0.00,'2020-12-10 07:35:04.571'),(1032,208,42,64,16,42,3141.00,0.00,0.00,'2020-12-10 07:35:04.571'),(1033,209,43,63,1,40,92876.00,0.00,0.00,'2020-12-10 07:54:36.807'),(1034,209,43,63,2,40,39585.00,0.00,0.00,'2020-12-10 07:54:36.807'),(1035,209,43,63,9,40,14827.00,0.00,0.00,'2020-12-10 07:54:36.807'),(1036,209,43,63,16,40,18172.00,0.00,0.00,'2020-12-10 07:54:36.807'),(1037,210,34,63,5,44,57803.00,0.00,0.00,'2020-12-10 08:45:06.390'),(1038,210,34,63,3,44,10833.00,0.00,0.00,'2020-12-10 08:45:06.390'),(1039,210,34,63,7,44,31938.00,0.00,0.00,'2020-12-10 08:45:06.390'),(1040,NULL,42,64,2,42,0.00,0.00,0.00,'2020-12-10 07:35:04.571'),(1041,NULL,42,64,3,42,0.00,0.00,0.00,'2020-12-10 07:35:04.571'),(1042,NULL,42,64,5,42,0.00,0.00,0.00,'2020-12-10 07:35:04.571'),(1043,NULL,42,64,7,42,0.00,0.00,0.00,'2020-12-10 07:35:04.571'),(1044,NULL,42,64,16,42,0.00,0.00,0.00,'2020-12-10 07:35:04.571'),(1045,211,41,61,2,38,29451.00,0.00,0.00,'2020-12-10 21:13:49.574'),(1046,211,41,61,3,38,31759.00,0.00,0.00,'2020-12-10 21:13:49.574'),(1047,211,41,61,9,38,816.00,0.00,0.00,'2020-12-10 21:13:49.574'),(1048,211,41,61,73,38,55986.00,0.00,0.00,'2020-12-10 21:13:49.574'),(1049,211,41,61,75,38,0.00,0.00,0.00,'2020-12-10 21:13:49.574'),(1050,211,41,61,76,38,967575.00,0.00,0.00,'2020-12-10 21:13:49.574'),(1051,211,41,61,77,38,46778.00,0.00,0.00,'2020-12-10 21:13:49.574'),(1052,212,32,62,1,39,161331.00,0.00,0.00,'2020-12-10 21:36:52.511'),(1053,212,32,62,3,39,34113.00,0.00,0.00,'2020-12-10 21:36:52.511'),(1054,212,32,62,5,39,0.00,0.00,0.00,'2020-12-10 21:36:52.511'),(1055,212,32,62,7,39,36717.00,0.00,0.00,'2020-12-10 21:36:52.511'),(1056,212,32,62,2,39,72902.00,0.00,0.00,'2020-12-10 21:36:52.511'),(1057,212,32,62,9,39,19608.00,0.00,0.00,'2020-12-10 21:36:52.511'),(1058,212,32,62,16,39,24519.00,0.00,0.00,'2020-12-10 21:36:52.511'),(1059,NULL,41,61,3,38,0.00,0.00,0.00,'2020-12-10 21:13:49.575'),(1060,NULL,41,61,9,38,0.00,0.00,0.00,'2020-12-10 21:13:49.575'),(1061,NULL,41,61,73,38,0.00,0.00,0.00,'2020-12-10 21:13:49.575'),(1062,NULL,41,61,75,38,0.00,0.00,0.00,'2020-12-10 21:13:49.575'),(1063,NULL,41,61,76,38,0.00,0.00,0.00,'2020-12-10 21:13:49.575'),(1064,NULL,41,61,77,38,0.00,0.00,0.00,'2020-12-10 21:13:49.575'),(1065,NULL,32,62,3,39,0.00,0.00,0.00,'2020-12-10 21:36:52.511'),(1066,NULL,32,62,5,39,0.00,0.00,0.00,'2020-12-10 21:36:52.511'),(1067,NULL,32,62,7,39,0.00,0.00,0.00,'2020-12-10 21:36:52.511'),(1068,NULL,32,62,2,39,0.00,0.00,0.00,'2020-12-10 21:36:52.511'),(1069,NULL,32,62,9,39,0.00,0.00,0.00,'2020-12-10 21:36:52.511'),(1070,NULL,32,62,16,39,0.00,0.00,0.00,'2020-12-10 21:36:52.511'),(1071,NULL,34,63,3,44,0.00,0.00,0.00,'2020-12-10 08:45:06.390'),(1072,NULL,34,63,7,44,0.00,0.00,0.00,'2020-12-10 08:45:06.390'),(1073,213,42,64,1,42,49992.00,0.00,0.00,'2020-12-11 07:56:35.667'),(1074,213,42,64,2,42,11218.00,0.00,0.00,'2020-12-11 07:56:35.667'),(1075,213,42,64,3,42,20885.00,0.00,0.00,'2020-12-11 07:56:35.667'),(1076,213,42,64,5,42,0.00,0.00,0.00,'2020-12-11 07:56:35.667'),(1077,213,42,64,7,42,7107.00,0.00,0.00,'2020-12-11 07:56:35.667'),(1078,213,42,64,16,42,3141.00,0.00,0.00,'2020-12-11 07:56:35.667'),(1079,214,34,63,5,44,29368.00,0.00,0.00,'2020-12-11 09:05:19.785'),(1080,214,34,63,3,44,40038.00,0.00,0.00,'2020-12-11 09:05:19.785'),(1081,214,34,63,7,44,47788.00,0.00,0.00,'2020-12-11 09:05:19.785'),(1082,215,43,63,1,40,134269.00,0.00,0.00,'2020-12-11 09:10:06.117'),(1083,215,43,63,2,40,18894.00,0.00,0.00,'2020-12-11 09:10:06.117'),(1084,215,43,63,9,40,14457.00,0.00,0.00,'2020-12-11 09:10:06.117'),(1085,215,43,63,16,40,17822.00,0.00,0.00,'2020-12-11 09:10:06.117'),(1086,NULL,42,64,2,42,0.00,0.00,0.00,'2020-12-11 07:56:35.668'),(1087,NULL,42,64,3,42,0.00,0.00,0.00,'2020-12-11 07:56:35.668'),(1088,NULL,42,64,5,42,0.00,0.00,0.00,'2020-12-11 07:56:35.668'),(1089,NULL,42,64,7,42,0.00,0.00,0.00,'2020-12-11 07:56:35.668'),(1090,NULL,42,64,16,42,0.00,0.00,0.00,'2020-12-11 07:56:35.668'),(1091,216,31,61,1,37,60474.00,0.00,0.00,'2020-12-11 19:10:54.910'),(1092,216,31,61,16,37,25130.00,0.00,0.00,'2020-12-11 19:10:54.910'),(1093,216,31,61,72,37,37836.00,0.00,0.00,'2020-12-11 19:10:54.910'),(1094,216,31,61,7,37,37760.00,0.00,0.00,'2020-12-11 19:10:54.910'),(1095,216,31,61,74,37,14188.00,0.00,0.00,'2020-12-11 19:10:54.910'),(1096,216,31,61,5,37,60898.00,0.00,0.00,'2020-12-11 19:10:54.910'),(1097,217,41,61,2,38,39436.00,0.00,0.00,'2020-12-11 19:21:09.932'),(1098,217,41,61,3,38,31810.00,0.00,0.00,'2020-12-11 19:21:09.932'),(1099,217,41,61,9,38,17446.00,0.00,0.00,'2020-12-11 19:21:09.932'),(1100,217,41,61,73,38,54066.00,0.00,0.00,'2020-12-11 19:21:09.932'),(1101,217,41,61,75,38,0.00,0.00,0.00,'2020-12-11 19:21:09.932'),(1102,217,41,61,76,38,311220.00,0.00,0.00,'2020-12-11 19:21:09.932'),(1103,217,41,61,77,38,64968.00,0.00,0.00,'2020-12-11 19:21:09.932'),(1104,NULL,43,63,2,40,0.00,0.00,0.00,'2020-12-10 07:54:36.807'),(1105,NULL,43,63,9,40,0.00,0.00,0.00,'2020-12-10 07:54:36.807'),(1106,NULL,43,63,16,40,0.00,0.00,0.00,'2020-12-10 07:54:36.807'),(1107,NULL,43,63,2,40,0.00,0.00,0.00,'2020-12-11 09:10:06.118'),(1108,NULL,43,63,9,40,0.00,0.00,0.00,'2020-12-11 09:10:06.118'),(1109,NULL,43,63,16,40,0.00,0.00,0.00,'2020-12-11 09:10:06.118'),(1110,218,32,62,1,39,147943.00,0.00,0.00,'2020-12-11 22:57:14.642'),(1111,218,32,62,3,39,17213.00,0.00,0.00,'2020-12-11 22:57:14.642'),(1112,218,32,62,5,39,0.00,0.00,0.00,'2020-12-11 22:57:14.642'),(1113,218,32,62,7,39,46241.00,0.00,0.00,'2020-12-11 22:57:14.642'),(1114,218,32,62,2,39,99262.00,0.00,0.00,'2020-12-11 22:57:14.642'),(1115,218,32,62,9,39,14508.00,0.00,0.00,'2020-12-11 22:57:14.642'),(1116,218,32,62,16,39,21169.00,0.00,0.00,'2020-12-11 22:57:14.642'),(1117,219,42,64,1,42,78338.00,0.00,0.00,'2020-12-12 09:37:33.539'),(1118,219,42,64,2,42,6579.00,0.00,0.00,'2020-12-12 09:37:33.539'),(1119,219,42,64,3,42,15685.00,0.00,0.00,'2020-12-12 09:37:33.539'),(1120,219,42,64,5,42,0.00,0.00,0.00,'2020-12-12 09:37:33.539'),(1121,219,42,64,7,42,46807.00,0.00,0.00,'2020-12-12 09:37:33.539'),(1122,219,42,64,16,42,3431.00,0.00,0.00,'2020-12-12 09:37:33.539'),(1123,NULL,34,63,3,44,0.00,0.00,0.00,'2020-12-11 09:05:19.785'),(1124,NULL,34,63,7,44,0.00,0.00,0.00,'2020-12-11 09:05:19.785'),(1125,NULL,31,61,16,37,0.00,0.00,0.00,'2020-12-11 19:10:54.910'),(1126,NULL,31,61,72,37,0.00,0.00,0.00,'2020-12-11 19:10:54.910'),(1127,NULL,31,61,7,37,0.00,0.00,0.00,'2020-12-11 19:10:54.910'),(1128,NULL,31,61,74,37,0.00,0.00,0.00,'2020-12-11 19:10:54.910'),(1129,NULL,31,61,5,37,0.00,0.00,0.00,'2020-12-11 19:10:54.910'),(1130,NULL,42,64,2,42,0.00,0.00,0.00,'2020-12-12 09:37:33.539'),(1131,NULL,42,64,3,42,0.00,0.00,0.00,'2020-12-12 09:37:33.539'),(1132,NULL,42,64,5,42,0.00,0.00,0.00,'2020-12-12 09:37:33.539'),(1133,NULL,42,64,7,42,0.00,0.00,0.00,'2020-12-12 09:37:33.539'),(1134,NULL,42,64,16,42,0.00,0.00,0.00,'2020-12-12 09:37:33.539'),(1135,220,31,61,1,37,63904.00,0.00,0.00,'2020-12-12 20:47:29.462'),(1136,220,31,61,16,37,26380.00,0.00,0.00,'2020-12-12 20:47:29.462'),(1137,220,31,61,72,37,37836.00,0.00,0.00,'2020-12-12 20:47:29.462'),(1138,220,31,61,7,37,39240.00,0.00,0.00,'2020-12-12 20:47:29.462'),(1139,220,31,61,74,37,19188.00,0.00,0.00,'2020-12-12 20:47:29.462'),(1140,220,31,61,5,37,84010.00,0.00,0.00,'2020-12-12 20:47:29.462'),(1141,221,41,61,2,38,231006.00,0.00,0.00,'2020-12-12 21:57:09.135'),(1142,221,41,61,3,38,4104.00,0.00,0.00,'2020-12-12 21:57:09.135'),(1143,221,41,61,9,38,15116.00,0.00,0.00,'2020-12-12 21:57:09.135'),(1144,221,41,61,73,38,53066.00,0.00,0.00,'2020-12-12 21:57:09.135'),(1145,221,41,61,75,38,0.00,0.00,0.00,'2020-12-12 21:57:09.135'),(1146,221,41,61,76,38,16648.00,0.00,0.00,'2020-12-12 21:57:09.135'),(1147,221,41,61,77,38,218359.00,0.00,0.00,'2020-12-12 21:57:09.135'),(1148,NULL,32,62,3,39,0.00,0.00,0.00,'2020-12-11 22:57:14.642'),(1149,NULL,32,62,5,39,0.00,0.00,0.00,'2020-12-11 22:57:14.642'),(1150,NULL,32,62,7,39,0.00,0.00,0.00,'2020-12-11 22:57:14.642'),(1151,NULL,32,62,2,39,0.00,0.00,0.00,'2020-12-11 22:57:14.642'),(1152,NULL,32,62,9,39,0.00,0.00,0.00,'2020-12-11 22:57:14.642'),(1153,NULL,32,62,16,39,0.00,0.00,0.00,'2020-12-11 22:57:14.642'),(1154,222,32,62,1,39,2242.00,0.00,0.00,'2020-12-12 23:04:35.030'),(1155,222,32,62,3,39,513.00,0.00,0.00,'2020-12-12 23:04:35.030'),(1156,222,32,62,5,39,0.00,0.00,0.00,'2020-12-12 23:04:35.030'),(1157,222,32,62,7,39,54839.00,0.00,0.00,'2020-12-12 23:04:35.030'),(1158,222,32,62,2,39,74262.00,0.00,0.00,'2020-12-12 23:04:35.030'),(1159,222,32,62,9,39,12358.00,0.00,0.00,'2020-12-12 23:04:35.030'),(1160,222,32,62,16,39,20269.00,0.00,0.00,'2020-12-12 23:04:35.030'),(1161,NULL,41,61,3,38,0.00,0.00,0.00,'2020-12-12 21:57:09.135'),(1162,NULL,41,61,9,38,0.00,0.00,0.00,'2020-12-12 21:57:09.135'),(1163,NULL,41,61,73,38,0.00,0.00,0.00,'2020-12-12 21:57:09.135'),(1164,NULL,41,61,75,38,0.00,0.00,0.00,'2020-12-12 21:57:09.135'),(1165,NULL,41,61,76,38,0.00,0.00,0.00,'2020-12-12 21:57:09.135'),(1166,NULL,41,61,77,38,0.00,0.00,0.00,'2020-12-12 21:57:09.135'),(1167,223,43,63,1,40,18449.00,0.00,0.00,'2020-12-14 10:48:08.435'),(1168,223,43,63,2,40,11913.00,0.00,0.00,'2020-12-14 10:48:08.435'),(1169,223,43,63,9,40,11897.00,0.00,0.00,'2020-12-14 10:48:08.435'),(1170,223,43,63,16,40,20226.00,0.00,0.00,'2020-12-14 10:48:08.435'),(1171,NULL,32,62,3,39,0.00,0.00,0.00,'2020-12-12 23:04:35.030'),(1172,NULL,32,62,5,39,0.00,0.00,0.00,'2020-12-12 23:04:35.030'),(1173,NULL,32,62,7,39,0.00,0.00,0.00,'2020-12-12 23:04:35.030'),(1174,NULL,32,62,2,39,0.00,0.00,0.00,'2020-12-12 23:04:35.030'),(1175,NULL,32,62,9,39,0.00,0.00,0.00,'2020-12-12 23:04:35.030'),(1176,NULL,32,62,16,39,0.00,0.00,0.00,'2020-12-12 23:04:35.030'),(1177,224,32,62,1,39,158115.00,0.00,0.00,'2020-12-14 19:48:32.972'),(1178,224,32,62,3,39,5513.00,0.00,0.00,'2020-12-14 19:48:32.972'),(1179,224,32,62,5,39,0.00,0.00,0.00,'2020-12-14 19:48:32.972'),(1180,224,32,62,7,39,14639.00,0.00,0.00,'2020-12-14 19:48:32.972'),(1181,224,32,62,2,39,88792.00,0.00,0.00,'2020-12-14 19:48:32.972'),(1182,224,32,62,9,39,12158.00,0.00,0.00,'2020-12-14 19:48:32.972'),(1183,224,32,62,16,39,269.00,0.00,0.00,'2020-12-14 19:48:32.972'),(1184,NULL,31,61,16,37,0.00,0.00,0.00,'2020-12-12 20:47:29.463'),(1185,NULL,31,61,72,37,0.00,0.00,0.00,'2020-12-12 20:47:29.463'),(1186,NULL,31,61,7,37,0.00,0.00,0.00,'2020-12-12 20:47:29.463'),(1187,NULL,31,61,74,37,0.00,0.00,0.00,'2020-12-12 20:47:29.463'),(1188,NULL,31,61,5,37,0.00,0.00,0.00,'2020-12-12 20:47:29.463'),(1189,225,31,61,1,37,6716.00,0.00,0.00,'2020-12-14 20:38:20.135'),(1190,225,31,61,16,37,23980.00,0.00,0.00,'2020-12-14 20:38:20.135'),(1191,225,31,61,72,37,836.00,0.00,0.00,'2020-12-14 20:38:20.135'),(1192,225,31,61,7,37,230990.00,0.00,0.00,'2020-12-14 20:38:20.135'),(1193,225,31,61,74,37,26988.00,0.00,0.00,'2020-12-14 20:38:20.135'),(1194,225,31,61,5,37,16160.00,0.00,0.00,'2020-12-14 20:38:20.135'),(1195,226,41,61,2,38,144916.00,0.00,0.00,'2020-12-14 20:41:22.336'),(1196,226,41,61,3,38,21589.00,0.00,0.00,'2020-12-14 20:41:22.336'),(1197,226,41,61,9,38,8966.00,0.00,0.00,'2020-12-14 20:41:22.336'),(1198,226,41,61,73,38,52116.00,0.00,0.00,'2020-12-14 20:41:22.336'),(1199,226,41,61,75,38,0.00,0.00,0.00,'2020-12-14 20:41:22.336'),(1200,226,41,61,76,38,29258.00,0.00,0.00,'2020-12-14 20:41:22.336'),(1201,226,41,61,77,38,45837.00,0.00,0.00,'2020-12-14 20:41:22.336'),(1202,NULL,32,62,3,39,0.00,0.00,0.00,'2020-12-14 19:48:32.973'),(1203,NULL,32,62,5,39,0.00,0.00,0.00,'2020-12-14 19:48:32.973'),(1204,NULL,32,62,7,39,0.00,0.00,0.00,'2020-12-14 19:48:32.973'),(1205,NULL,32,62,2,39,0.00,0.00,0.00,'2020-12-14 19:48:32.973'),(1206,NULL,32,62,9,39,0.00,0.00,0.00,'2020-12-14 19:48:32.973'),(1207,NULL,32,62,16,39,0.00,0.00,0.00,'2020-12-14 19:48:32.973'),(1208,NULL,41,61,3,38,0.00,0.00,0.00,'2020-12-14 20:41:22.336'),(1209,NULL,41,61,9,38,0.00,0.00,0.00,'2020-12-14 20:41:22.336'),(1210,NULL,41,61,73,38,0.00,0.00,0.00,'2020-12-14 20:41:22.336'),(1211,NULL,41,61,75,38,0.00,0.00,0.00,'2020-12-14 20:41:22.336'),(1212,NULL,41,61,76,38,0.00,0.00,0.00,'2020-12-14 20:41:22.336'),(1213,NULL,41,61,77,38,0.00,0.00,0.00,'2020-12-14 20:41:22.336'),(1214,227,42,64,1,42,88896.00,0.00,0.00,'2020-12-15 08:38:20.538'),(1215,227,42,64,2,42,20017.00,0.00,0.00,'2020-12-15 08:38:20.538'),(1216,227,42,64,3,42,11285.00,0.00,0.00,'2020-12-15 08:38:20.538'),(1217,227,42,64,5,42,0.00,0.00,0.00,'2020-12-15 08:38:20.538'),(1218,227,42,64,7,42,3672.00,0.00,0.00,'2020-12-15 08:38:20.538'),(1219,227,42,64,16,42,21.00,0.00,0.00,'2020-12-15 08:38:20.538'),(1220,228,43,63,1,40,104554.00,0.00,0.00,'2020-12-15 10:11:23.019'),(1221,228,43,63,2,40,6284.00,0.00,0.00,'2020-12-15 10:11:23.019'),(1222,228,43,63,9,40,11677.00,0.00,0.00,'2020-12-15 10:11:23.019'),(1223,228,43,63,16,40,18926.00,0.00,0.00,'2020-12-15 10:11:23.019'),(1224,229,32,62,1,39,95795.00,0.00,0.00,'2020-12-15 11:38:28.559'),(1225,229,32,62,3,39,31313.00,0.00,0.00,'2020-12-15 11:38:28.559'),(1226,229,32,62,5,39,0.00,0.00,0.00,'2020-12-15 11:38:28.559'),(1227,229,32,62,7,39,3089.00,0.00,0.00,'2020-12-15 11:38:28.559'),(1228,229,32,62,2,39,26812.00,0.00,0.00,'2020-12-15 11:38:28.559'),(1229,229,32,62,9,39,58.00,0.00,0.00,'2020-12-15 11:38:28.559'),(1230,229,32,62,16,39,1619.00,0.00,0.00,'2020-12-15 11:38:28.559'),(1231,230,31,61,1,37,132796.00,0.00,0.00,'2020-12-15 20:35:35.053'),(1232,230,31,61,16,37,60080.00,0.00,0.00,'2020-12-15 20:35:35.053'),(1233,230,31,61,72,37,836.00,0.00,0.00,'2020-12-15 20:35:35.053'),(1234,230,31,61,7,37,30060.00,0.00,0.00,'2020-12-15 20:35:35.053'),(1235,230,31,61,74,37,6988.00,0.00,0.00,'2020-12-15 20:35:35.053'),(1236,230,31,61,5,37,69200.00,0.00,0.00,'2020-12-15 20:35:35.053'),(1237,NULL,41,61,3,38,0.00,0.00,0.00,'2020-12-11 19:21:09.932'),(1238,NULL,41,61,9,38,0.00,0.00,0.00,'2020-12-11 19:21:09.932'),(1239,NULL,41,61,73,38,0.00,0.00,0.00,'2020-12-11 19:21:09.932'),(1240,NULL,41,61,75,38,0.00,0.00,0.00,'2020-12-11 19:21:09.932'),(1241,NULL,41,61,76,38,0.00,0.00,0.00,'2020-12-11 19:21:09.932'),(1242,NULL,41,61,77,38,0.00,0.00,0.00,'2020-12-11 19:21:09.932'),(1243,NULL,31,61,16,37,0.00,0.00,0.00,'2020-12-15 20:35:35.054'),(1244,NULL,31,61,72,37,0.00,0.00,0.00,'2020-12-15 20:35:35.054'),(1245,NULL,31,61,7,37,0.00,0.00,0.00,'2020-12-15 20:35:35.054'),(1246,NULL,31,61,74,37,0.00,0.00,0.00,'2020-12-15 20:35:35.054'),(1247,NULL,31,61,5,37,0.00,0.00,0.00,'2020-12-15 20:35:35.054'),(1248,NULL,32,62,3,39,0.00,0.00,0.00,'2020-12-15 11:38:28.559'),(1249,NULL,32,62,5,39,0.00,0.00,0.00,'2020-12-15 11:38:28.559'),(1250,NULL,32,62,7,39,0.00,0.00,0.00,'2020-12-15 11:38:28.559'),(1251,NULL,32,62,2,39,0.00,0.00,0.00,'2020-12-15 11:38:28.559'),(1252,NULL,32,62,9,39,0.00,0.00,0.00,'2020-12-15 11:38:28.559'),(1253,NULL,32,62,16,39,0.00,0.00,0.00,'2020-12-15 11:38:28.559'),(1254,231,41,61,2,38,24612.00,0.00,0.00,'2020-12-15 21:48:20.648'),(1255,231,41,61,3,38,238260.00,0.00,0.00,'2020-12-15 21:48:20.648'),(1256,231,41,61,9,38,15566.00,0.00,0.00,'2020-12-15 21:48:20.648'),(1257,231,41,61,73,38,43171.00,0.00,0.00,'2020-12-15 21:48:20.648'),(1258,231,41,61,75,38,0.00,0.00,0.00,'2020-12-15 21:48:20.648'),(1259,231,41,61,76,38,331497.00,0.00,0.00,'2020-12-15 21:48:20.648'),(1260,231,41,61,77,38,5708.00,0.00,0.00,'2020-12-15 21:48:20.648'),(1261,NULL,43,63,2,40,0.00,0.00,0.00,'2020-12-14 10:48:08.436'),(1262,NULL,43,63,9,40,0.00,0.00,0.00,'2020-12-14 10:48:08.436'),(1263,NULL,43,63,16,40,0.00,0.00,0.00,'2020-12-14 10:48:08.436'),(1264,NULL,43,63,2,40,0.00,0.00,0.00,'2020-12-15 10:11:23.019'),(1265,NULL,43,63,9,40,0.00,0.00,0.00,'2020-12-15 10:11:23.019'),(1266,NULL,43,63,16,40,0.00,0.00,0.00,'2020-12-15 10:11:23.019'),(1267,232,43,63,1,40,8868.00,0.00,0.00,'2020-12-16 08:52:26.646'),(1268,232,43,63,2,40,23997.00,0.00,0.00,'2020-12-16 08:52:26.646'),(1269,232,43,63,9,40,11427.00,0.00,0.00,'2020-12-16 08:52:26.646'),(1270,232,43,63,16,40,17526.00,0.00,0.00,'2020-12-16 08:52:26.646'),(1271,NULL,43,63,2,40,0.00,0.00,0.00,'2020-12-16 08:52:26.646'),(1272,NULL,43,63,9,40,0.00,0.00,0.00,'2020-12-16 08:52:26.646'),(1273,NULL,43,63,16,40,0.00,0.00,0.00,'2020-12-16 08:52:26.646'),(1274,NULL,41,61,3,38,0.00,0.00,0.00,'2020-12-15 21:48:20.648'),(1275,NULL,41,61,9,38,0.00,0.00,0.00,'2020-12-15 21:48:20.648'),(1276,NULL,41,61,73,38,0.00,0.00,0.00,'2020-12-15 21:48:20.648'),(1277,NULL,41,61,75,38,0.00,0.00,0.00,'2020-12-15 21:48:20.648'),(1278,NULL,41,61,76,38,0.00,0.00,0.00,'2020-12-15 21:48:20.648'),(1279,NULL,41,61,77,38,0.00,0.00,0.00,'2020-12-15 21:48:20.648'),(1280,233,41,61,2,38,78280.00,0.00,0.00,'2020-12-16 10:27:01.495'),(1281,233,41,61,3,38,172852.00,0.00,0.00,'2020-12-16 10:27:01.495'),(1282,233,41,61,9,38,7531.00,0.00,0.00,'2020-12-16 10:27:01.495'),(1283,233,41,61,73,38,45671.00,0.00,0.00,'2020-12-16 10:27:01.495'),(1284,233,41,61,75,38,0.00,0.00,0.00,'2020-12-16 10:27:01.495'),(1285,233,41,61,76,38,229088.00,0.00,0.00,'2020-12-16 10:27:01.495'),(1286,233,41,61,77,38,8108.00,0.00,0.00,'2020-12-16 10:27:01.495'),(1287,234,42,64,1,42,627.00,0.00,0.00,'2020-12-16 12:52:33.917'),(1288,234,42,64,2,42,19723.00,0.00,0.00,'2020-12-16 12:52:33.917'),(1289,234,42,64,3,42,12785.00,0.00,0.00,'2020-12-16 12:52:33.917'),(1290,234,42,64,5,42,4250.00,0.00,0.00,'2020-12-16 12:52:33.917'),(1291,234,42,64,7,42,20222.00,0.00,0.00,'2020-12-16 12:52:33.917'),(1292,234,42,64,16,42,9471.00,0.00,0.00,'2020-12-16 12:52:33.917'),(1293,NULL,42,64,2,42,0.00,0.00,0.00,'2020-12-16 12:52:33.918'),(1294,NULL,42,64,3,42,0.00,0.00,0.00,'2020-12-16 12:52:33.918'),(1295,NULL,42,64,5,42,0.00,0.00,0.00,'2020-12-16 12:52:33.918'),(1296,NULL,42,64,7,42,0.00,0.00,0.00,'2020-12-16 12:52:33.918'),(1297,NULL,42,64,16,42,0.00,0.00,0.00,'2020-12-16 12:52:33.918'),(1298,235,32,62,1,39,37123.00,0.00,0.00,'2020-12-16 22:25:36.065'),(1299,235,32,62,3,39,2063.00,0.00,0.00,'2020-12-16 22:25:36.065'),(1300,235,32,62,5,39,0.00,0.00,0.00,'2020-12-16 22:25:36.065'),(1301,235,32,62,7,39,76930.00,0.00,0.00,'2020-12-16 22:25:36.065'),(1302,235,32,62,2,39,7772.00,0.00,0.00,'2020-12-16 22:25:36.065'),(1303,235,32,62,9,39,12053.00,0.00,0.00,'2020-12-16 22:25:36.065'),(1304,235,32,62,16,39,169.00,0.00,0.00,'2020-12-16 22:25:36.065'),(1305,NULL,32,62,3,39,0.00,0.00,0.00,'2020-12-16 22:25:36.066'),(1306,NULL,32,62,5,39,0.00,0.00,0.00,'2020-12-16 22:25:36.066'),(1307,NULL,32,62,7,39,0.00,0.00,0.00,'2020-12-16 22:25:36.066'),(1308,NULL,32,62,2,39,0.00,0.00,0.00,'2020-12-16 22:25:36.066'),(1309,NULL,32,62,9,39,0.00,0.00,0.00,'2020-12-16 22:25:36.066'),(1310,NULL,32,62,16,39,0.00,0.00,0.00,'2020-12-16 22:25:36.066'),(1311,236,31,61,1,37,22816.00,0.00,0.00,'2020-12-16 23:11:21.322'),(1312,236,31,61,16,37,58180.00,0.00,0.00,'2020-12-16 23:11:21.322'),(1313,236,31,61,72,37,836.00,0.00,0.00,'2020-12-16 23:11:21.322'),(1314,236,31,61,7,37,41101.00,0.00,0.00,'2020-12-16 23:11:21.322'),(1315,236,31,61,74,37,6988.00,0.00,0.00,'2020-12-16 23:11:21.322'),(1316,236,31,61,5,37,63419.00,0.00,0.00,'2020-12-16 23:11:21.322'),(1317,237,42,64,1,42,129913.00,0.00,0.00,'2020-12-17 08:17:52.762'),(1318,237,42,64,2,42,6899.00,0.00,0.00,'2020-12-17 08:17:52.762'),(1319,237,42,64,3,42,25972.00,0.00,0.00,'2020-12-17 08:17:52.762'),(1320,237,42,64,5,42,1200.00,0.00,0.00,'2020-12-17 08:17:52.762'),(1321,237,42,64,7,42,13974.00,0.00,0.00,'2020-12-17 08:17:52.762'),(1322,237,42,64,16,42,9379.00,0.00,0.00,'2020-12-17 08:17:52.762'),(1323,238,41,61,2,38,4755.00,0.00,0.00,'2020-12-17 11:24:43.475'),(1324,238,41,61,3,38,6375.00,0.00,0.00,'2020-12-17 11:24:43.475'),(1325,238,41,61,9,38,5631.00,0.00,0.00,'2020-12-17 11:24:43.475'),(1326,238,41,61,73,38,35171.00,0.00,0.00,'2020-12-17 11:24:43.475'),(1327,238,41,61,75,38,0.00,0.00,0.00,'2020-12-17 11:24:43.475'),(1328,238,41,61,76,38,136985.00,0.00,0.00,'2020-12-17 11:24:43.475'),(1329,238,41,61,77,38,28208.00,0.00,0.00,'2020-12-17 11:24:43.475'),(1330,NULL,41,61,3,38,0.00,0.00,0.00,'2020-12-17 11:24:43.475'),(1331,NULL,41,61,9,38,0.00,0.00,0.00,'2020-12-17 11:24:43.475'),(1332,NULL,41,61,73,38,0.00,0.00,0.00,'2020-12-17 11:24:43.475'),(1333,NULL,41,61,75,38,0.00,0.00,0.00,'2020-12-17 11:24:43.475'),(1334,NULL,41,61,76,38,0.00,0.00,0.00,'2020-12-17 11:24:43.475'),(1335,NULL,41,61,77,38,0.00,0.00,0.00,'2020-12-17 11:24:43.475'),(1336,NULL,42,64,2,42,0.00,0.00,0.00,'2020-12-17 08:17:52.762'),(1337,NULL,42,64,3,42,0.00,0.00,0.00,'2020-12-17 08:17:52.762'),(1338,NULL,42,64,5,42,0.00,0.00,0.00,'2020-12-17 08:17:52.762'),(1339,NULL,42,64,7,42,0.00,0.00,0.00,'2020-12-17 08:17:52.762'),(1340,NULL,42,64,16,42,0.00,0.00,0.00,'2020-12-17 08:17:52.762'),(1341,239,32,62,1,39,37651.00,0.00,0.00,'2020-12-17 20:11:44.577'),(1342,239,32,62,3,39,28543.00,0.00,0.00,'2020-12-17 20:11:44.577'),(1343,239,32,62,5,39,0.00,0.00,0.00,'2020-12-17 20:11:44.577'),(1344,239,32,62,7,39,20236.00,0.00,0.00,'2020-12-17 20:11:44.577'),(1345,239,32,62,2,39,79442.00,0.00,0.00,'2020-12-17 20:11:44.577'),(1346,239,32,62,9,39,4958.00,0.00,0.00,'2020-12-17 20:11:44.577'),(1347,239,32,62,16,39,169.00,0.00,0.00,'2020-12-17 20:11:44.577'),(1348,NULL,31,61,16,37,0.00,0.00,0.00,'2020-12-16 23:11:21.323'),(1349,NULL,31,61,72,37,0.00,0.00,0.00,'2020-12-16 23:11:21.323'),(1350,NULL,31,61,7,37,0.00,0.00,0.00,'2020-12-16 23:11:21.323'),(1351,NULL,31,61,74,37,0.00,0.00,0.00,'2020-12-16 23:11:21.323'),(1352,NULL,31,61,5,37,0.00,0.00,0.00,'2020-12-16 23:11:21.323'),(1353,240,31,61,1,37,45906.00,0.00,0.00,'2020-12-17 20:31:17.666'),(1354,240,31,61,16,37,56280.00,0.00,0.00,'2020-12-17 20:31:17.666'),(1355,240,31,61,72,37,836.00,0.00,0.00,'2020-12-17 20:31:17.666'),(1356,240,31,61,7,37,11155.00,0.00,0.00,'2020-12-17 20:31:17.666'),(1357,240,31,61,74,37,6288.00,0.00,0.00,'2020-12-17 20:31:17.666'),(1358,240,31,61,5,37,126824.00,0.00,0.00,'2020-12-17 20:31:17.666'),(1359,NULL,32,62,3,39,0.00,0.00,0.00,'2020-12-17 20:11:44.577'),(1360,NULL,32,62,5,39,0.00,0.00,0.00,'2020-12-17 20:11:44.577'),(1361,NULL,32,62,7,39,0.00,0.00,0.00,'2020-12-17 20:11:44.577'),(1362,NULL,32,62,2,39,0.00,0.00,0.00,'2020-12-17 20:11:44.577'),(1363,NULL,32,62,9,39,0.00,0.00,0.00,'2020-12-17 20:11:44.577'),(1364,NULL,32,62,16,39,0.00,0.00,0.00,'2020-12-17 20:11:44.577'),(1365,241,41,61,2,38,95090.00,0.00,0.00,'2020-12-18 19:40:09.760'),(1366,241,41,61,3,38,43319.00,0.00,0.00,'2020-12-18 19:40:09.760'),(1367,241,41,61,9,38,20031.00,0.00,0.00,'2020-12-18 19:40:09.760'),(1368,241,41,61,73,38,59671.00,0.00,0.00,'2020-12-18 19:40:09.760'),(1369,241,41,61,75,38,0.00,0.00,0.00,'2020-12-18 19:40:09.760'),(1370,241,41,61,76,38,79627.00,0.00,0.00,'2020-12-18 19:40:09.760'),(1371,241,41,61,77,38,19408.00,0.00,0.00,'2020-12-18 19:40:09.760'),(1372,NULL,31,61,16,37,0.00,0.00,0.00,'2020-12-17 20:31:17.667'),(1373,NULL,31,61,72,37,0.00,0.00,0.00,'2020-12-17 20:31:17.667'),(1374,NULL,31,61,7,37,0.00,0.00,0.00,'2020-12-17 20:31:17.667'),(1375,NULL,31,61,74,37,0.00,0.00,0.00,'2020-12-17 20:31:17.667'),(1376,NULL,31,61,5,37,0.00,0.00,0.00,'2020-12-17 20:31:17.667'),(1377,242,31,61,1,37,9963.00,0.00,0.00,'2020-12-18 20:22:17.444'),(1378,242,31,61,16,37,45980.00,0.00,0.00,'2020-12-18 20:22:17.444'),(1379,242,31,61,72,37,836.00,0.00,0.00,'2020-12-18 20:22:17.444'),(1380,242,31,61,7,37,11433.00,0.00,0.00,'2020-12-18 20:22:17.444'),(1381,242,31,61,74,37,5468.00,0.00,0.00,'2020-12-18 20:22:17.444'),(1382,242,31,61,5,37,26204.00,0.00,0.00,'2020-12-18 20:22:17.444'),(1383,243,42,64,1,42,56654.00,0.00,0.00,'2020-12-18 20:39:43.661'),(1384,243,42,64,2,42,27815.00,0.00,0.00,'2020-12-18 20:39:43.661'),(1385,243,42,64,3,42,27326.00,0.00,0.00,'2020-12-18 20:39:43.661'),(1386,243,42,64,5,42,300.00,0.00,0.00,'2020-12-18 20:39:43.661'),(1387,243,42,64,7,42,28774.00,0.00,0.00,'2020-12-18 20:39:43.661'),(1388,243,42,64,16,42,8141.00,0.00,0.00,'2020-12-18 20:39:43.661'),(1389,NULL,41,61,3,38,0.00,0.00,0.00,'2020-12-18 19:40:09.761'),(1390,NULL,41,61,9,38,0.00,0.00,0.00,'2020-12-18 19:40:09.761'),(1391,NULL,41,61,73,38,0.00,0.00,0.00,'2020-12-18 19:40:09.761'),(1392,NULL,41,61,75,38,0.00,0.00,0.00,'2020-12-18 19:40:09.761'),(1393,NULL,41,61,76,38,0.00,0.00,0.00,'2020-12-18 19:40:09.761'),(1394,NULL,41,61,77,38,0.00,0.00,0.00,'2020-12-18 19:40:09.761'),(1395,244,32,62,1,39,87681.00,0.00,0.00,'2020-12-18 22:29:29.097'),(1396,244,32,62,3,39,2048.00,0.00,0.00,'2020-12-18 22:29:29.097'),(1397,244,32,62,5,39,0.00,0.00,0.00,'2020-12-18 22:29:29.097'),(1398,244,32,62,7,39,19875.00,0.00,0.00,'2020-12-18 22:29:29.097'),(1399,244,32,62,2,39,91642.00,0.00,0.00,'2020-12-18 22:29:29.097'),(1400,244,32,62,9,39,4758.00,0.00,0.00,'2020-12-18 22:29:29.097'),(1401,244,32,62,16,39,169.00,0.00,0.00,'2020-12-18 22:29:29.097'),(1402,245,43,63,1,33,1500.00,0.00,0.00,'2020-12-19 07:31:13.907'),(1403,245,43,63,2,33,12500.00,0.00,0.00,'2020-12-19 07:31:13.907'),(1404,245,43,63,9,33,1100.00,0.00,0.00,'2020-12-19 07:31:13.907'),(1405,245,43,63,16,33,1000.00,0.00,0.00,'2020-12-19 07:31:13.907'),(1406,NULL,43,63,2,33,0.00,0.00,0.00,'2020-12-19 07:31:13.907'),(1407,NULL,43,63,9,33,0.00,0.00,0.00,'2020-12-19 07:31:13.907'),(1408,NULL,43,63,16,33,0.00,0.00,0.00,'2020-12-19 07:31:13.907'),(1409,246,43,63,1,40,2650.00,0.00,0.00,'2020-12-19 07:40:29.023'),(1410,246,43,63,2,40,1000.00,0.00,0.00,'2020-12-19 07:40:29.023'),(1411,246,43,63,9,40,1000.00,0.00,0.00,'2020-12-19 07:40:29.023'),(1412,246,43,63,16,40,6580.00,0.00,0.00,'2020-12-19 07:40:29.023'),(1413,NULL,43,63,2,40,0.00,0.00,0.00,'2020-12-19 07:40:29.024'),(1414,NULL,43,63,9,40,0.00,0.00,0.00,'2020-12-19 07:40:29.024'),(1415,NULL,43,63,16,40,0.00,0.00,0.00,'2020-12-19 07:40:29.024'),(1416,NULL,42,64,2,42,0.00,0.00,0.00,'2020-12-18 20:39:43.661'),(1417,NULL,42,64,3,42,0.00,0.00,0.00,'2020-12-18 20:39:43.661'),(1418,NULL,42,64,5,42,0.00,0.00,0.00,'2020-12-18 20:39:43.661'),(1419,NULL,42,64,7,42,0.00,0.00,0.00,'2020-12-18 20:39:43.661'),(1420,NULL,42,64,16,42,0.00,0.00,0.00,'2020-12-18 20:39:43.661'),(1421,247,42,64,1,42,46155.00,0.00,0.00,'2020-12-19 08:48:20.798'),(1422,247,42,64,2,42,61765.00,0.00,0.00,'2020-12-19 08:48:20.798'),(1423,247,42,64,3,42,38665.00,0.00,0.00,'2020-12-19 08:48:20.798'),(1424,247,42,64,5,42,300.00,0.00,0.00,'2020-12-19 08:48:20.798'),(1425,247,42,64,7,42,23884.00,0.00,0.00,'2020-12-19 08:48:20.798'),(1426,247,42,64,16,42,3865.00,0.00,0.00,'2020-12-19 08:48:20.798'),(1427,248,43,63,1,40,152050.00,0.00,0.00,'2020-12-19 10:05:26.145'),(1428,248,43,63,2,40,34636.00,0.00,0.00,'2020-12-19 10:05:26.145'),(1429,248,43,63,9,40,6587.00,0.00,0.00,'2020-12-19 10:05:26.145'),(1430,248,43,63,16,40,22329.00,0.00,0.00,'2020-12-19 10:05:26.145'),(1431,NULL,42,64,2,42,0.00,0.00,0.00,'2020-12-19 08:48:20.799'),(1432,NULL,42,64,3,42,0.00,0.00,0.00,'2020-12-19 08:48:20.799'),(1433,NULL,42,64,5,42,0.00,0.00,0.00,'2020-12-19 08:48:20.799'),(1434,NULL,42,64,7,42,0.00,0.00,0.00,'2020-12-19 08:48:20.799'),(1435,NULL,42,64,16,42,0.00,0.00,0.00,'2020-12-19 08:48:20.799'),(1436,NULL,32,62,3,39,0.00,0.00,0.00,'2020-12-18 22:29:29.098'),(1437,NULL,32,62,5,39,0.00,0.00,0.00,'2020-12-18 22:29:29.098'),(1438,NULL,32,62,7,39,0.00,0.00,0.00,'2020-12-18 22:29:29.098'),(1439,NULL,32,62,2,39,0.00,0.00,0.00,'2020-12-18 22:29:29.098'),(1440,NULL,32,62,9,39,0.00,0.00,0.00,'2020-12-18 22:29:29.098'),(1441,NULL,32,62,16,39,0.00,0.00,0.00,'2020-12-18 22:29:29.098'),(1442,249,41,61,2,38,239170.00,0.00,0.00,'2020-12-19 19:20:54.479'),(1443,249,41,61,3,38,2554.00,0.00,0.00,'2020-12-19 19:20:54.479'),(1444,249,41,61,9,38,9031.00,0.00,0.00,'2020-12-19 19:20:54.479'),(1445,249,41,61,73,38,56571.00,0.00,0.00,'2020-12-19 19:20:54.479'),(1446,249,41,61,75,38,0.00,0.00,0.00,'2020-12-19 19:20:54.479'),(1447,249,41,61,76,38,36035.00,0.00,0.00,'2020-12-19 19:20:54.479'),(1448,249,41,61,77,38,106330.00,0.00,0.00,'2020-12-19 19:20:54.479'),(1449,NULL,43,63,2,40,0.00,0.00,0.00,'2020-12-19 10:05:26.145'),(1450,NULL,43,63,9,40,0.00,0.00,0.00,'2020-12-19 10:05:26.145'),(1451,NULL,43,63,16,40,0.00,0.00,0.00,'2020-12-19 10:05:26.145'),(1452,NULL,31,61,16,37,0.00,0.00,0.00,'2020-12-18 20:22:17.445'),(1453,NULL,31,61,72,37,0.00,0.00,0.00,'2020-12-18 20:22:17.445'),(1454,NULL,31,61,7,37,0.00,0.00,0.00,'2020-12-18 20:22:17.445'),(1455,NULL,31,61,74,37,0.00,0.00,0.00,'2020-12-18 20:22:17.445'),(1456,NULL,31,61,5,37,0.00,0.00,0.00,'2020-12-18 20:22:17.445'),(1457,NULL,41,61,3,38,0.00,0.00,0.00,'2020-12-19 19:20:54.480'),(1458,NULL,41,61,9,38,0.00,0.00,0.00,'2020-12-19 19:20:54.480'),(1459,NULL,41,61,73,38,0.00,0.00,0.00,'2020-12-19 19:20:54.480'),(1460,NULL,41,61,75,38,0.00,0.00,0.00,'2020-12-19 19:20:54.480'),(1461,NULL,41,61,76,38,0.00,0.00,0.00,'2020-12-19 19:20:54.480'),(1462,NULL,41,61,77,38,0.00,0.00,0.00,'2020-12-19 19:20:54.480'),(1463,250,43,63,1,40,48990.00,0.00,0.00,'2020-12-21 08:47:14.761'),(1464,250,43,63,2,40,39570.00,0.00,0.00,'2020-12-21 08:47:14.761'),(1465,250,43,63,9,40,5817.00,0.00,0.00,'2020-12-21 08:47:14.761'),(1466,250,43,63,16,40,20183.00,0.00,0.00,'2020-12-21 08:47:14.761'),(1467,251,32,62,1,39,106948.00,0.00,0.00,'2020-12-21 16:39:53.933'),(1468,251,32,62,3,39,15443.00,0.00,0.00,'2020-12-21 16:39:53.933'),(1469,251,32,62,5,39,0.00,0.00,0.00,'2020-12-21 16:39:53.933'),(1470,251,32,62,7,39,53804.00,0.00,0.00,'2020-12-21 16:39:53.933'),(1471,251,32,62,2,39,46625.00,0.00,0.00,'2020-12-21 16:39:53.933'),(1472,251,32,62,9,39,10308.00,0.00,0.00,'2020-12-21 16:39:53.933'),(1473,251,32,62,16,39,1919.00,0.00,0.00,'2020-12-21 16:39:53.933'),(1474,252,42,64,1,42,42956.00,0.00,0.00,'2020-12-21 19:10:05.223'),(1475,252,42,64,2,42,31355.00,0.00,0.00,'2020-12-21 19:10:05.223'),(1476,252,42,64,3,42,32378.00,0.00,0.00,'2020-12-21 19:10:05.223'),(1477,252,42,64,5,42,300.00,0.00,0.00,'2020-12-21 19:10:05.223'),(1478,252,42,64,7,42,29864.00,0.00,0.00,'2020-12-21 19:10:05.223'),(1479,252,42,64,16,42,3065.00,0.00,0.00,'2020-12-21 19:10:05.223'),(1480,253,31,61,1,37,124195.00,0.00,0.00,'2020-12-21 20:33:44.656'),(1481,253,31,61,16,37,15840.00,0.00,0.00,'2020-12-21 20:33:44.656'),(1482,253,31,61,72,37,836.00,0.00,0.00,'2020-12-21 20:33:44.656'),(1483,253,31,61,7,37,89570.00,0.00,0.00,'2020-12-21 20:33:44.656'),(1484,253,31,61,74,37,11768.00,0.00,0.00,'2020-12-21 20:33:44.656'),(1485,253,31,61,5,37,20572.00,0.00,0.00,'2020-12-21 20:33:44.656'),(1486,NULL,43,63,2,40,0.00,0.00,0.00,'2020-12-21 08:47:14.761'),(1487,NULL,43,63,9,40,0.00,0.00,0.00,'2020-12-21 08:47:14.761'),(1488,NULL,43,63,16,40,0.00,0.00,0.00,'2020-12-21 08:47:14.761'),(1489,NULL,32,62,3,39,0.00,0.00,0.00,'2020-12-21 16:39:53.933'),(1490,NULL,32,62,5,39,0.00,0.00,0.00,'2020-12-21 16:39:53.933'),(1491,NULL,32,62,7,39,0.00,0.00,0.00,'2020-12-21 16:39:53.933'),(1492,NULL,32,62,2,39,0.00,0.00,0.00,'2020-12-21 16:39:53.933'),(1493,NULL,32,62,9,39,0.00,0.00,0.00,'2020-12-21 16:39:53.933'),(1494,NULL,32,62,16,39,0.00,0.00,0.00,'2020-12-21 16:39:53.933'),(1495,254,41,61,2,38,4530.00,0.00,0.00,'2020-12-21 22:24:14.689'),(1496,254,41,61,3,38,252.00,0.00,0.00,'2020-12-21 22:24:14.689'),(1497,254,41,61,9,38,5831.00,0.00,0.00,'2020-12-21 22:24:14.689'),(1498,254,41,61,73,38,68751.00,0.00,0.00,'2020-12-21 22:24:14.689'),(1499,254,41,61,75,38,0.00,0.00,0.00,'2020-12-21 22:24:14.689'),(1500,254,41,61,76,38,43033.00,0.00,0.00,'2020-12-21 22:24:14.689'),(1501,254,41,61,77,38,112643.00,0.00,0.00,'2020-12-21 22:24:14.689'),(1502,NULL,41,61,3,38,0.00,0.00,0.00,'2020-12-21 22:24:14.690'),(1503,NULL,41,61,9,38,0.00,0.00,0.00,'2020-12-21 22:24:14.690'),(1504,NULL,41,61,73,38,0.00,0.00,0.00,'2020-12-21 22:24:14.690'),(1505,NULL,41,61,75,38,0.00,0.00,0.00,'2020-12-21 22:24:14.690'),(1506,NULL,41,61,76,38,0.00,0.00,0.00,'2020-12-21 22:24:14.690'),(1507,NULL,41,61,77,38,0.00,0.00,0.00,'2020-12-21 22:24:14.690'),(1508,255,43,63,1,40,171640.00,0.00,0.00,'2020-12-22 18:49:14.715'),(1509,255,43,63,2,40,7529.00,0.00,0.00,'2020-12-22 18:49:14.715'),(1510,255,43,63,9,40,5177.00,0.00,0.00,'2020-12-22 18:49:14.715'),(1511,255,43,63,16,40,18533.00,0.00,0.00,'2020-12-22 18:49:14.715'),(1512,NULL,42,64,2,42,0.00,0.00,0.00,'2020-12-21 19:10:05.223'),(1513,NULL,42,64,3,42,0.00,0.00,0.00,'2020-12-21 19:10:05.223'),(1514,NULL,42,64,5,42,0.00,0.00,0.00,'2020-12-21 19:10:05.223'),(1515,NULL,42,64,7,42,0.00,0.00,0.00,'2020-12-21 19:10:05.223'),(1516,NULL,42,64,16,42,0.00,0.00,0.00,'2020-12-21 19:10:05.223'),(1517,NULL,43,63,2,40,0.00,0.00,0.00,'2020-12-22 18:49:14.716'),(1518,NULL,43,63,9,40,0.00,0.00,0.00,'2020-12-22 18:49:14.716'),(1519,NULL,43,63,16,40,0.00,0.00,0.00,'2020-12-22 18:49:14.716'),(1520,256,42,64,1,42,44022.00,0.00,0.00,'2020-12-22 20:30:22.086'),(1521,256,42,64,2,42,32617.00,0.00,0.00,'2020-12-22 20:30:22.086'),(1522,256,42,64,3,42,6778.00,0.00,0.00,'2020-12-22 20:30:22.086'),(1523,256,42,64,5,42,300.00,0.00,0.00,'2020-12-22 20:30:22.086'),(1524,256,42,64,7,42,31534.00,0.00,0.00,'2020-12-22 20:30:22.086'),(1525,256,42,64,16,42,3533.00,0.00,0.00,'2020-12-22 20:30:22.086'),(1526,NULL,31,61,16,37,0.00,0.00,0.00,'2020-12-21 20:33:44.657'),(1527,NULL,31,61,72,37,0.00,0.00,0.00,'2020-12-21 20:33:44.657'),(1528,NULL,31,61,7,37,0.00,0.00,0.00,'2020-12-21 20:33:44.657'),(1529,NULL,31,61,74,37,0.00,0.00,0.00,'2020-12-21 20:33:44.657'),(1530,NULL,31,61,5,37,0.00,0.00,0.00,'2020-12-21 20:33:44.657'),(1531,257,31,61,1,37,20292.00,0.00,0.00,'2020-12-22 20:44:38.415'),(1532,257,31,61,16,37,15440.00,0.00,0.00,'2020-12-22 20:44:38.415'),(1533,257,31,61,72,37,836.00,0.00,0.00,'2020-12-22 20:44:38.415'),(1534,257,31,61,7,37,91304.00,0.00,0.00,'2020-12-22 20:44:38.415'),(1535,257,31,61,74,37,15768.00,0.00,0.00,'2020-12-22 20:44:38.415'),(1536,257,31,61,5,37,14496.00,0.00,0.00,'2020-12-22 20:44:38.415'),(1537,258,32,62,1,39,163333.00,0.00,0.00,'2020-12-22 21:32:07.779'),(1538,258,32,62,3,39,843.00,0.00,0.00,'2020-12-22 21:32:07.779'),(1539,258,32,62,5,39,0.00,0.00,0.00,'2020-12-22 21:32:07.779'),(1540,258,32,62,7,39,40814.00,0.00,0.00,'2020-12-22 21:32:07.779'),(1541,258,32,62,2,39,27605.00,0.00,0.00,'2020-12-22 21:32:07.779'),(1542,258,32,62,9,39,8208.00,0.00,0.00,'2020-12-22 21:32:07.779'),(1543,258,32,62,16,39,3299.00,0.00,0.00,'2020-12-22 21:32:07.779'),(1544,259,41,61,2,38,34813.00,0.00,0.00,'2020-12-22 22:44:04.691'),(1545,259,41,61,3,38,173167.00,0.00,0.00,'2020-12-22 22:44:04.691'),(1546,259,41,61,9,38,5273.00,0.00,0.00,'2020-12-22 22:44:04.691'),(1547,259,41,61,73,38,73171.00,0.00,0.00,'2020-12-22 22:44:04.691'),(1548,259,41,61,75,38,0.00,0.00,0.00,'2020-12-22 22:44:04.691'),(1549,259,41,61,76,38,9174.00,0.00,0.00,'2020-12-22 22:44:04.691'),(1550,259,41,61,77,38,7363.00,0.00,0.00,'2020-12-22 22:44:04.691');


